INSERT INTO `core_url_rewrite` (`url_rewrite_id`, `store_id`, `id_path`, `request_path`, `target_path`, `is_system`, `options`, `description`, `category_id`, `product_id`) VALUES
(2801, 1, '10338600_1462533198', 'retail-pos-displays/clear-menu-holders.html', 'retail-pos-display-stands/clear-menu-holders.html', 0, 'RP', NULL, 33, 419),
(2802, 1, '10600700_1462533198', 'retail-pos-displays/cross-rails-length-1200.html', 'retail-pos-display-stands/cross-rails-length-1200.html', 0, 'RP', NULL, 33, 426),
(2803, 1, '10858400_1462533198', 'retail-pos-displays/cross-rails-length-1500.html', 'retail-pos-display-stands/cross-rails-length-1500.html', 0, 'RP', NULL, 33, 427),
(2804, 1, '11115900_1462533198', 'retail-pos-displays/cross-rails-length-1800.html', 'retail-pos-display-stands/cross-rails-length-1800.html', 0, 'RP', NULL, 33, 428),
(2805, 1, '11370400_1462533198', 'retail-pos-displays/cross-rails.html', 'retail-pos-display-stands/cross-rails.html', 0, 'RP', NULL, 33, 429),
(2806, 1, '11649000_1462533198', 'retail-pos-displays/grey-opening-tool-for-security-snapframes.html', 'retail-pos-display-stands/grey-opening-tool-for-security-snapframes.html', 0, 'RP', NULL, 33, 498),
(2807, 1, '11906500_1462533198', 'retail-pos-displays/stopper-for-25mm-frames.html', 'retail-pos-display-stands/stopper-for-25mm-frames.html', 0, 'RP', NULL, 33, 499),
(2808, 1, '12171700_1462533198', 'retail-pos-displays/ceiling-floor-hanger-multi-position.html', 'retail-pos-display-stands/ceiling-floor-hanger-multi-position.html', 0, 'RP', NULL, 33, 500),
(2809, 1, '12441700_1462533198', 'retail-pos-displays/cable-per-metre.html', 'retail-pos-display-stands/cable-per-metre.html', 0, 'RP', NULL, 33, 501),
(2810, 1, '12698100_1462533198', 'retail-pos-displays/basic-ceiling-hanger.html', 'retail-pos-display-stands/basic-ceiling-hanger.html', 0, 'RP', NULL, 33, 502),
(2811, 1, '12953600_1462533198', 'retail-pos-displays/silver-illuminated-totem.html', 'retail-pos-display-stands/silver-illuminated-totem.html', 0, 'RP', NULL, 33, 507),
(2812, 1, '13211200_1462533198', 'retail-pos-displays/white-freelight-plus.html', 'retail-pos-display-stands/white-freelight-plus.html', 0, 'RP', NULL, 33, 508),
(2813, 1, '13532600_1462533198', 'retail-pos-displays/sliding-ring.html', 'retail-pos-display-stands/sliding-ring.html', 0, 'RP', NULL, 33, 515),
(2814, 1, '13797400_1462533198', 'retail-pos-displays/bungee.html', 'retail-pos-display-stands/bungee.html', 0, 'RP', NULL, 33, 516),
(2815, 1, '14063300_1462533198', 'retail-pos-displays/bungee-connector.html', 'retail-pos-display-stands/bungee-connector.html', 0, 'RP', NULL, 33, 517),
(2816, 1, '14342100_1462533198', 'retail-pos-displays/eye-plate-for-wall-mounting.html', 'retail-pos-display-stands/eye-plate-for-wall-mounting.html', 0, 'RP', NULL, 33, 518),
(2817, 1, '14607500_1462533198', 'retail-pos-displays/stainless-steel-pole-rope-barrier.html', 'retail-pos-display-stands/stainless-steel-pole-rope-barrier.html', 0, 'RP', NULL, 33, 590),
(2818, 1, '14879400_1462533198', 'retail-pos-displays/black-pole-rope-barrier.html', 'retail-pos-display-stands/black-pole-rope-barrier.html', 0, 'RP', NULL, 33, 597),
(2819, 1, '15139900_1462533198', 'retail-pos-displays/black-cafe-barrier.html', 'retail-pos-display-stands/cafe-barrier.html', 0, 'RP', NULL, 33, 604),
(2820, 1, '41464000_1462534888', 'outdoor-displays/hi-sight.html', 'outdoor-displays/xl-poster-sight-case.html', 0, 'RP', NULL, 38, 327),
(2821, 1, '41657400_1462534888', 'poster-displays/hi-sight.html', 'poster-displays/xl-poster-sight-case.html', 0, 'RP', NULL, 52, 327),
(2822, 1, '41851000_1462534888', 'xl-poster-sight-case/hi-sight.html', 'xl-poster-sight-case-31/xl-poster-sight-case.html', 0, 'RP', NULL, 236, 327),
(2823, 1, '42029400_1462534888', 'hi-sight.html', 'xl-poster-sight-case.html', 0, 'RP', NULL, NULL, 327),
(2824, 1, '32613000_1462535042', 'outdoor-displays/slimlok-menu-case-with-led-illumination.html', 'outdoor-displays/slim-menu-case-with-led-illumination.html', 0, 'RP', NULL, 38, 323),
(2825, 1, '32806500_1462535042', 'poster-displays/slimlok-menu-case-with-led-illumination.html', 'poster-displays/slim-menu-case-with-led-illumination.html', 0, 'RP', NULL, 52, 323),
(2826, 1, '33005400_1462535042', 'slim-led-menu-case/slimlok-menu-case-with-led-illumination.html', 'slim-led-menu-case/slim-menu-case-with-led-illumination.html', 0, 'RP', NULL, 237, 323),
(2827, 1, '33187400_1462535042', 'slimlok-menu-case-with-led-illumination.html', 'slim-menu-case-with-led-illumination.html', 0, 'RP', NULL, NULL, 323),
(2828, 1, '20757100_1462535066', 'outdoor-displays/silver-slimlok-menu-case.html', 'outdoor-displays/silver-slim-menu-case.html', 0, 'RP', NULL, 38, 318),
(2829, 1, '20944400_1462535066', 'poster-displays/silver-slimlok-menu-case.html', 'poster-displays/silver-slim-menu-case.html', 0, 'RP', NULL, 52, 318),
(2830, 1, '21142400_1462535066', 'slim-menu-case/silver-slimlok-menu-case.html', 'slim-menu-case/silver-slim-menu-case.html', 0, 'RP', NULL, 235, 318),
(2831, 1, '21316600_1462535066', 'silver-slimlok-menu-case.html', 'silver-slim-menu-case.html', 0, 'RP', NULL, NULL, 318),
(2832, 1, '72040600_1462535093', 'outdoor-displays/silver-slimlok-noticeboard.html', 'outdoor-displays/silver-slim-noticeboard.html', 0, 'RP', NULL, 38, 313),
(2833, 1, '72229400_1462535093', 'poster-displays/silver-slimlok-noticeboard.html', 'poster-displays/silver-slim-noticeboard.html', 0, 'RP', NULL, 52, 313),
(2834, 1, '72429300_1462535093', 'slim-noticeboard/silver-slimlok-noticeboard.html', 'slim-noticeboard/silver-slim-noticeboard.html', 0, 'RP', NULL, 234, 313),
(2835, 1, '72605300_1462535093', 'silver-slimlok-noticeboard.html', 'silver-slim-noticeboard.html', 0, 'RP', NULL, NULL, 313),
(2838, 1, 'xl-poster-sight-case', 'xl-poster-sight-case', 'xl-poster-sight-case.html', 0, 'RP', NULL, NULL, NULL),
(2839, 1, 'category/238', 'xl-poster-master', 'catalog/category/view/id/238', 1, 'RP', NULL, 238, NULL),
(2840, 1, 'category/239', 'forecourt-master-pro-black', 'catalog/category/view/id/239', 1, 'RP', NULL, 239, NULL),
(2841, 1, 'category/240', 'forecourt-master', 'catalog/category/view/id/240', 1, 'RP', NULL, 240, NULL),
(2842, 1, 'category/241', 'frameworkz-showboard', 'catalog/category/view/id/241', 1, 'RP', NULL, 241, NULL),
(2843, 1, 'category/242', 'concrete-xl-master', 'catalog/category/view/id/242', 1, 'RP', NULL, 242, NULL),
(2844, 1, 'category/243', 'xl-swing-master', 'catalog/category/view/id/243', 1, 'RP', NULL, 243, NULL),
(2850, 1, 'category/234', 'slim-noticeboard', 'catalog/category/view/id/234', 1, 'RP', NULL, 234, NULL),
(2854, 1, 'category/119', 'hard-trolley-counter-case-3', 'hard-trolley-counter-case.html', 0, 'RP', NULL, NULL, NULL),
(2855, 1, 'category/145', 'hard-trolley-counter-case-4', 'hard-trolley-counter-case.html', 0, 'RP', NULL, NULL, NULL),
(2856, 1, 'category/123', 'bomag-standing-2', 'bomag-standing', 0, 'RP', NULL, NULL, NULL),
(2857, 1, 'bomag-hanging-2', 'bomag-hanging-2', 'bomag-hanging', 0, 'RP', NULL, NULL, NULL),
(2858, 1, '69303100_1462541824', 'spacemaster', 'freestander-brochure-display', 0, 'RP', NULL, 140, NULL),
(2859, 1, '72494300_1462541824', 'spacemaster/5x-a4-clear-silver-spacemaster-brochure-holder.html', 'freestander-brochure-display-3/5x-a4-clear-silver-spacemaster-brochure-holder.html', 0, 'RP', NULL, 140, 543),
(3771, 1, 'category/132', 'bomag-hanging-20', 'catalog/category/view/id/132', 1, NULL, NULL, 132, NULL),
(3833, 1, 'category/119', 'hard-trolley-counter-case-39', 'catalog/category/view/id/119', 1, NULL, NULL, 119, NULL),
(3928, 1, 'category/123', 'bomag-standing-20', 'catalog/category/view/id/123', 1, NULL, NULL, 123, NULL),
(3991, 1, 'category/128', 'poster-frames', 'catalog/category/view/id/128', 1, NULL, NULL, 128, NULL),
(4159, 1, 'category/136', 'exterior-leaflet-holders', 'catalog/category/view/id/136', 1, NULL, NULL, 136, NULL),
(4267, 1, 'category/145', 'hard-trolley-counter-case-40', 'catalog/category/view/id/145', 1, NULL, NULL, 145, NULL),
(5386, 1, '49269500_1466760758', 'bomag-hanging-3', 'bomag-hanging-20', 0, 'RP', NULL, 132, NULL),
(5449, 1, '72079200_1466760758', 'hard-trolley-counter-case-5', 'hard-trolley-counter-case-39', 0, 'RP', NULL, 119, NULL),
(5545, 1, '00382300_1466760759', 'bomag-standing-3', 'bomag-standing-20', 0, 'RP', NULL, 123, NULL),
(5885, 1, '03415900_1466760760', 'hard-trolley-counter-case-6', 'hard-trolley-counter-case-40', 0, 'RP', NULL, 145, NULL),
(13995, 1, 'category/236', 'xl-poster-sight-case-31', 'catalog/category/view/id/236', 1, NULL, NULL, 236, NULL),
(13998, 1, '64561100_1466761153', 'xl-poster-sight-case/xl-poster-sight-case.html', 'xl-poster-sight-case-31/xl-poster-sight-case.html', 0, 'RP', NULL, 236, 327),
(14823, 1, '41684400_1466761155', 'xl-poster-sight-case-1', 'xl-poster-sight-case-31', 0, 'RP', NULL, 236, NULL),
(14826, 1, '43118000_1466761155', 'xl-poster-sight-case-1/xl-poster-sight-case.html', 'xl-poster-sight-case-31/xl-poster-sight-case.html', 0, 'RP', NULL, 236, 327),
(15660, 1, '04982400_1466761167', 'xl-poster-sight-case-2', 'xl-poster-sight-case-31', 0, 'RP', NULL, 236, NULL),
(15663, 1, '06476800_1466761167', 'xl-poster-sight-case-2/xl-poster-sight-case.html', 'xl-poster-sight-case-31/xl-poster-sight-case.html', 0, 'RP', NULL, 236, 327),
(16488, 1, '04035100_1466761169', 'xl-poster-sight-case-3', 'xl-poster-sight-case-31', 0, 'RP', NULL, 236, NULL),
(16491, 1, '05171500_1466761169', 'xl-poster-sight-case-3/xl-poster-sight-case.html', 'xl-poster-sight-case-31/xl-poster-sight-case.html', 0, 'RP', NULL, 236, 327),
(17317, 1, '00248300_1466761180', 'xl-poster-sight-case-4', 'xl-poster-sight-case-31', 0, 'RP', NULL, 236, NULL),
(17320, 1, '01516600_1466761180', 'xl-poster-sight-case-4/xl-poster-sight-case.html', 'xl-poster-sight-case-31/xl-poster-sight-case.html', 0, 'RP', NULL, 236, 327),
(18145, 1, '95786300_1466761181', 'xl-poster-sight-case-5', 'xl-poster-sight-case-31', 0, 'RP', NULL, 236, NULL),
(18148, 1, '97098100_1466761181', 'xl-poster-sight-case-5/xl-poster-sight-case.html', 'xl-poster-sight-case-31/xl-poster-sight-case.html', 0, 'RP', NULL, 236, 327),
(18974, 1, '96982700_1466761192', 'xl-poster-sight-case-6', 'xl-poster-sight-case-31', 0, 'RP', NULL, 236, NULL),
(18977, 1, '98294000_1466761192', 'xl-poster-sight-case-6/xl-poster-sight-case.html', 'xl-poster-sight-case-31/xl-poster-sight-case.html', 0, 'RP', NULL, 236, 327),
(19802, 1, '97469200_1466761194', 'xl-poster-sight-case-7', 'xl-poster-sight-case-31', 0, 'RP', NULL, 236, NULL),
(19805, 1, '98901500_1466761194', 'xl-poster-sight-case-7/xl-poster-sight-case.html', 'xl-poster-sight-case-31/xl-poster-sight-case.html', 0, 'RP', NULL, 236, 327),
(19881, 1, '21661100_1466761205', 'dealership-flags-2', 'dealership-flags-30', 0, 'RP', NULL, 86, NULL),
(19884, 1, '23263300_1466761205', 'dealership-flags-2/beachflag-wind.html', 'dealership-flags-30/beachflag-wind.html', 0, 'RP', NULL, 86, 29),
(19887, 1, '23932300_1466761205', 'dealership-flags-2/beachflag-drop.html', 'dealership-flags-30/beachflag-drop.html', 0, 'RP', NULL, 86, 35),
(19890, 1, '24489300_1466761205', 'dealership-flags-2/beachflag-square.html', 'dealership-flags-30/beachflag-square.html', 0, 'RP', NULL, 86, 39),
(19893, 1, '25087500_1466761205', 'dealership-flags-2/feather-flying-banners.html', 'dealership-flags-30/feather-flying-banners.html', 0, 'RP', NULL, 86, 437),
(19896, 1, '26128600_1466761205', 'dealership-flags-2/flag-pole-540.html', 'dealership-flags-30/flag-pole-540.html', 0, 'RP', NULL, 86, 588),
(19899, 1, '27111100_1466761205', 'dealership-flags-2/flag-pole-415.html', 'dealership-flags-30/flag-pole-415.html', 0, 'RP', NULL, 86, 589),
(19902, 1, '27941600_1466761205', 'dealership-flags-2/rectangular-flying-banners.html', 'dealership-flags-30/rectangular-flying-banners.html', 0, 'RP', NULL, 86, 615),
(19949, 1, '47044200_1466761205', 'dealership-flags-3', 'dealership-flags-30', 0, 'RP', NULL, 86, NULL),
(19952, 1, '49075500_1466761205', 'dealership-flags-3/beachflag-wind.html', 'dealership-flags-30/beachflag-wind.html', 0, 'RP', NULL, 86, 29),
(19955, 1, '49783700_1466761205', 'dealership-flags-3/beachflag-drop.html', 'dealership-flags-30/beachflag-drop.html', 0, 'RP', NULL, 86, 35),
(19958, 1, '50455300_1466761205', 'dealership-flags-3/beachflag-square.html', 'dealership-flags-30/beachflag-square.html', 0, 'RP', NULL, 86, 39),
(19961, 1, '51039800_1466761205', 'dealership-flags-3/feather-flying-banners.html', 'dealership-flags-30/feather-flying-banners.html', 0, 'RP', NULL, 86, 437),
(19964, 1, '51613800_1466761205', 'dealership-flags-3/flag-pole-540.html', 'dealership-flags-30/flag-pole-540.html', 0, 'RP', NULL, 86, 588),
(19967, 1, '52181000_1466761205', 'dealership-flags-3/flag-pole-415.html', 'dealership-flags-30/flag-pole-415.html', 0, 'RP', NULL, 86, 589),
(19970, 1, '52770300_1466761205', 'dealership-flags-3/rectangular-flying-banners.html', 'dealership-flags-30/rectangular-flying-banners.html', 0, 'RP', NULL, 86, 615),
(19993, 1, '79862900_1466761213', 'dealership-flags-4', 'dealership-flags-30', 0, 'RP', NULL, 86, NULL),
(19996, 1, '81642900_1466761213', 'dealership-flags-4/beachflag-wind.html', 'dealership-flags-30/beachflag-wind.html', 0, 'RP', NULL, 86, 29),
(19999, 1, '82481500_1466761213', 'dealership-flags-4/beachflag-drop.html', 'dealership-flags-30/beachflag-drop.html', 0, 'RP', NULL, 86, 35),
(20002, 1, '83330400_1466761213', 'dealership-flags-4/beachflag-square.html', 'dealership-flags-30/beachflag-square.html', 0, 'RP', NULL, 86, 39),
(20005, 1, '84089100_1466761213', 'dealership-flags-4/feather-flying-banners.html', 'dealership-flags-30/feather-flying-banners.html', 0, 'RP', NULL, 86, 437),
(20008, 1, '84806600_1466761213', 'dealership-flags-4/flag-pole-540.html', 'dealership-flags-30/flag-pole-540.html', 0, 'RP', NULL, 86, 588),
(20011, 1, '85571100_1466761213', 'dealership-flags-4/flag-pole-415.html', 'dealership-flags-30/flag-pole-415.html', 0, 'RP', NULL, 86, 589),
(20014, 1, '86527200_1466761213', 'dealership-flags-4/rectangular-flying-banners.html', 'dealership-flags-30/rectangular-flying-banners.html', 0, 'RP', NULL, 86, 615),
(20057, 1, '02735400_1466761214', 'dealership-flags-5', 'dealership-flags-30', 0, 'RP', NULL, 86, NULL),
(20060, 1, '05973300_1466761214', 'dealership-flags-5/beachflag-wind.html', 'dealership-flags-30/beachflag-wind.html', 0, 'RP', NULL, 86, 29),
(20063, 1, '06684400_1466761214', 'dealership-flags-5/beachflag-drop.html', 'dealership-flags-30/beachflag-drop.html', 0, 'RP', NULL, 86, 35),
(20066, 1, '07283500_1466761214', 'dealership-flags-5/beachflag-square.html', 'dealership-flags-30/beachflag-square.html', 0, 'RP', NULL, 86, 39),
(20069, 1, '08098300_1466761214', 'dealership-flags-5/feather-flying-banners.html', 'dealership-flags-30/feather-flying-banners.html', 0, 'RP', NULL, 86, 437),
(20072, 1, '08886800_1466761214', 'dealership-flags-5/flag-pole-540.html', 'dealership-flags-30/flag-pole-540.html', 0, 'RP', NULL, 86, 588),
(20075, 1, '09457400_1466761214', 'dealership-flags-5/flag-pole-415.html', 'dealership-flags-30/flag-pole-415.html', 0, 'RP', NULL, 86, 589),
(20078, 1, '10022000_1466761214', 'dealership-flags-5/rectangular-flying-banners.html', 'dealership-flags-30/rectangular-flying-banners.html', 0, 'RP', NULL, 86, 615),
(20125, 1, '22967600_1466761214', 'dealership-flags-6', 'dealership-flags-30', 0, 'RP', NULL, 86, NULL),
(20128, 1, '24499100_1466761214', 'dealership-flags-6/beachflag-wind.html', 'dealership-flags-30/beachflag-wind.html', 0, 'RP', NULL, 86, 29),
(20131, 1, '25077200_1466761214', 'dealership-flags-6/beachflag-drop.html', 'dealership-flags-30/beachflag-drop.html', 0, 'RP', NULL, 86, 35),
(20134, 1, '25648600_1466761214', 'dealership-flags-6/beachflag-square.html', 'dealership-flags-30/beachflag-square.html', 0, 'RP', NULL, 86, 39),
(20137, 1, '26216500_1466761214', 'dealership-flags-6/feather-flying-banners.html', 'dealership-flags-30/feather-flying-banners.html', 0, 'RP', NULL, 86, 437),
(20140, 1, '26777500_1466761214', 'dealership-flags-6/flag-pole-540.html', 'dealership-flags-30/flag-pole-540.html', 0, 'RP', NULL, 86, 588),
(20143, 1, '27343600_1466761214', 'dealership-flags-6/flag-pole-415.html', 'dealership-flags-30/flag-pole-415.html', 0, 'RP', NULL, 86, 589),
(20146, 1, '27915800_1466761214', 'dealership-flags-6/rectangular-flying-banners.html', 'dealership-flags-30/rectangular-flying-banners.html', 0, 'RP', NULL, 86, 615),
(20196, 1, '58491700_1466763486', 'bomag-hanging-4', 'bomag-hanging-20', 0, 'RP', NULL, 132, NULL),
(20201, 1, '59755000_1466763486', 'hard-trolley-counter-case-7', 'hard-trolley-counter-case-39', 0, 'RP', NULL, 119, NULL),
(20207, 1, '61477200_1466763486', 'bomag-standing-4', 'bomag-standing-20', 0, 'RP', NULL, 123, NULL),
(20237, 1, '68939500_1466763486', 'hard-trolley-counter-case-8', 'hard-trolley-counter-case-40', 0, 'RP', NULL, 145, NULL),
(20295, 1, '79383200_1466763486', 'xl-poster-sight-case-8', 'xl-poster-sight-case-31', 0, 'RP', NULL, 236, NULL),
(20315, 1, '83236300_1466763486', 'dealership-flags-7', 'dealership-flags-30', 0, 'RP', NULL, 86, NULL),
(20442, 1, '31258200_1466763487', 'dealership-flags-7/beachflag-wind.html', 'dealership-flags-30/beachflag-wind.html', 0, 'RP', NULL, 86, 29),
(20466, 1, '36977400_1466763487', 'dealership-flags-7/beachflag-drop.html', 'dealership-flags-30/beachflag-drop.html', 0, 'RP', NULL, 86, 35),
(20484, 1, '41117700_1466763487', 'dealership-flags-7/beachflag-square.html', 'dealership-flags-30/beachflag-square.html', 0, 'RP', NULL, 86, 39),
(21617, 1, '71762100_1466763489', 'xl-poster-sight-case-8/xl-poster-sight-case.html', 'xl-poster-sight-case-31/xl-poster-sight-case.html', 0, 'RP', NULL, 236, 327),
(22020, 1, '64368800_1466763490', 'dealership-flags-7/feather-flying-banners.html', 'dealership-flags-30/feather-flying-banners.html', 0, 'RP', NULL, 86, 437),
(22517, 1, '62376200_1466763491', 'dealership-flags-7/flag-pole-540.html', 'dealership-flags-30/flag-pole-540.html', 0, 'RP', NULL, 86, 588),
(22525, 1, '63844600_1466763491', 'dealership-flags-7/flag-pole-415.html', 'dealership-flags-30/flag-pole-415.html', 0, 'RP', NULL, 86, 589),
(22570, 1, '71838000_1466763491', 'dealership-flags-7/rectangular-flying-banners.html', 'dealership-flags-30/rectangular-flying-banners.html', 0, 'RP', NULL, 86, 615),
(22594, 1, '83991600_1467629893', 'exhibition-stands/counter-stands-promotional.html', 'exhibition-stands/promotional-counter-stands.html', 0, 'RP', NULL, 3, 483),
(22595, 1, '84308500_1467629893', 'counter-top-display-stands/counter-stands-promotional.html', 'counter-top-display-stands/promotional-counter-stands.html', 0, 'RP', NULL, 14, 483),
(22596, 1, '84608000_1467629893', 'promotional-counter-top-display-stands/counter-stands-promotional.html', 'promotional-counter-top-display-stands/promotional-counter-stands.html', 0, 'RP', NULL, 15, 483),
(22597, 1, '84904900_1467629893', 'counter-stands-promotional.html', 'promotional-counter-stands.html', 0, 'RP', NULL, NULL, 483),
(22598, 1, 'product/631', 'estate-agent-window-displays-10x-a4.html', 'catalog/product/view/id/631', 1, NULL, NULL, NULL, 631),
(22599, 1, 'product/632', 'estate-agent-window-displays-100-x-230.html', 'catalog/product/view/id/632', 1, NULL, NULL, NULL, 632),
(22600, 1, '55665100_1468213459', 'bomag-hanging-5', 'bomag-hanging-20', 0, 'RP', NULL, 132, NULL),
(22601, 1, '56567100_1468213459', 'hard-trolley-counter-case-9', 'hard-trolley-counter-case-39', 0, 'RP', NULL, 119, NULL),
(22602, 1, '57331900_1468213459', 'bomag-standing-5', 'bomag-standing-20', 0, 'RP', NULL, 123, NULL),
(22603, 1, '60316200_1468213459', 'hard-trolley-counter-case-10', 'hard-trolley-counter-case-40', 0, 'RP', NULL, 145, NULL),
(22604, 1, '66131500_1468213459', 'xl-poster-sight-case-9', 'xl-poster-sight-case-31', 0, 'RP', NULL, 236, NULL),
(22605, 1, '68330700_1468213459', 'dealership-flags-8', 'dealership-flags-30', 0, 'RP', NULL, 86, NULL),
(22606, 1, '88839400_1468213459', 'dealership-flags-8/beachflag-wind.html', 'dealership-flags-30/beachflag-wind.html', 0, 'RP', NULL, 86, 29),
(22607, 1, '91290600_1468213459', 'dealership-flags-8/beachflag-drop.html', 'dealership-flags-30/beachflag-drop.html', 0, 'RP', NULL, 86, 35),
(22608, 1, '93013400_1468213459', 'dealership-flags-8/beachflag-square.html', 'dealership-flags-30/beachflag-square.html', 0, 'RP', NULL, 86, 39),
(22609, 1, '22378600_1468213461', 'xl-poster-sight-case-9/xl-poster-sight-case.html', 'xl-poster-sight-case-31/xl-poster-sight-case.html', 0, 'RP', NULL, 236, 327),
(22610, 1, '64699900_1468213461', 'dealership-flags-8/feather-flying-banners.html', 'dealership-flags-30/feather-flying-banners.html', 0, 'RP', NULL, 86, 437),
(22611, 1, '16392600_1468213462', 'dealership-flags-8/flag-pole-540.html', 'dealership-flags-30/flag-pole-540.html', 0, 'RP', NULL, 86, 588),
(22612, 1, '20683100_1468213462', 'dealership-flags-8/flag-pole-415.html', 'dealership-flags-30/flag-pole-415.html', 0, 'RP', NULL, 86, 589),
(22613, 1, '26843000_1468213462', 'dealership-flags-8/rectangular-flying-banners.html', 'dealership-flags-30/rectangular-flying-banners.html', 0, 'RP', NULL, 86, 615),
(22614, 1, '36488700_1468222143', 'bomag-hanging-6', 'bomag-hanging-20', 0, 'RP', NULL, 132, NULL),
(22615, 1, '37216000_1468222143', 'hard-trolley-counter-case-11', 'hard-trolley-counter-case-39', 0, 'RP', NULL, 119, NULL),
(22616, 1, '38110000_1468222143', 'bomag-standing-6', 'bomag-standing-20', 0, 'RP', NULL, 123, NULL),
(22617, 1, '40727600_1468222143', 'hard-trolley-counter-case-12', 'hard-trolley-counter-case-40', 0, 'RP', NULL, 145, NULL),
(22618, 1, '46167400_1468222143', 'xl-poster-sight-case-10', 'xl-poster-sight-case-31', 0, 'RP', NULL, 236, NULL),
(22619, 1, '48258900_1468222143', 'dealership-flags-9', 'dealership-flags-30', 0, 'RP', NULL, 86, NULL),
(22620, 1, '70819000_1468222143', 'dealership-flags-9/beachflag-wind.html', 'dealership-flags-30/beachflag-wind.html', 0, 'RP', NULL, 86, 29),
(22621, 1, '73245200_1468222143', 'dealership-flags-9/beachflag-drop.html', 'dealership-flags-30/beachflag-drop.html', 0, 'RP', NULL, 86, 35),
(22622, 1, '75074300_1468222143', 'dealership-flags-9/beachflag-square.html', 'dealership-flags-30/beachflag-square.html', 0, 'RP', NULL, 86, 39),
(22623, 1, '66583600_1468222146', 'xl-poster-sight-case-10/xl-poster-sight-case.html', 'xl-poster-sight-case-31/xl-poster-sight-case.html', 0, 'RP', NULL, 236, 327),
(22624, 1, '18420000_1468222147', 'dealership-flags-9/feather-flying-banners.html', 'dealership-flags-30/feather-flying-banners.html', 0, 'RP', NULL, 86, 437),
(22625, 1, '72734600_1468222147', 'dealership-flags-9/flag-pole-540.html', 'dealership-flags-30/flag-pole-540.html', 0, 'RP', NULL, 86, 588),
(22626, 1, '73673800_1468222147', 'dealership-flags-9/flag-pole-415.html', 'dealership-flags-30/flag-pole-415.html', 0, 'RP', NULL, 86, 589),
(22627, 1, '78046500_1468222147', 'dealership-flags-9/rectangular-flying-banners.html', 'dealership-flags-30/rectangular-flying-banners.html', 0, 'RP', NULL, 86, 615),
(22628, 1, '68071200_1468304020', 'bomag-hanging-7', 'bomag-hanging-20', 0, 'RP', NULL, 132, NULL),
(22629, 1, '68750100_1468304020', 'hard-trolley-counter-case-13', 'hard-trolley-counter-case-39', 0, 'RP', NULL, 119, NULL),
(22630, 1, '69425800_1468304020', 'bomag-standing-7', 'bomag-standing-20', 0, 'RP', NULL, 123, NULL),
(22631, 1, '72443900_1468304020', 'hard-trolley-counter-case-14', 'hard-trolley-counter-case-40', 0, 'RP', NULL, 145, NULL),
(22632, 1, '77474100_1468304020', 'xl-poster-sight-case-11', 'xl-poster-sight-case-31', 0, 'RP', NULL, 236, NULL),
(22633, 1, '79507100_1468304020', 'dealership-flags-10', 'dealership-flags-30', 0, 'RP', NULL, 86, NULL),
(22634, 1, '98149200_1468304020', 'dealership-flags-10/beachflag-wind.html', 'dealership-flags-30/beachflag-wind.html', 0, 'RP', NULL, 86, 29),
(22635, 1, '00329800_1468304021', 'dealership-flags-10/beachflag-drop.html', 'dealership-flags-30/beachflag-drop.html', 0, 'RP', NULL, 86, 35),
(22636, 1, '01988200_1468304021', 'dealership-flags-10/beachflag-square.html', 'dealership-flags-30/beachflag-square.html', 0, 'RP', NULL, 86, 39),
(22637, 1, '05871400_1468304022', 'xl-poster-sight-case-11/xl-poster-sight-case.html', 'xl-poster-sight-case-31/xl-poster-sight-case.html', 0, 'RP', NULL, 236, 327),
(22638, 1, '39616800_1468304022', 'dealership-flags-10/feather-flying-banners.html', 'dealership-flags-30/feather-flying-banners.html', 0, 'RP', NULL, 86, 437),
(22639, 1, '80942500_1468304022', 'dealership-flags-10/flag-pole-540.html', 'dealership-flags-30/flag-pole-540.html', 0, 'RP', NULL, 86, 588),
(22640, 1, '81635200_1468304022', 'dealership-flags-10/flag-pole-415.html', 'dealership-flags-30/flag-pole-415.html', 0, 'RP', NULL, 86, 589),
(22641, 1, '85273300_1468304022', 'dealership-flags-10/rectangular-flying-banners.html', 'dealership-flags-30/rectangular-flying-banners.html', 0, 'RP', NULL, 86, 615),
(22642, 1, '96711500_1468304032', 'bomag-hanging-8', 'bomag-hanging-20', 0, 'RP', NULL, 132, NULL),
(22643, 1, '97337200_1468304032', 'hard-trolley-counter-case-15', 'hard-trolley-counter-case-39', 0, 'RP', NULL, 119, NULL),
(22644, 1, '98008400_1468304032', 'bomag-standing-8', 'bomag-standing-20', 0, 'RP', NULL, 123, NULL),
(22645, 1, '00593500_1468304033', 'hard-trolley-counter-case-16', 'hard-trolley-counter-case-40', 0, 'RP', NULL, 145, NULL),
(22646, 1, '05316600_1468304033', 'xl-poster-sight-case-12', 'xl-poster-sight-case-31', 0, 'RP', NULL, 236, NULL),
(22647, 1, '07125400_1468304033', 'dealership-flags-11', 'dealership-flags-30', 0, 'RP', NULL, 86, NULL),
(22648, 1, '21726500_1468304033', 'dealership-flags-11/beachflag-wind.html', 'dealership-flags-30/beachflag-wind.html', 0, 'RP', NULL, 86, 29),
(22649, 1, '23802800_1468304033', 'dealership-flags-11/beachflag-drop.html', 'dealership-flags-30/beachflag-drop.html', 0, 'RP', NULL, 86, 35),
(22650, 1, '25400200_1468304033', 'dealership-flags-11/beachflag-square.html', 'dealership-flags-30/beachflag-square.html', 0, 'RP', NULL, 86, 39),
(22651, 1, '25755000_1468304034', 'xl-poster-sight-case-12/xl-poster-sight-case.html', 'xl-poster-sight-case-31/xl-poster-sight-case.html', 0, 'RP', NULL, 236, 327),
(22652, 1, '57885500_1468304034', 'dealership-flags-11/feather-flying-banners.html', 'dealership-flags-30/feather-flying-banners.html', 0, 'RP', NULL, 86, 437),
(22653, 1, '99140400_1468304034', 'dealership-flags-11/flag-pole-540.html', 'dealership-flags-30/flag-pole-540.html', 0, 'RP', NULL, 86, 588),
(22654, 1, '99858000_1468304034', 'dealership-flags-11/flag-pole-415.html', 'dealership-flags-30/flag-pole-415.html', 0, 'RP', NULL, 86, 589),
(22655, 1, '03424300_1468304035', 'dealership-flags-11/rectangular-flying-banners.html', 'dealership-flags-30/rectangular-flying-banners.html', 0, 'RP', NULL, 86, 615),
(22656, 1, '58309500_1468324875', 'bomag-hanging-9', 'bomag-hanging-20', 0, 'RP', NULL, 132, NULL),
(22657, 1, '59653100_1468324875', 'hard-trolley-counter-case-17', 'hard-trolley-counter-case-39', 0, 'RP', NULL, 119, NULL),
(22658, 1, '61688600_1468324875', 'bomag-standing-9', 'bomag-standing-20', 0, 'RP', NULL, 123, NULL),
(22659, 1, '66906100_1468324875', 'hard-trolley-counter-case-18', 'hard-trolley-counter-case-40', 0, 'RP', NULL, 145, NULL),
(22660, 1, '79284200_1468324875', 'xl-poster-sight-case-13', 'xl-poster-sight-case-31', 0, 'RP', NULL, 236, NULL),
(22661, 1, '83138300_1468324875', 'dealership-flags-12', 'dealership-flags-30', 0, 'RP', NULL, 86, NULL),
(22662, 1, '17992900_1468324876', 'dealership-flags-12/beachflag-wind.html', 'dealership-flags-30/beachflag-wind.html', 0, 'RP', NULL, 86, 29),
(22663, 1, '21340400_1468324876', 'dealership-flags-12/beachflag-drop.html', 'dealership-flags-30/beachflag-drop.html', 0, 'RP', NULL, 86, 35),
(22664, 1, '25511400_1468324876', 'dealership-flags-12/beachflag-square.html', 'dealership-flags-30/beachflag-square.html', 0, 'RP', NULL, 86, 39),
(22665, 1, '06525600_1468324878', 'xl-poster-sight-case-13/xl-poster-sight-case.html', 'xl-poster-sight-case-31/xl-poster-sight-case.html', 0, 'RP', NULL, 236, 327),
(22666, 1, '50879100_1468324878', 'dealership-flags-12/feather-flying-banners.html', 'dealership-flags-30/feather-flying-banners.html', 0, 'RP', NULL, 86, 437),
(22667, 1, '10843800_1468324879', 'dealership-flags-12/flag-pole-540.html', 'dealership-flags-30/flag-pole-540.html', 0, 'RP', NULL, 86, 588),
(22668, 1, '11993300_1468324879', 'dealership-flags-12/flag-pole-415.html', 'dealership-flags-30/flag-pole-415.html', 0, 'RP', NULL, 86, 589),
(22669, 1, '19891900_1468324879', 'dealership-flags-12/rectangular-flying-banners.html', 'dealership-flags-30/rectangular-flying-banners.html', 0, 'RP', NULL, 86, 615),
(22670, 1, '17529200_1468558193', 'bomag-hanging-10', 'bomag-hanging-20', 0, 'RP', NULL, 132, NULL),
(22671, 1, '18208800_1468558193', 'hard-trolley-counter-case-19', 'hard-trolley-counter-case-39', 0, 'RP', NULL, 119, NULL),
(22672, 1, '18883700_1468558193', 'bomag-standing-10', 'bomag-standing-20', 0, 'RP', NULL, 123, NULL),
(22673, 1, '21449900_1468558193', 'hard-trolley-counter-case-20', 'hard-trolley-counter-case-40', 0, 'RP', NULL, 145, NULL),
(22674, 1, '26299300_1468558193', 'xl-poster-sight-case-14', 'xl-poster-sight-case-31', 0, 'RP', NULL, 236, NULL),
(22675, 1, '28224700_1468558193', 'dealership-flags-13', 'dealership-flags-30', 0, 'RP', NULL, 86, NULL),
(22676, 1, '44149400_1468558193', 'dealership-flags-13/beachflag-wind.html', 'dealership-flags-30/beachflag-wind.html', 0, 'RP', NULL, 86, 29),
(22677, 1, '46049600_1468558193', 'dealership-flags-13/beachflag-drop.html', 'dealership-flags-30/beachflag-drop.html', 0, 'RP', NULL, 86, 35),
(22678, 1, '47487900_1468558193', 'dealership-flags-13/beachflag-square.html', 'dealership-flags-30/beachflag-square.html', 0, 'RP', NULL, 86, 39),
(22679, 1, '39591600_1468558194', 'xl-poster-sight-case-14/xl-poster-sight-case.html', 'xl-poster-sight-case-31/xl-poster-sight-case.html', 0, 'RP', NULL, 236, 327),
(22680, 1, '71926500_1468558194', 'dealership-flags-13/feather-flying-banners.html', 'dealership-flags-30/feather-flying-banners.html', 0, 'RP', NULL, 86, 437),
(22681, 1, '12448800_1468558195', 'dealership-flags-13/flag-pole-540.html', 'dealership-flags-30/flag-pole-540.html', 0, 'RP', NULL, 86, 588),
(22682, 1, '13108400_1468558195', 'dealership-flags-13/flag-pole-415.html', 'dealership-flags-30/flag-pole-415.html', 0, 'RP', NULL, 86, 589),
(22683, 1, '16596400_1468558195', 'dealership-flags-13/rectangular-flying-banners.html', 'dealership-flags-30/rectangular-flying-banners.html', 0, 'RP', NULL, 86, 615),
(22684, 1, '15691800_1468574318', 'bomag-hanging-11', 'bomag-hanging-20', 0, 'RP', NULL, 132, NULL),
(22685, 1, '16356300_1468574318', 'hard-trolley-counter-case-21', 'hard-trolley-counter-case-39', 0, 'RP', NULL, 119, NULL),
(22686, 1, '17047000_1468574318', 'bomag-standing-11', 'bomag-standing-20', 0, 'RP', NULL, 123, NULL),
(22687, 1, '19598000_1468574318', 'hard-trolley-counter-case-22', 'hard-trolley-counter-case-40', 0, 'RP', NULL, 145, NULL),
(22688, 1, '24724400_1468574318', 'xl-poster-sight-case-15', 'xl-poster-sight-case-31', 0, 'RP', NULL, 236, NULL),
(22689, 1, '26751600_1468574318', 'dealership-flags-14', 'dealership-flags-30', 0, 'RP', NULL, 86, NULL),
(22690, 1, '43702400_1468574318', 'dealership-flags-14/beachflag-wind.html', 'dealership-flags-30/beachflag-wind.html', 0, 'RP', NULL, 86, 29),
(22691, 1, '45639000_1468574318', 'dealership-flags-14/beachflag-drop.html', 'dealership-flags-30/beachflag-drop.html', 0, 'RP', NULL, 86, 35),
(22692, 1, '47201800_1468574318', 'dealership-flags-14/beachflag-square.html', 'dealership-flags-30/beachflag-square.html', 0, 'RP', NULL, 86, 39),
(22693, 1, '46483000_1468574319', 'xl-poster-sight-case-15/xl-poster-sight-case.html', 'xl-poster-sight-case-31/xl-poster-sight-case.html', 0, 'RP', NULL, 236, 327),
(22694, 1, '79087100_1468574319', 'dealership-flags-14/feather-flying-banners.html', 'dealership-flags-30/feather-flying-banners.html', 0, 'RP', NULL, 86, 437),
(22695, 1, '20648700_1468574320', 'dealership-flags-14/flag-pole-540.html', 'dealership-flags-30/flag-pole-540.html', 0, 'RP', NULL, 86, 588),
(22696, 1, '21304000_1468574320', 'dealership-flags-14/flag-pole-415.html', 'dealership-flags-30/flag-pole-415.html', 0, 'RP', NULL, 86, 589),
(22697, 1, '24756400_1468574320', 'dealership-flags-14/rectangular-flying-banners.html', 'dealership-flags-30/rectangular-flying-banners.html', 0, 'RP', NULL, 86, 615),
(22698, 1, '35295600_1468662141', 'bomag-hanging-12', 'bomag-hanging-20', 0, 'RP', NULL, 132, NULL),
(22699, 1, '36041700_1468662141', 'hard-trolley-counter-case-23', 'hard-trolley-counter-case-39', 0, 'RP', NULL, 119, NULL),
(22700, 1, '36758800_1468662141', 'bomag-standing-12', 'bomag-standing-20', 0, 'RP', NULL, 123, NULL),
(22701, 1, '39350400_1468662141', 'hard-trolley-counter-case-24', 'hard-trolley-counter-case-40', 0, 'RP', NULL, 145, NULL),
(22702, 1, '44245800_1468662141', 'xl-poster-sight-case-16', 'xl-poster-sight-case-31', 0, 'RP', NULL, 236, NULL),
(22703, 1, '46099400_1468662141', 'dealership-flags-15', 'dealership-flags-30', 0, 'RP', NULL, 86, NULL),
(22704, 1, '62916400_1468662141', 'dealership-flags-15/beachflag-wind.html', 'dealership-flags-30/beachflag-wind.html', 0, 'RP', NULL, 86, 29),
(22705, 1, '64808800_1468662141', 'dealership-flags-15/beachflag-drop.html', 'dealership-flags-30/beachflag-drop.html', 0, 'RP', NULL, 86, 35),
(22706, 1, '66242800_1468662141', 'dealership-flags-15/beachflag-square.html', 'dealership-flags-30/beachflag-square.html', 0, 'RP', NULL, 86, 39),
(22707, 1, '58417200_1468662142', 'xl-poster-sight-case-16/xl-poster-sight-case.html', 'xl-poster-sight-case-31/xl-poster-sight-case.html', 0, 'RP', NULL, 236, 327),
(22708, 1, '93401900_1468662142', 'dealership-flags-15/feather-flying-banners.html', 'dealership-flags-30/feather-flying-banners.html', 0, 'RP', NULL, 86, 437),
(22709, 1, '39955400_1468662143', 'dealership-flags-15/flag-pole-540.html', 'dealership-flags-30/flag-pole-540.html', 0, 'RP', NULL, 86, 588),
(22710, 1, '40654300_1468662143', 'dealership-flags-15/flag-pole-415.html', 'dealership-flags-30/flag-pole-415.html', 0, 'RP', NULL, 86, 589),
(22711, 1, '44293500_1468662143', 'dealership-flags-15/rectangular-flying-banners.html', 'dealership-flags-30/rectangular-flying-banners.html', 0, 'RP', NULL, 86, 615),
(22712, 1, '56547200_1468662281', 'bomag-hanging-13', 'bomag-hanging-20', 0, 'RP', NULL, 132, NULL),
(22713, 1, '57279800_1468662281', 'hard-trolley-counter-case-25', 'hard-trolley-counter-case-39', 0, 'RP', NULL, 119, NULL),
(22714, 1, '57946200_1468662281', 'bomag-standing-13', 'bomag-standing-20', 0, 'RP', NULL, 123, NULL),
(22715, 1, '60455800_1468662281', 'hard-trolley-counter-case-26', 'hard-trolley-counter-case-40', 0, 'RP', NULL, 145, NULL),
(22716, 1, '65228400_1468662281', 'xl-poster-sight-case-17', 'xl-poster-sight-case-31', 0, 'RP', NULL, 236, NULL),
(22717, 1, '67193000_1468662281', 'dealership-flags-16', 'dealership-flags-30', 0, 'RP', NULL, 86, NULL),
(22718, 1, '82347400_1468662281', 'dealership-flags-16/beachflag-wind.html', 'dealership-flags-30/beachflag-wind.html', 0, 'RP', NULL, 86, 29),
(22719, 1, '84441500_1468662281', 'dealership-flags-16/beachflag-drop.html', 'dealership-flags-30/beachflag-drop.html', 0, 'RP', NULL, 86, 35),
(22720, 1, '85967000_1468662281', 'dealership-flags-16/beachflag-square.html', 'dealership-flags-30/beachflag-square.html', 0, 'RP', NULL, 86, 39),
(22721, 1, '78869700_1468662282', 'xl-poster-sight-case-17/xl-poster-sight-case.html', 'xl-poster-sight-case-31/xl-poster-sight-case.html', 0, 'RP', NULL, 236, 327),
(22722, 1, '10296900_1468662283', 'dealership-flags-16/feather-flying-banners.html', 'dealership-flags-30/feather-flying-banners.html', 0, 'RP', NULL, 86, 437),
(22723, 1, '50021100_1468662283', 'dealership-flags-16/flag-pole-540.html', 'dealership-flags-30/flag-pole-540.html', 0, 'RP', NULL, 86, 588),
(22724, 1, '50686900_1468662283', 'dealership-flags-16/flag-pole-415.html', 'dealership-flags-30/flag-pole-415.html', 0, 'RP', NULL, 86, 589),
(22725, 1, '54200600_1468662283', 'dealership-flags-16/rectangular-flying-banners.html', 'dealership-flags-30/rectangular-flying-banners.html', 0, 'RP', NULL, 86, 615),
(22726, 1, '09824800_1468662618', 'bomag-hanging-14', 'bomag-hanging-20', 0, 'RP', NULL, 132, NULL),
(22727, 1, '10906700_1468662618', 'hard-trolley-counter-case-27', 'hard-trolley-counter-case-39', 0, 'RP', NULL, 119, NULL),
(22728, 1, '11678800_1468662618', 'bomag-standing-14', 'bomag-standing-20', 0, 'RP', NULL, 123, NULL),
(22729, 1, '14590900_1468662618', 'hard-trolley-counter-case-28', 'hard-trolley-counter-case-40', 0, 'RP', NULL, 145, NULL),
(22730, 1, '19846200_1468662618', 'xl-poster-sight-case-18', 'xl-poster-sight-case-31', 0, 'RP', NULL, 236, NULL),
(22731, 1, '21716400_1468662618', 'dealership-flags-17', 'dealership-flags-30', 0, 'RP', NULL, 86, NULL),
(22732, 1, '38942200_1468662618', 'dealership-flags-17/beachflag-wind.html', 'dealership-flags-30/beachflag-wind.html', 0, 'RP', NULL, 86, 29),
(22733, 1, '41098800_1468662618', 'dealership-flags-17/beachflag-drop.html', 'dealership-flags-30/beachflag-drop.html', 0, 'RP', NULL, 86, 35),
(22734, 1, '42575400_1468662618', 'dealership-flags-17/beachflag-square.html', 'dealership-flags-30/beachflag-square.html', 0, 'RP', NULL, 86, 39),
(22735, 1, '37649300_1468662619', 'xl-poster-sight-case-18/xl-poster-sight-case.html', 'xl-poster-sight-case-31/xl-poster-sight-case.html', 0, 'RP', NULL, 236, 327),
(22736, 1, '68420100_1468662619', 'dealership-flags-17/feather-flying-banners.html', 'dealership-flags-30/feather-flying-banners.html', 0, 'RP', NULL, 86, 437),
(22737, 1, '08841900_1468662620', 'dealership-flags-17/flag-pole-540.html', 'dealership-flags-30/flag-pole-540.html', 0, 'RP', NULL, 86, 588),
(22738, 1, '09554200_1468662620', 'dealership-flags-17/flag-pole-415.html', 'dealership-flags-30/flag-pole-415.html', 0, 'RP', NULL, 86, 589),
(22739, 1, '13195600_1468662620', 'dealership-flags-17/rectangular-flying-banners.html', 'dealership-flags-30/rectangular-flying-banners.html', 0, 'RP', NULL, 86, 615),
(22740, 1, '88178700_1469454411', 'bomag-hanging-15', 'bomag-hanging-20', 0, 'RP', NULL, 132, NULL),
(22741, 1, '89619000_1469454411', 'hard-trolley-counter-case-29', 'hard-trolley-counter-case-39', 0, 'RP', NULL, 119, NULL),
(22742, 1, '90336400_1469454411', 'bomag-standing-15', 'bomag-standing-20', 0, 'RP', NULL, 123, NULL),
(22743, 1, '93044800_1469454411', 'hard-trolley-counter-case-30', 'hard-trolley-counter-case-40', 0, 'RP', NULL, 145, NULL),
(22744, 1, '97864500_1469454411', 'xl-poster-sight-case-19', 'xl-poster-sight-case-31', 0, 'RP', NULL, 236, NULL),
(22745, 1, '99861000_1469454411', 'dealership-flags-18', 'dealership-flags-30', 0, 'RP', NULL, 86, NULL),
(22746, 1, '15662200_1469454412', 'dealership-flags-18/beachflag-wind.html', 'dealership-flags-30/beachflag-wind.html', 0, 'RP', NULL, 86, 29),
(22747, 1, '17862400_1469454412', 'dealership-flags-18/beachflag-drop.html', 'dealership-flags-30/beachflag-drop.html', 0, 'RP', NULL, 86, 35),
(22748, 1, '19317800_1469454412', 'dealership-flags-18/beachflag-square.html', 'dealership-flags-30/beachflag-square.html', 0, 'RP', NULL, 86, 39),
(22749, 1, '21318600_1469454413', 'xl-poster-sight-case-19/xl-poster-sight-case.html', 'xl-poster-sight-case-31/xl-poster-sight-case.html', 0, 'RP', NULL, 236, 327),
(22750, 1, '60457000_1469454413', 'dealership-flags-18/feather-flying-banners.html', 'dealership-flags-30/feather-flying-banners.html', 0, 'RP', NULL, 86, 437),
(22751, 1, '05270100_1469454414', 'dealership-flags-18/flag-pole-540.html', 'dealership-flags-30/flag-pole-540.html', 0, 'RP', NULL, 86, 588),
(22752, 1, '06012500_1469454414', 'dealership-flags-18/flag-pole-415.html', 'dealership-flags-30/flag-pole-415.html', 0, 'RP', NULL, 86, 589),
(22753, 1, '09751400_1469454414', 'dealership-flags-18/rectangular-flying-banners.html', 'dealership-flags-30/rectangular-flying-banners.html', 0, 'RP', NULL, 86, 615),
(22754, 1, '71593000_1469510744', 'bomag-hanging-16', 'bomag-hanging-20', 0, 'RP', NULL, 132, NULL),
(22755, 1, '72375300_1469510744', 'hard-trolley-counter-case-31', 'hard-trolley-counter-case-39', 0, 'RP', NULL, 119, NULL),
(22756, 1, '73097200_1469510744', 'bomag-standing-16', 'bomag-standing-20', 0, 'RP', NULL, 123, NULL),
(22757, 1, '75804200_1469510744', 'hard-trolley-counter-case-32', 'hard-trolley-counter-case-40', 0, 'RP', NULL, 145, NULL),
(22758, 1, '80889400_1469510744', 'xl-poster-sight-case-20', 'xl-poster-sight-case-31', 0, 'RP', NULL, 236, NULL),
(22759, 1, '82911100_1469510744', 'dealership-flags-19', 'dealership-flags-30', 0, 'RP', NULL, 86, NULL),
(22760, 1, '01274400_1469510745', 'dealership-flags-19/beachflag-wind.html', 'dealership-flags-30/beachflag-wind.html', 0, 'RP', NULL, 86, 29),
(22761, 1, '03335700_1469510745', 'dealership-flags-19/beachflag-drop.html', 'dealership-flags-30/beachflag-drop.html', 0, 'RP', NULL, 86, 35),
(22762, 1, '04869100_1469510745', 'dealership-flags-19/beachflag-square.html', 'dealership-flags-30/beachflag-square.html', 0, 'RP', NULL, 86, 39),
(22763, 1, '98777000_1469510745', 'xl-poster-sight-case-20/xl-poster-sight-case.html', 'xl-poster-sight-case-31/xl-poster-sight-case.html', 0, 'RP', NULL, 236, 327),
(22764, 1, '30372300_1469510746', 'dealership-flags-19/feather-flying-banners.html', 'dealership-flags-30/feather-flying-banners.html', 0, 'RP', NULL, 86, 437),
(22765, 1, '71411300_1469510746', 'dealership-flags-19/flag-pole-540.html', 'dealership-flags-30/flag-pole-540.html', 0, 'RP', NULL, 86, 588),
(22766, 1, '72106000_1469510746', 'dealership-flags-19/flag-pole-415.html', 'dealership-flags-30/flag-pole-415.html', 0, 'RP', NULL, 86, 589),
(22767, 1, '75755100_1469510746', 'dealership-flags-19/rectangular-flying-banners.html', 'dealership-flags-30/rectangular-flying-banners.html', 0, 'RP', NULL, 86, 615),
(22768, 1, 'category/40', 'freestander-brochure-display', '5x-a4-clear-silver-spacemaster-brochure-holder.html', 0, 'RP', NULL, NULL, NULL),
(22770, 1, '91098200_1470056534', 'deluxe-brochure-holders/deluxe-brochure-holders.html', 'deluxe-brochure-holder/deluxe-brochure-holders.html', 0, 'RP', NULL, 24, 587),
(22771, 1, 'category/24', 'deluxe-brochure-holder', 'catalog/category/view/id/24', 1, 'RP', NULL, 24, NULL),
(22776, 1, '99629800_1470057319', 'silver-slim-menu-case/silver-slim-menu-case.html', 'slim-menu-case/silver-slim-menu-case.html', 0, 'RP', NULL, 235, 318),
(22777, 1, 'category/235', 'slim-menu-case', 'catalog/category/view/id/235', 1, 'RP', NULL, 235, NULL),
(22778, 1, '39767000_1470399145', 'bomag-hanging-17', 'bomag-hanging-20', 0, 'RP', NULL, 132, NULL),
(22779, 1, '41051400_1470399145', 'hard-trolley-counter-case-33', 'hard-trolley-counter-case-39', 0, 'RP', NULL, 119, NULL),
(22780, 1, '42111200_1470399145', 'bomag-standing-17', 'bomag-standing-20', 0, 'RP', NULL, 123, NULL),
(22781, 1, 'category/140', 'freestander-brochure-display-3', 'catalog/category/view/id/140', 1, NULL, NULL, 140, NULL),
(22782, 1, '45852500_1470399145', 'hard-trolley-counter-case-34', 'hard-trolley-counter-case-40', 0, 'RP', NULL, 145, NULL),
(22783, 1, '51877200_1470399145', 'xl-poster-sight-case-21', 'xl-poster-sight-case-31', 0, 'RP', NULL, 236, NULL),
(22784, 1, 'category/237', 'slim-led-menu-case', 'catalog/category/view/id/237', 1, NULL, NULL, 237, NULL),
(22785, 1, '54295900_1470399145', 'dealership-flags-20', 'dealership-flags-30', 0, 'RP', NULL, 86, NULL),
(22786, 1, '73364400_1470399145', 'dealership-flags-20/beachflag-wind.html', 'dealership-flags-30/beachflag-wind.html', 0, 'RP', NULL, 86, 29),
(22787, 1, '75359600_1470399145', 'dealership-flags-20/beachflag-drop.html', 'dealership-flags-30/beachflag-drop.html', 0, 'RP', NULL, 86, 35),
(22788, 1, '77110000_1470399145', 'dealership-flags-20/beachflag-square.html', 'dealership-flags-30/beachflag-square.html', 0, 'RP', NULL, 86, 39),
(22789, 1, '76150000_1470399146', 'xl-poster-sight-case-21/xl-poster-sight-case.html', 'xl-poster-sight-case-31/xl-poster-sight-case.html', 0, 'RP', NULL, 236, 327),
(22790, 1, '11235800_1470399147', 'dealership-flags-20/feather-flying-banners.html', 'dealership-flags-30/feather-flying-banners.html', 0, 'RP', NULL, 86, 437),
(22791, 1, '46647900_1470399147', 'freestander-brochure-display/5x-a4-clear-silver-spacemaster-brochure-holder.html', 'freestander-brochure-display-3/5x-a4-clear-silver-spacemaster-brochure-holder.html', 0, 'RP', NULL, 140, 543),
(22792, 1, '53635700_1470399147', 'dealership-flags-20/flag-pole-540.html', 'dealership-flags-30/flag-pole-540.html', 0, 'RP', NULL, 86, 588),
(22793, 1, '54345000_1470399147', 'dealership-flags-20/flag-pole-415.html', 'dealership-flags-30/flag-pole-415.html', 0, 'RP', NULL, 86, 589),
(22794, 1, '57961700_1470399147', 'dealership-flags-20/rectangular-flying-banners.html', 'dealership-flags-30/rectangular-flying-banners.html', 0, 'RP', NULL, 86, 615),
(22795, 1, 'product/633/33', 'retail-pos-display-stands/black-led-chalkboard.html', 'catalog/product/view/id/633/category/33', 1, NULL, NULL, 33, 633),
(22796, 1, 'product/633/54', 'illuminated-displays/black-led-chalkboard.html', 'catalog/product/view/id/633/category/54', 1, NULL, NULL, 54, 633),
(22797, 1, 'product/633/55', 'led-chalkboards/black-led-chalkboard.html', 'catalog/product/view/id/633/category/55', 1, NULL, NULL, 55, 633),
(22798, 1, 'product/633', 'black-led-chalkboard.html', 'catalog/product/view/id/633', 1, NULL, NULL, NULL, 633),
(22799, 1, 'product/634', 'black-led-chalkboard-45-x-60-cm.html', 'catalog/product/view/id/634', 1, NULL, NULL, NULL, 634),
(22800, 1, 'product/635', 'black-led-chalkboard-60-x-80-cm.html', 'catalog/product/view/id/635', 1, NULL, NULL, NULL, 635),
(22801, 1, 'product/636/33', 'retail-pos-display-stands/wood-led-chalkboard.html', 'catalog/product/view/id/636/category/33', 1, NULL, NULL, 33, 636),
(22802, 1, 'product/636/54', 'illuminated-displays/wood-led-chalkboard.html', 'catalog/product/view/id/636/category/54', 1, NULL, NULL, 54, 636),
(22803, 1, 'product/636/55', 'led-chalkboards/wood-led-chalkboard.html', 'catalog/product/view/id/636/category/55', 1, NULL, NULL, 55, 636),
(22804, 1, 'product/636', 'wood-led-chalkboard.html', 'catalog/product/view/id/636', 1, NULL, NULL, NULL, 636),
(22805, 1, '28149200_1470741874', 'retail-pos-display-stands/black-led-chalkboard-636.html', 'retail-pos-display-stands/wood-led-chalkboard.html', 0, 'RP', NULL, 33, 636),
(22806, 1, '28420200_1470741874', 'illuminated-displays/black-led-chalkboard-636.html', 'illuminated-displays/wood-led-chalkboard.html', 0, 'RP', NULL, 54, 636),
(22807, 1, '28649700_1470741874', 'led-chalkboards/black-led-chalkboard-636.html', 'led-chalkboards/wood-led-chalkboard.html', 0, 'RP', NULL, 55, 636),
(22808, 1, '28916600_1470741874', 'black-led-chalkboard-636.html', 'wood-led-chalkboard.html', 0, 'RP', NULL, NULL, 636),
(22809, 1, 'product/637', 'wood-led-chalkboard-small.html', 'catalog/product/view/id/637', 1, NULL, NULL, NULL, 637),
(22810, 1, 'product/638', 'wood-led-chalkboard-medium.html', 'catalog/product/view/id/638', 1, NULL, NULL, NULL, 638),
(22811, 1, 'product/639', 'wood-led-chalkboard-large.html', 'catalog/product/view/id/639', 1, NULL, NULL, NULL, 639),
(22812, 1, 'product/640/33', 'retail-pos-display-stands/frameless-led-chalkboard.html', 'catalog/product/view/id/640/category/33', 1, NULL, NULL, 33, 640),
(22813, 1, 'product/640/54', 'illuminated-displays/frameless-led-chalkboard.html', 'catalog/product/view/id/640/category/54', 1, NULL, NULL, 54, 640),
(22814, 1, 'product/640/55', 'led-chalkboards/frameless-led-chalkboard.html', 'catalog/product/view/id/640/category/55', 1, NULL, NULL, 55, 640),
(22815, 1, 'product/640', 'frameless-led-chalkboard.html', 'catalog/product/view/id/640', 1, NULL, NULL, NULL, 640),
(22816, 1, 'product/641', 'frameless-led-chalkboard-small.html', 'catalog/product/view/id/641', 1, NULL, NULL, NULL, 641),
(22817, 1, '84588700_1470743070', 'retail-pos-display-stands/wood-led-chalkboard-640.html', 'retail-pos-display-stands/frameless-led-chalkboard.html', 0, 'RP', NULL, 33, 640),
(22818, 1, '84916300_1470743070', 'illuminated-displays/wood-led-chalkboard-640.html', 'illuminated-displays/frameless-led-chalkboard.html', 0, 'RP', NULL, 54, 640),
(22819, 1, '85125800_1470743070', 'led-chalkboards/wood-led-chalkboard-640.html', 'led-chalkboards/frameless-led-chalkboard.html', 0, 'RP', NULL, 55, 640),
(22820, 1, '85416300_1470743070', 'wood-led-chalkboard-640.html', 'frameless-led-chalkboard.html', 0, 'RP', NULL, NULL, 640),
(22821, 1, 'product/642', 'single-bar-frame-less-led-chalkboard-medium.html', 'catalog/product/view/id/642', 1, NULL, NULL, NULL, 642),
(22822, 1, 'product/643/33', 'retail-pos-display-stands/counter-top-led-board.html', 'catalog/product/view/id/643/category/33', 1, NULL, NULL, 33, 643),
(22823, 1, 'product/643/54', 'illuminated-displays/counter-top-led-board.html', 'catalog/product/view/id/643/category/54', 1, NULL, NULL, 54, 643),
(22824, 1, 'product/643/55', 'led-chalkboards/counter-top-led-board.html', 'catalog/product/view/id/643/category/55', 1, NULL, NULL, 55, 643),
(22825, 1, 'product/643', 'counter-top-led-board.html', 'catalog/product/view/id/643', 1, NULL, NULL, NULL, 643),
(22826, 1, '54900700_1470743925', 'retail-pos-display-stands/frameless-led-chalkboard-643.html', 'retail-pos-display-stands/counter-top-led-board.html', 0, 'RP', NULL, 33, 643),
(22827, 1, '55129700_1470743925', 'illuminated-displays/frameless-led-chalkboard-643.html', 'illuminated-displays/counter-top-led-board.html', 0, 'RP', NULL, 54, 643),
(22828, 1, '55401500_1470743925', 'led-chalkboards/frameless-led-chalkboard-643.html', 'led-chalkboards/counter-top-led-board.html', 0, 'RP', NULL, 55, 643),
(22829, 1, '55704000_1470743925', 'frameless-led-chalkboard-643.html', 'counter-top-led-board.html', 0, 'RP', NULL, NULL, 643),
(22830, 1, 'product/644/33', 'retail-pos-display-stands/counter-top-led-writing-board.html', 'catalog/product/view/id/644/category/33', 1, NULL, NULL, 33, 644),
(22831, 1, 'product/644/54', 'illuminated-displays/counter-top-led-writing-board.html', 'catalog/product/view/id/644/category/54', 1, NULL, NULL, 54, 644),
(22832, 1, 'product/644/55', 'led-chalkboards/counter-top-led-writing-board.html', 'catalog/product/view/id/644/category/55', 1, NULL, NULL, 55, 644),
(22833, 1, 'product/644', 'counter-top-led-writing-board.html', 'catalog/product/view/id/644', 1, NULL, NULL, NULL, 644),
(22834, 1, '90317000_1471353630', 'exhibition-banners', 'exhibition-banners-printing', 0, 'RP', NULL, 106, NULL);
INSERT INTO `core_url_rewrite` (`url_rewrite_id`, `store_id`, `id_path`, `request_path`, `target_path`, `is_system`, `options`, `description`, `category_id`, `product_id`) VALUES
(22835, 1, 'product/628/253', 'estate-agents/estate-agent-window-displays.html', 'catalog/product/view/id/628/category/253', 1, NULL, NULL, 253, 628),
(22836, 1, '75614700_1471875145', 'schools-colleges', 'educational', 0, 'RP', NULL, 89, NULL),
(22837, 1, '54271600_1471875189', 'hospitals-offices', 'institutions-offices', 0, 'RP', NULL, 96, NULL),
(22838, 1, '23307000_1471875227', 'dealership-flags-21', 'dealership-flags-30', 0, 'RP', NULL, 86, NULL),
(22839, 1, '24362800_1471875227', 'dealership-flags-21/beachflag-wind.html', 'dealership-flags-30/beachflag-wind.html', 0, 'RP', NULL, 86, 29),
(22840, 1, '24696500_1471875227', 'dealership-flags-21/beachflag-drop.html', 'dealership-flags-30/beachflag-drop.html', 0, 'RP', NULL, 86, 35),
(22841, 1, '25032700_1471875227', 'dealership-flags-21/beachflag-square.html', 'dealership-flags-30/beachflag-square.html', 0, 'RP', NULL, 86, 39),
(22842, 1, '25370000_1471875227', 'dealership-flags-21/feather-flying-banners.html', 'dealership-flags-30/feather-flying-banners.html', 0, 'RP', NULL, 86, 437),
(22843, 1, '25873200_1471875227', 'dealership-flags-21/flag-pole-540.html', 'dealership-flags-30/flag-pole-540.html', 0, 'RP', NULL, 86, 588),
(22844, 1, '26320500_1471875227', 'dealership-flags-21/flag-pole-415.html', 'dealership-flags-30/flag-pole-415.html', 0, 'RP', NULL, 86, 589),
(22845, 1, '26708200_1471875227', 'dealership-flags-21/rectangular-flying-banners.html', 'dealership-flags-30/rectangular-flying-banners.html', 0, 'RP', NULL, 86, 615),
(22846, 1, 'category/258', 'visual-displays', 'catalog/category/view/id/258', 1, NULL, NULL, 258, NULL),
(22847, 1, '25731000_1471875556', 'dealership-flags-22', 'dealership-flags-30', 0, 'RP', NULL, 86, NULL),
(22848, 1, '26815100_1471875556', 'dealership-flags-22/beachflag-wind.html', 'dealership-flags-30/beachflag-wind.html', 0, 'RP', NULL, 86, 29),
(22849, 1, '27108900_1471875556', 'dealership-flags-22/beachflag-drop.html', 'dealership-flags-30/beachflag-drop.html', 0, 'RP', NULL, 86, 35),
(22850, 1, '27402200_1471875556', 'dealership-flags-22/beachflag-square.html', 'dealership-flags-30/beachflag-square.html', 0, 'RP', NULL, 86, 39),
(22851, 1, '27697300_1471875556', 'dealership-flags-22/feather-flying-banners.html', 'dealership-flags-30/feather-flying-banners.html', 0, 'RP', NULL, 86, 437),
(22852, 1, '27997500_1471875556', 'dealership-flags-22/flag-pole-540.html', 'dealership-flags-30/flag-pole-540.html', 0, 'RP', NULL, 86, 588),
(22853, 1, '28362900_1471875556', 'dealership-flags-22/flag-pole-415.html', 'dealership-flags-30/flag-pole-415.html', 0, 'RP', NULL, 86, 589),
(22854, 1, '28697700_1471875556', 'dealership-flags-22/rectangular-flying-banners.html', 'dealership-flags-30/rectangular-flying-banners.html', 0, 'RP', NULL, 86, 615),
(22855, 1, '34467900_1471875563', 'dealership-flags-23', 'dealership-flags-30', 0, 'RP', NULL, 86, NULL),
(22856, 1, '35258500_1471875563', 'dealership-flags-23/beachflag-wind.html', 'dealership-flags-30/beachflag-wind.html', 0, 'RP', NULL, 86, 29),
(22857, 1, '35546600_1471875563', 'dealership-flags-23/beachflag-drop.html', 'dealership-flags-30/beachflag-drop.html', 0, 'RP', NULL, 86, 35),
(22858, 1, '35840500_1471875563', 'dealership-flags-23/beachflag-square.html', 'dealership-flags-30/beachflag-square.html', 0, 'RP', NULL, 86, 39),
(22859, 1, '36144300_1471875563', 'dealership-flags-23/feather-flying-banners.html', 'dealership-flags-30/feather-flying-banners.html', 0, 'RP', NULL, 86, 437),
(22860, 1, '36568400_1471875563', 'dealership-flags-23/flag-pole-540.html', 'dealership-flags-30/flag-pole-540.html', 0, 'RP', NULL, 86, 588),
(22861, 1, '36905800_1471875563', 'dealership-flags-23/flag-pole-415.html', 'dealership-flags-30/flag-pole-415.html', 0, 'RP', NULL, 86, 589),
(22862, 1, '37208200_1471875563', 'dealership-flags-23/rectangular-flying-banners.html', 'dealership-flags-30/rectangular-flying-banners.html', 0, 'RP', NULL, 86, 615),
(22863, 1, '66311500_1471875568', 'dealership-flags-24', 'dealership-flags-30', 0, 'RP', NULL, 86, NULL),
(22864, 1, '67168100_1471875568', 'dealership-flags-24/beachflag-wind.html', 'dealership-flags-30/beachflag-wind.html', 0, 'RP', NULL, 86, 29),
(22865, 1, '67490800_1471875568', 'dealership-flags-24/beachflag-drop.html', 'dealership-flags-30/beachflag-drop.html', 0, 'RP', NULL, 86, 35),
(22866, 1, '67784800_1471875568', 'dealership-flags-24/beachflag-square.html', 'dealership-flags-30/beachflag-square.html', 0, 'RP', NULL, 86, 39),
(22867, 1, '68085000_1471875568', 'dealership-flags-24/feather-flying-banners.html', 'dealership-flags-30/feather-flying-banners.html', 0, 'RP', NULL, 86, 437),
(22868, 1, '68381100_1471875568', 'dealership-flags-24/flag-pole-540.html', 'dealership-flags-30/flag-pole-540.html', 0, 'RP', NULL, 86, 588),
(22869, 1, '68704500_1471875568', 'dealership-flags-24/flag-pole-415.html', 'dealership-flags-30/flag-pole-415.html', 0, 'RP', NULL, 86, 589),
(22870, 1, '69009400_1471875568', 'dealership-flags-24/rectangular-flying-banners.html', 'dealership-flags-30/rectangular-flying-banners.html', 0, 'RP', NULL, 86, 615),
(22871, 1, '75388500_1471875568', 'dealership-flags-25', 'dealership-flags-30', 0, 'RP', NULL, 86, NULL),
(22872, 1, '76057200_1471875568', 'dealership-flags-25/beachflag-wind.html', 'dealership-flags-30/beachflag-wind.html', 0, 'RP', NULL, 86, 29),
(22873, 1, '76411900_1471875568', 'dealership-flags-25/beachflag-drop.html', 'dealership-flags-30/beachflag-drop.html', 0, 'RP', NULL, 86, 35),
(22874, 1, '76702100_1471875568', 'dealership-flags-25/beachflag-square.html', 'dealership-flags-30/beachflag-square.html', 0, 'RP', NULL, 86, 39),
(22875, 1, '77012100_1471875568', 'dealership-flags-25/feather-flying-banners.html', 'dealership-flags-30/feather-flying-banners.html', 0, 'RP', NULL, 86, 437),
(22876, 1, '77314800_1471875568', 'dealership-flags-25/flag-pole-540.html', 'dealership-flags-30/flag-pole-540.html', 0, 'RP', NULL, 86, 588),
(22877, 1, '77618400_1471875568', 'dealership-flags-25/flag-pole-415.html', 'dealership-flags-30/flag-pole-415.html', 0, 'RP', NULL, 86, 589),
(22878, 1, '77922100_1471875568', 'dealership-flags-25/rectangular-flying-banners.html', 'dealership-flags-30/rectangular-flying-banners.html', 0, 'RP', NULL, 86, 615),
(22879, 1, '81572400_1471875568', 'dealership-flags-26', 'dealership-flags-30', 0, 'RP', NULL, 86, NULL),
(22880, 1, '82384000_1471875568', 'dealership-flags-26/beachflag-wind.html', 'dealership-flags-30/beachflag-wind.html', 0, 'RP', NULL, 86, 29),
(22881, 1, '83018200_1471875568', 'dealership-flags-26/beachflag-drop.html', 'dealership-flags-30/beachflag-drop.html', 0, 'RP', NULL, 86, 35),
(22882, 1, '83460600_1471875568', 'dealership-flags-26/beachflag-square.html', 'dealership-flags-30/beachflag-square.html', 0, 'RP', NULL, 86, 39),
(22883, 1, '83756100_1471875568', 'dealership-flags-26/feather-flying-banners.html', 'dealership-flags-30/feather-flying-banners.html', 0, 'RP', NULL, 86, 437),
(22884, 1, '84048700_1471875568', 'dealership-flags-26/flag-pole-540.html', 'dealership-flags-30/flag-pole-540.html', 0, 'RP', NULL, 86, 588),
(22885, 1, '84351400_1471875568', 'dealership-flags-26/flag-pole-415.html', 'dealership-flags-30/flag-pole-415.html', 0, 'RP', NULL, 86, 589),
(22886, 1, '84661200_1471875568', 'dealership-flags-26/rectangular-flying-banners.html', 'dealership-flags-30/rectangular-flying-banners.html', 0, 'RP', NULL, 86, 615),
(22887, 1, '11818000_1471875583', 'real-estate-agents', 'estate-agents', 0, 'RP', NULL, 253, NULL),
(22888, 1, '13159000_1471875583', 'real-estate-agents/estate-agent-window-displays.html', 'estate-agents/estate-agent-window-displays.html', 0, 'RP', NULL, 253, 628),
(22889, 1, '12650400_1471875606', 'dealership-flags-27', 'dealership-flags-30', 0, 'RP', NULL, 86, NULL),
(22890, 1, '13949300_1471875606', 'dealership-flags-27/beachflag-wind.html', 'dealership-flags-30/beachflag-wind.html', 0, 'RP', NULL, 86, 29),
(22891, 1, '14444000_1471875606', 'dealership-flags-27/beachflag-drop.html', 'dealership-flags-30/beachflag-drop.html', 0, 'RP', NULL, 86, 35),
(22892, 1, '15023600_1471875606', 'dealership-flags-27/beachflag-square.html', 'dealership-flags-30/beachflag-square.html', 0, 'RP', NULL, 86, 39),
(22893, 1, '15527100_1471875606', 'dealership-flags-27/feather-flying-banners.html', 'dealership-flags-30/feather-flying-banners.html', 0, 'RP', NULL, 86, 437),
(22894, 1, '16024400_1471875606', 'dealership-flags-27/flag-pole-540.html', 'dealership-flags-30/flag-pole-540.html', 0, 'RP', NULL, 86, 588),
(22895, 1, '16529000_1471875606', 'dealership-flags-27/flag-pole-415.html', 'dealership-flags-30/flag-pole-415.html', 0, 'RP', NULL, 86, 589),
(22896, 1, '17084300_1471875606', 'dealership-flags-27/rectangular-flying-banners.html', 'dealership-flags-30/rectangular-flying-banners.html', 0, 'RP', NULL, 86, 615),
(22897, 1, '23625000_1471875606', 'dealership-flags-28', 'dealership-flags-30', 0, 'RP', NULL, 86, NULL),
(22898, 1, '25062400_1471875606', 'dealership-flags-28/beachflag-wind.html', 'dealership-flags-30/beachflag-wind.html', 0, 'RP', NULL, 86, 29),
(22899, 1, '25466400_1471875606', 'dealership-flags-28/beachflag-drop.html', 'dealership-flags-30/beachflag-drop.html', 0, 'RP', NULL, 86, 35),
(22900, 1, '26003700_1471875606', 'dealership-flags-28/beachflag-square.html', 'dealership-flags-30/beachflag-square.html', 0, 'RP', NULL, 86, 39),
(22901, 1, '26621100_1471875606', 'dealership-flags-28/feather-flying-banners.html', 'dealership-flags-30/feather-flying-banners.html', 0, 'RP', NULL, 86, 437),
(22902, 1, '27178100_1471875606', 'dealership-flags-28/flag-pole-540.html', 'dealership-flags-30/flag-pole-540.html', 0, 'RP', NULL, 86, 588),
(22903, 1, '27644800_1471875606', 'dealership-flags-28/flag-pole-415.html', 'dealership-flags-30/flag-pole-415.html', 0, 'RP', NULL, 86, 589),
(22904, 1, '28199800_1471875606', 'dealership-flags-28/rectangular-flying-banners.html', 'dealership-flags-30/rectangular-flying-banners.html', 0, 'RP', NULL, 86, 615),
(22905, 1, '81404200_1471875799', 'bomag-hanging-18', 'bomag-hanging-20', 0, 'RP', NULL, 132, NULL),
(22906, 1, '89395400_1471875799', 'hard-trolley-counter-case-35', 'hard-trolley-counter-case-39', 0, 'RP', NULL, 119, NULL),
(22907, 1, '06023300_1471875800', 'bomag-standing-18', 'bomag-standing-20', 0, 'RP', NULL, 123, NULL),
(22908, 1, '50486100_1471875800', 'freestander-brochure-display-1', 'freestander-brochure-display-3', 0, 'RP', NULL, 140, NULL),
(22909, 1, '51321200_1471875800', 'freestander-brochure-display-1/5x-a4-clear-silver-spacemaster-brochure-holder.html', 'freestander-brochure-display-3/5x-a4-clear-silver-spacemaster-brochure-holder.html', 0, 'RP', NULL, 140, 543),
(22910, 1, '61814400_1471875800', 'hard-trolley-counter-case-36', 'hard-trolley-counter-case-40', 0, 'RP', NULL, 145, NULL),
(22911, 1, '79863700_1471875813', 'bomag-hanging-19', 'bomag-hanging-20', 0, 'RP', NULL, 132, NULL),
(22912, 1, '89014900_1471875813', 'hard-trolley-counter-case-37', 'hard-trolley-counter-case-39', 0, 'RP', NULL, 119, NULL),
(22913, 1, '03540600_1471875814', 'bomag-standing-19', 'bomag-standing-20', 0, 'RP', NULL, 123, NULL),
(22914, 1, '35848200_1471875814', 'freestander-brochure-display-2', 'freestander-brochure-display-3', 0, 'RP', NULL, 140, NULL),
(22915, 1, '36451200_1471875814', 'freestander-brochure-display-2/5x-a4-clear-silver-spacemaster-brochure-holder.html', 'freestander-brochure-display-3/5x-a4-clear-silver-spacemaster-brochure-holder.html', 0, 'RP', NULL, 140, 543),
(22916, 1, '45022600_1471875814', 'hard-trolley-counter-case-38', 'hard-trolley-counter-case-40', 0, 'RP', NULL, 145, NULL),
(22917, 1, 'category/259', 'trade-fairs', 'catalog/category/view/id/259', 1, NULL, NULL, 259, NULL),
(22918, 1, '02828100_1472033939', 'xl-poster-sight-case-22', 'xl-poster-sight-case-31', 0, 'RP', NULL, 236, NULL),
(22919, 1, '04427200_1472033939', 'xl-poster-sight-case-22/xl-poster-sight-case.html', 'xl-poster-sight-case-31/xl-poster-sight-case.html', 0, 'RP', NULL, 236, 327),
(22920, 1, '14612800_1472033940', 'xl-poster-sight-case-23', 'xl-poster-sight-case-31', 0, 'RP', NULL, 236, NULL),
(22921, 1, '16713700_1472033940', 'xl-poster-sight-case-23/xl-poster-sight-case.html', 'xl-poster-sight-case-31/xl-poster-sight-case.html', 0, 'RP', NULL, 236, 327),
(22922, 1, '40765500_1472033947', 'xl-poster-sight-case-24', 'xl-poster-sight-case-31', 0, 'RP', NULL, 236, NULL),
(22923, 1, '41628200_1472033947', 'xl-poster-sight-case-24/xl-poster-sight-case.html', 'xl-poster-sight-case-31/xl-poster-sight-case.html', 0, 'RP', NULL, 236, 327),
(22924, 1, '22617700_1472033948', 'xl-poster-sight-case-25', 'xl-poster-sight-case-31', 0, 'RP', NULL, 236, NULL),
(22925, 1, '23506600_1472033948', 'xl-poster-sight-case-25/xl-poster-sight-case.html', 'xl-poster-sight-case-31/xl-poster-sight-case.html', 0, 'RP', NULL, 236, 327),
(22926, 1, '02770200_1472033953', 'xl-poster-sight-case-26', 'xl-poster-sight-case-31', 0, 'RP', NULL, 236, NULL),
(22927, 1, '04327600_1472033953', 'xl-poster-sight-case-26/xl-poster-sight-case.html', 'xl-poster-sight-case-31/xl-poster-sight-case.html', 0, 'RP', NULL, 236, 327),
(22928, 1, '09075300_1472033954', 'xl-poster-sight-case-27', 'xl-poster-sight-case-31', 0, 'RP', NULL, 236, NULL),
(22929, 1, '09996800_1472033954', 'xl-poster-sight-case-27/xl-poster-sight-case.html', 'xl-poster-sight-case-31/xl-poster-sight-case.html', 0, 'RP', NULL, 236, 327),
(22930, 1, '14608200_1472033955', 'xl-poster-sight-case-28', 'xl-poster-sight-case-31', 0, 'RP', NULL, 236, NULL),
(22931, 1, '15386600_1472033955', 'xl-poster-sight-case-28/xl-poster-sight-case.html', 'xl-poster-sight-case-31/xl-poster-sight-case.html', 0, 'RP', NULL, 236, 327),
(22932, 1, '54695500_1472033959', 'xl-poster-sight-case-29', 'xl-poster-sight-case-31', 0, 'RP', NULL, 236, NULL),
(22933, 1, '55622600_1472033959', 'xl-poster-sight-case-29/xl-poster-sight-case.html', 'xl-poster-sight-case-31/xl-poster-sight-case.html', 0, 'RP', NULL, 236, 327),
(22934, 1, '67207200_1472033960', 'xl-poster-sight-case-30', 'xl-poster-sight-case-31', 0, 'RP', NULL, 236, NULL),
(22935, 1, '67882600_1472033960', 'xl-poster-sight-case-30/xl-poster-sight-case.html', 'xl-poster-sight-case-31/xl-poster-sight-case.html', 0, 'RP', NULL, 236, 327),
(22936, 1, 'product/402/60', 'catering-leisure/grip-talkers.html', 'catalog/product/view/id/402/category/60', 1, NULL, NULL, 60, 402),
(22937, 1, 'product/406/60', 'catering-leisure/straighttalkers.html', 'catalog/product/view/id/406/category/60', 1, NULL, NULL, 60, 406),
(22938, 1, 'product/411/60', 'catering-leisure/tilttalkers.html', 'catalog/product/view/id/411/category/60', 1, NULL, NULL, 60, 411),
(22939, 1, 'product/415/60', 'catering-leisure/overture-menu-holders.html', 'catalog/product/view/id/415/category/60', 1, NULL, NULL, 60, 415),
(22940, 1, 'product/419/60', 'catering-leisure/clear-menu-holders.html', 'catalog/product/view/id/419/category/60', 1, NULL, NULL, 60, 419),
(22941, 1, 'product/356/60', 'catering-leisure/info-board.html', 'catalog/product/view/id/356/category/60', 1, NULL, NULL, 60, 356),
(22942, 1, 'product/359/60', 'catering-leisure/acrylic-brochure-shelves.html', 'catalog/product/view/id/359/category/60', 1, NULL, NULL, 60, 359),
(22943, 1, 'product/362/60', 'catering-leisure/silver-poster-pillar.html', 'catalog/product/view/id/362/category/60', 1, NULL, NULL, 60, 362),
(22944, 1, 'product/365/60', 'catering-leisure/silver-poster-frames-with-round-corners.html', 'catalog/product/view/id/365/category/60', 1, NULL, NULL, 60, 365),
(22945, 1, 'product/422/60', 'catering-leisure/decorative-menuboard.html', 'catalog/product/view/id/422/category/60', 1, NULL, NULL, 60, 422),
(22946, 1, 'product/425/60', 'catering-leisure/portland-menustand.html', 'catalog/product/view/id/425/category/60', 1, NULL, NULL, 60, 425),
(22947, 1, 'product/509/60', 'catering-leisure/hi-light-menustand.html', 'catalog/product/view/id/509/category/60', 1, NULL, NULL, 60, 509),
(22948, 1, 'product/510/60', 'catering-leisure/ipad-holder.html', 'catalog/product/view/id/510/category/60', 1, NULL, NULL, 60, 510),
(22949, 1, 'product/206/60', 'catering-leisure/silver-15mm-profile-snapframes-with-mitred-corners.html', 'catalog/product/view/id/206/category/60', 1, NULL, NULL, 60, 206),
(22950, 1, 'product/213/60', 'catering-leisure/silver-25mm-profile-snapframes-with-mitred-corners.html', 'catalog/product/view/id/213/category/60', 1, NULL, NULL, 60, 213),
(22951, 1, 'product/219/60', 'catering-leisure/black-25mm-profile-snapframes-with-mitred-corners.html', 'catalog/product/view/id/219/category/60', 1, NULL, NULL, 60, 219),
(22952, 1, 'product/225/60', 'catering-leisure/white-25mm-profile-snapframes-with-mitred-corners.html', 'catalog/product/view/id/225/category/60', 1, NULL, NULL, 60, 225),
(22953, 1, 'product/231/60', 'catering-leisure/silver-25mm-profile-snapframes-with-round-corners.html', 'catalog/product/view/id/231/category/60', 1, NULL, NULL, 60, 231),
(22954, 1, 'product/240/60', 'catering-leisure/silver-32mm-profile-standard-snapframes-with-mitred-corners.html', 'catalog/product/view/id/240/category/60', 1, NULL, NULL, 60, 240),
(22955, 1, 'product/250/60', 'catering-leisure/silver-25mm-profile-security-snapframes-with-mitred-corners.html', 'catalog/product/view/id/250/category/60', 1, NULL, NULL, 60, 250),
(22956, 1, 'product/263/60', 'catering-leisure/silver-32mm-profile-lockable-snapframes-with-mitred-corners.html', 'catalog/product/view/id/263/category/60', 1, NULL, NULL, 60, 263),
(22957, 1, 'product/280/60', 'catering-leisure/cable-suspended-snapframes.html', 'catalog/product/view/id/280/category/60', 1, NULL, NULL, 60, 280),
(22958, 1, 'product/620/60', 'catering-leisure/banner-led-pack-of-5.html', 'catalog/product/view/id/620/category/60', 1, NULL, NULL, 60, 620),
(22959, 1, 'product/624/60', 'catering-leisure/wall-led-50-pack-of-5.html', 'catalog/product/view/id/624/category/60', 1, NULL, NULL, 60, 624),
(22960, 1, 'product/633/60', 'catering-leisure/black-led-chalkboard.html', 'catalog/product/view/id/633/category/60', 1, NULL, NULL, 60, 633),
(22961, 1, 'product/639/60', 'catering-leisure/wood-led-chalkboard-large.html', 'catalog/product/view/id/639/category/60', 1, NULL, NULL, 60, 639),
(22962, 1, 'product/644/60', 'catering-leisure/counter-top-led-writing-board.html', 'catalog/product/view/id/644/category/60', 1, NULL, NULL, 60, 644),
(22963, 1, 'product/380/60', 'catering-leisure/silver-d-light.html', 'catalog/product/view/id/380/category/60', 1, NULL, NULL, 60, 380),
(22964, 1, 'product/386/60', 'catering-leisure/silver-edgelit-xt.html', 'catalog/product/view/id/386/category/60', 1, NULL, NULL, 60, 386),
(22965, 1, 'product/179/60', 'catering-leisure/booster-white.html', 'catalog/product/view/id/179/category/60', 1, NULL, NULL, 60, 179),
(22966, 1, 'product/183/60', 'catering-leisure/chalk-insert-panels-pack-of-2.html', 'catalog/product/view/id/183/category/60', 1, NULL, NULL, 60, 183),
(22967, 1, 'product/186/60', 'catering-leisure/premier-chalk-a-board-black.html', 'catalog/product/view/id/186/category/60', 1, NULL, NULL, 60, 186),
(22968, 1, 'product/189/60', 'catering-leisure/premier-chalk-a-board-dark-oak.html', 'catalog/product/view/id/189/category/60', 1, NULL, NULL, 60, 189),
(22969, 1, 'product/484/60', 'catering-leisure/ecoflexlite.html', 'catalog/product/view/id/484/category/60', 1, NULL, NULL, 60, 484),
(22970, 1, 'product/485/60', 'catering-leisure/ecoflex-2.html', 'catalog/product/view/id/485/category/60', 1, NULL, NULL, 60, 485),
(22971, 1, 'product/486/60', 'catering-leisure/ecoflex-2-hpl.html', 'catalog/product/view/id/486/category/60', 1, NULL, NULL, 60, 486),
(22972, 1, 'product/491/60', 'catering-leisure/waterbase-pyramid.html', 'catalog/product/view/id/491/category/60', 1, NULL, NULL, 60, 491),
(22973, 1, 'product/492/60', 'catering-leisure/waterbase-a-board.html', 'catalog/product/view/id/492/category/60', 1, NULL, NULL, 60, 492),
(22974, 1, 'product/162/60', 'catering-leisure/tactical-header.html', 'catalog/product/view/id/162/category/60', 1, NULL, NULL, 60, 162),
(22975, 1, 'product/167/60', 'catering-leisure/a-master-silver.html', 'catalog/product/view/id/167/category/60', 1, NULL, NULL, 60, 167),
(22976, 1, 'product/171/60', 'catering-leisure/a-master-black.html', 'catalog/product/view/id/171/category/60', 1, NULL, NULL, 60, 171),
(22977, 1, 'product/175/60', 'catering-leisure/booster-black.html', 'catalog/product/view/id/175/category/60', 1, NULL, NULL, 60, 175),
(22978, 1, 'product/289/60', 'catering-leisure/silver-slim-poster-case-without-door-stays.html', 'catalog/product/view/id/289/category/60', 1, NULL, NULL, 60, 289),
(22979, 1, 'product/298/60', 'catering-leisure/black-slim-poster-case-without-door-stays.html', 'catalog/product/view/id/298/category/60', 1, NULL, NULL, 60, 298),
(22980, 1, 'product/303/60', 'catering-leisure/silver-slim-poster-case-with-door-stays.html', 'catalog/product/view/id/303/category/60', 1, NULL, NULL, 60, 303),
(22981, 1, 'product/308/60', 'catering-leisure/black-slim-poster-case-with-door-stays.html', 'catalog/product/view/id/308/category/60', 1, NULL, NULL, 60, 308),
(22982, 1, 'product/313/60', 'catering-leisure/silver-slim-noticeboard.html', 'catalog/product/view/id/313/category/60', 1, NULL, NULL, 60, 313),
(22983, 1, 'product/318/60', 'catering-leisure/silver-slim-menu-case.html', 'catalog/product/view/id/318/category/60', 1, NULL, NULL, 60, 318),
(22984, 1, 'product/324/60', 'catering-leisure/xl-poster-sight-case-a0.html', 'catalog/product/view/id/324/category/60', 1, NULL, NULL, 60, 324),
(22985, 1, 'product/29/79', 'outdoor-events/beachflag-wind.html', 'catalog/product/view/id/29/category/79', 1, NULL, NULL, 79, 29),
(22986, 1, 'product/35/79', 'outdoor-events/beachflag-drop.html', 'catalog/product/view/id/35/category/79', 1, NULL, NULL, 79, 35),
(22987, 1, 'product/39/79', 'outdoor-events/beachflag-square.html', 'catalog/product/view/id/39/category/79', 1, NULL, NULL, 79, 39),
(22988, 1, 'product/46/79', 'outdoor-events/l-banner-telescopic.html', 'catalog/product/view/id/46/category/79', 1, NULL, NULL, 79, 46),
(22989, 1, 'product/175/79', 'outdoor-events/booster-black.html', 'catalog/product/view/id/175/category/79', 1, NULL, NULL, 79, 175),
(22990, 1, 'product/179/79', 'outdoor-events/booster-white.html', 'catalog/product/view/id/179/category/79', 1, NULL, NULL, 79, 179),
(22991, 1, 'product/183/79', 'outdoor-events/chalk-insert-panels-pack-of-2.html', 'catalog/product/view/id/183/category/79', 1, NULL, NULL, 79, 183),
(22992, 1, 'product/186/79', 'outdoor-events/premier-chalk-a-board-black.html', 'catalog/product/view/id/186/category/79', 1, NULL, NULL, 79, 186),
(22993, 1, 'product/437/79', 'outdoor-events/feather-flying-banners.html', 'catalog/product/view/id/437/category/79', 1, NULL, NULL, 79, 437),
(22994, 1, 'product/489/79', 'outdoor-events/a-board.html', 'catalog/product/view/id/489/category/79', 1, NULL, NULL, 79, 489),
(22995, 1, 'product/490/79', 'outdoor-events/chalkstar-a-board.html', 'catalog/product/view/id/490/category/79', 1, NULL, NULL, 79, 490),
(22996, 1, 'product/492/79', 'outdoor-events/waterbase-a-board.html', 'catalog/product/view/id/492/category/79', 1, NULL, NULL, 79, 492),
(23000, 1, 'product/588/79', 'outdoor-events/flag-pole-540.html', 'catalog/product/view/id/588/category/79', 1, NULL, NULL, 79, 588),
(23001, 1, 'product/589/79', 'outdoor-events/flag-pole-415.html', 'catalog/product/view/id/589/category/79', 1, NULL, NULL, 79, 589),
(23002, 1, 'product/590/79', 'outdoor-events/stainless-steel-pole-rope-barrier.html', 'catalog/product/view/id/590/category/79', 1, NULL, NULL, 79, 590),
(23003, 1, 'product/597/79', 'outdoor-events/black-pole-rope-barrier.html', 'catalog/product/view/id/597/category/79', 1, NULL, NULL, 79, 597),
(23004, 1, 'product/604/79', 'outdoor-events/cafe-barrier.html', 'catalog/product/view/id/604/category/79', 1, NULL, NULL, 79, 604),
(23005, 1, 'product/611/79', 'outdoor-events/teardrop-flying-banners.html', 'catalog/product/view/id/611/category/79', 1, NULL, NULL, 79, 611),
(23006, 1, 'product/615/79', 'outdoor-events/rectangular-flying-banners.html', 'catalog/product/view/id/615/category/79', 1, NULL, NULL, 79, 615),
(23007, 1, 'product/54/259', 'trade-fairs/double-roller-banners.html', 'catalog/product/view/id/54/category/259', 1, NULL, NULL, 259, 54),
(23008, 1, 'product/105/259', 'trade-fairs/curved-fabric-displays.html', 'catalog/product/view/id/105/category/259', 1, NULL, NULL, 259, 105),
(23009, 1, 'product/136/259', 'trade-fairs/straight-fabric-displays.html', 'catalog/product/view/id/136/category/259', 1, NULL, NULL, 259, 136),
(23010, 1, 'product/141/259', 'trade-fairs/evolution-roll-banners.html', 'catalog/product/view/id/141/category/259', 1, NULL, NULL, 259, 141),
(23011, 1, 'product/146/259', 'trade-fairs/massive-roll-banners.html', 'catalog/product/view/id/146/category/259', 1, NULL, NULL, 259, 146),
(23012, 1, 'product/151/259', 'trade-fairs/premium-roll-banners.html', 'catalog/product/view/id/151/category/259', 1, NULL, NULL, 259, 151),
(23013, 1, 'product/158/259', 'trade-fairs/extreme-roll-banners.html', 'catalog/product/view/id/158/category/259', 1, NULL, NULL, 259, 158),
(23014, 1, 'product/446/259', 'trade-fairs/silver-eco-roll-up-banner.html', 'catalog/product/view/id/446/category/259', 1, NULL, NULL, 259, 446),
(23015, 1, 'product/470/259', 'trade-fairs/triangle-roller-banners-pack-of-2.html', 'catalog/product/view/id/470/category/259', 1, NULL, NULL, 259, 470),
(23016, 1, 'product/478/259', 'trade-fairs/next-roller-banners-pack-of-8.html', 'catalog/product/view/id/478/category/259', 1, NULL, NULL, 259, 478),
(23017, 1, 'product/481/259', 'trade-fairs/twin-roller-banners-pack-of-4.html', 'catalog/product/view/id/481/category/259', 1, NULL, NULL, 259, 481),
(23018, 1, 'product/561/259', 'trade-fairs/pop-fabric-premium-straight.html', 'catalog/product/view/id/561/category/259', 1, NULL, NULL, 259, 561),
(23019, 1, 'product/577/259', 'trade-fairs/arch-fabric-displays.html', 'catalog/product/view/id/577/category/259', 1, NULL, NULL, 259, 577),
(23020, 1, 'product/21/259', 'trade-fairs/budget-brochure-holder.html', 'catalog/product/view/id/21/category/259', 1, NULL, NULL, 259, 21),
(23021, 1, 'product/359/259', 'trade-fairs/acrylic-brochure-shelves.html', 'catalog/product/view/id/359/category/259', 1, NULL, NULL, 259, 359),
(23022, 1, 'product/482/259', 'trade-fairs/easy-brochure-holder.html', 'catalog/product/view/id/482/category/259', 1, NULL, NULL, 259, 482),
(23023, 1, 'product/505/259', 'trade-fairs/brochure-shelves-steel.html', 'catalog/product/view/id/505/category/259', 1, NULL, NULL, 259, 505),
(23024, 1, 'product/587/259', 'trade-fairs/deluxe-brochure-holders.html', 'catalog/product/view/id/587/category/259', 1, NULL, NULL, 259, 587),
(23025, 1, 'product/619/259', 'trade-fairs/banner-light-35-watt-pack-of-5.html', 'catalog/product/view/id/619/category/259', 1, NULL, NULL, 259, 619),
(23026, 1, 'product/620/259', 'trade-fairs/banner-led-pack-of-5.html', 'catalog/product/view/id/620/category/259', 1, NULL, NULL, 259, 620),
(23027, 1, 'product/624/259', 'trade-fairs/wall-led-50-pack-of-5.html', 'catalog/product/view/id/624/category/259', 1, NULL, NULL, 259, 624),
(23028, 1, 'product/206/96', 'institutions-offices/silver-15mm-profile-snapframes-with-mitred-corners.html', 'catalog/product/view/id/206/category/96', 1, NULL, NULL, 96, 206),
(23029, 1, 'product/213/96', 'institutions-offices/silver-25mm-profile-snapframes-with-mitred-corners.html', 'catalog/product/view/id/213/category/96', 1, NULL, NULL, 96, 213),
(23030, 1, 'product/219/96', 'institutions-offices/black-25mm-profile-snapframes-with-mitred-corners.html', 'catalog/product/view/id/219/category/96', 1, NULL, NULL, 96, 219),
(23031, 1, 'product/225/96', 'institutions-offices/white-25mm-profile-snapframes-with-mitred-corners.html', 'catalog/product/view/id/225/category/96', 1, NULL, NULL, 96, 225),
(23032, 1, 'product/231/96', 'institutions-offices/silver-25mm-profile-snapframes-with-round-corners.html', 'catalog/product/view/id/231/category/96', 1, NULL, NULL, 96, 231),
(23033, 1, 'product/240/96', 'institutions-offices/silver-32mm-profile-standard-snapframes-with-mitred-corners.html', 'catalog/product/view/id/240/category/96', 1, NULL, NULL, 96, 240),
(23034, 1, 'product/250/96', 'institutions-offices/silver-25mm-profile-security-snapframes-with-mitred-corners.html', 'catalog/product/view/id/250/category/96', 1, NULL, NULL, 96, 250),
(23035, 1, 'product/263/96', 'institutions-offices/silver-32mm-profile-lockable-snapframes-with-mitred-corners.html', 'catalog/product/view/id/263/category/96', 1, NULL, NULL, 96, 263),
(23036, 1, 'product/268/96', 'institutions-offices/minimus-25mm-profile-snapframe-with-mitred-corners.html', 'catalog/product/view/id/268/category/96', 1, NULL, NULL, 96, 268),
(23037, 1, 'product/280/96', 'institutions-offices/cable-suspended-snapframes.html', 'catalog/product/view/id/280/category/96', 1, NULL, NULL, 96, 280),
(23038, 1, 'product/4/96', 'institutions-offices/zigzag-brochure-holders.html', 'catalog/product/view/id/4/category/96', 1, NULL, NULL, 96, 4),
(23039, 1, 'product/18/96', 'institutions-offices/magnetic-brochure-holder.html', 'catalog/product/view/id/18/category/96', 1, NULL, NULL, 96, 18),
(23040, 1, 'product/21/96', 'institutions-offices/budget-brochure-holder.html', 'catalog/product/view/id/21/category/96', 1, NULL, NULL, 96, 21),
(23041, 1, 'product/54/96', 'institutions-offices/double-roller-banners.html', 'catalog/product/view/id/54/category/96', 1, NULL, NULL, 96, 54),
(23042, 1, 'product/82/96', 'institutions-offices/magnetic-pop-up-banners.html', 'catalog/product/view/id/82/category/96', 1, NULL, NULL, 96, 82),
(23043, 1, 'product/141/96', 'institutions-offices/evolution-roll-banners.html', 'catalog/product/view/id/141/category/96', 1, NULL, NULL, 96, 141),
(23044, 1, 'product/146/96', 'institutions-offices/massive-roll-banners.html', 'catalog/product/view/id/146/category/96', 1, NULL, NULL, 96, 146),
(23045, 1, 'product/151/96', 'institutions-offices/premium-roll-banners.html', 'catalog/product/view/id/151/category/96', 1, NULL, NULL, 96, 151),
(23046, 1, 'product/155/96', 'institutions-offices/deluxe-roll-banners.html', 'catalog/product/view/id/155/category/96', 1, NULL, NULL, 96, 155),
(23047, 1, 'product/158/96', 'institutions-offices/extreme-roll-banners.html', 'catalog/product/view/id/158/category/96', 1, NULL, NULL, 96, 158),
(23048, 1, 'product/340/96', 'institutions-offices/poster-clamp.html', 'catalog/product/view/id/340/category/96', 1, NULL, NULL, 96, 340),
(23049, 1, 'product/347/96', 'institutions-offices/poster-hanger.html', 'catalog/product/view/id/347/category/96', 1, NULL, NULL, 96, 347),
(23050, 1, 'product/359/96', 'institutions-offices/acrylic-brochure-shelves.html', 'catalog/product/view/id/359/category/96', 1, NULL, NULL, 96, 359),
(23051, 1, 'product/373/96', 'institutions-offices/silver-banner-set-poster-hangers.html', 'catalog/product/view/id/373/category/96', 1, NULL, NULL, 96, 373),
(23052, 1, 'product/380/96', 'institutions-offices/silver-d-light.html', 'catalog/product/view/id/380/category/96', 1, NULL, NULL, 96, 380),
(23053, 1, 'product/386/96', 'institutions-offices/silver-edgelit-xt.html', 'catalog/product/view/id/386/category/96', 1, NULL, NULL, 96, 386),
(23054, 1, 'product/446/96', 'institutions-offices/silver-eco-roll-up-banner.html', 'catalog/product/view/id/446/category/96', 1, NULL, NULL, 96, 446),
(23055, 1, 'product/470/96', 'institutions-offices/triangle-roller-banners-pack-of-2.html', 'catalog/product/view/id/470/category/96', 1, NULL, NULL, 96, 470),
(23056, 1, 'product/478/96', 'institutions-offices/next-roller-banners-pack-of-8.html', 'catalog/product/view/id/478/category/96', 1, NULL, NULL, 96, 478),
(23057, 1, 'product/481/96', 'institutions-offices/twin-roller-banners-pack-of-4.html', 'catalog/product/view/id/481/category/96', 1, NULL, NULL, 96, 481),
(23058, 1, 'product/482/96', 'institutions-offices/easy-brochure-holder.html', 'catalog/product/view/id/482/category/96', 1, NULL, NULL, 96, 482),
(23059, 1, 'product/505/96', 'institutions-offices/brochure-shelves-steel.html', 'catalog/product/view/id/505/category/96', 1, NULL, NULL, 96, 505),
(23060, 1, 'product/508/96', 'institutions-offices/white-freelight-plus.html', 'catalog/product/view/id/508/category/96', 1, NULL, NULL, 96, 508),
(23061, 1, 'product/534/96', 'institutions-offices/promo-counters-convex-with-white-laminate-top.html', 'catalog/product/view/id/534/category/96', 1, NULL, NULL, 96, 534),
(23062, 1, 'product/561/96', 'institutions-offices/pop-fabric-premium-straight.html', 'catalog/product/view/id/561/category/96', 1, NULL, NULL, 96, 561),
(23063, 1, 'product/562/96', 'institutions-offices/6-panel-display-kit-with-single-header.html', 'catalog/product/view/id/562/category/96', 1, NULL, NULL, 96, 562),
(23064, 1, 'product/565/96', 'institutions-offices/7-panel-display-kit-with-single-header-triangular-table-top.html', 'catalog/product/view/id/565/category/96', 1, NULL, NULL, 96, 565),
(23065, 1, 'product/568/96', 'institutions-offices/8-panel-display-kit-with-twin-header.html', 'catalog/product/view/id/568/category/96', 1, NULL, NULL, 96, 568),
(23066, 1, 'product/571/96', 'institutions-offices/large-table-top-display-kit-with-single-header.html', 'catalog/product/view/id/571/category/96', 1, NULL, NULL, 96, 571),
(23067, 1, 'product/574/96', 'institutions-offices/small-table-top-display-kit-with-single-header.html', 'catalog/product/view/id/574/category/96', 1, NULL, NULL, 96, 574),
(23068, 1, 'product/587/96', 'institutions-offices/deluxe-brochure-holders.html', 'catalog/product/view/id/587/category/96', 1, NULL, NULL, 96, 587),
(23069, 1, 'product/633/96', 'institutions-offices/black-led-chalkboard.html', 'catalog/product/view/id/633/category/96', 1, NULL, NULL, 96, 633),
(23070, 1, 'product/636/96', 'institutions-offices/wood-led-chalkboard.html', 'catalog/product/view/id/636/category/96', 1, NULL, NULL, 96, 636),
(23071, 1, 'product/640/96', 'institutions-offices/frameless-led-chalkboard.html', 'catalog/product/view/id/640/category/96', 1, NULL, NULL, 96, 640),
(23072, 1, 'product/644/96', 'institutions-offices/counter-top-led-writing-board.html', 'catalog/product/view/id/644/category/96', 1, NULL, NULL, 96, 644),
(23073, 1, 'product/380/85', 'automotive-displays/silver-d-light.html', 'catalog/product/view/id/380/category/85', 1, NULL, NULL, 85, 380),
(23074, 1, 'product/386/85', 'automotive-displays/silver-edgelit-xt.html', 'catalog/product/view/id/386/category/85', 1, NULL, NULL, 85, 386),
(23075, 1, 'product/633/85', 'automotive-displays/black-led-chalkboard.html', 'catalog/product/view/id/633/category/85', 1, NULL, NULL, 85, 633),
(23076, 1, 'product/636/85', 'automotive-displays/wood-led-chalkboard.html', 'catalog/product/view/id/636/category/85', 1, NULL, NULL, 85, 636),
(23077, 1, 'product/640/85', 'automotive-displays/frameless-led-chalkboard.html', 'catalog/product/view/id/640/category/85', 1, NULL, NULL, 85, 640),
(23078, 1, 'product/644/85', 'automotive-displays/counter-top-led-writing-board.html', 'catalog/product/view/id/644/category/85', 1, NULL, NULL, 85, 644),
(23079, 1, 'product/105/85', 'automotive-displays/curved-fabric-displays.html', 'catalog/product/view/id/105/category/85', 1, NULL, NULL, 85, 105),
(23080, 1, 'product/136/85', 'automotive-displays/straight-fabric-displays.html', 'catalog/product/view/id/136/category/85', 1, NULL, NULL, 85, 136),
(23081, 1, 'product/206/85', 'automotive-displays/silver-15mm-profile-snapframes-with-mitred-corners.html', 'catalog/product/view/id/206/category/85', 1, NULL, NULL, 85, 206),
(23082, 1, 'product/213/85', 'automotive-displays/silver-25mm-profile-snapframes-with-mitred-corners.html', 'catalog/product/view/id/213/category/85', 1, NULL, NULL, 85, 213),
(23083, 1, 'product/219/85', 'automotive-displays/black-25mm-profile-snapframes-with-mitred-corners.html', 'catalog/product/view/id/219/category/85', 1, NULL, NULL, 85, 219),
(23084, 1, 'product/225/85', 'automotive-displays/white-25mm-profile-snapframes-with-mitred-corners.html', 'catalog/product/view/id/225/category/85', 1, NULL, NULL, 85, 225),
(23085, 1, 'product/231/85', 'automotive-displays/silver-25mm-profile-snapframes-with-round-corners.html', 'catalog/product/view/id/231/category/85', 1, NULL, NULL, 85, 231),
(23086, 1, 'product/240/85', 'automotive-displays/silver-32mm-profile-standard-snapframes-with-mitred-corners.html', 'catalog/product/view/id/240/category/85', 1, NULL, NULL, 85, 240),
(23087, 1, 'product/250/85', 'automotive-displays/silver-25mm-profile-security-snapframes-with-mitred-corners.html', 'catalog/product/view/id/250/category/85', 1, NULL, NULL, 85, 250),
(23088, 1, 'product/263/85', 'automotive-displays/silver-32mm-profile-lockable-snapframes-with-mitred-corners.html', 'catalog/product/view/id/263/category/85', 1, NULL, NULL, 85, 263),
(23089, 1, 'product/280/85', 'automotive-displays/cable-suspended-snapframes.html', 'catalog/product/view/id/280/category/85', 1, NULL, NULL, 85, 280),
(23090, 1, 'product/369/85', 'automotive-displays/silver-slide-in-framesdouble-sided.html', 'catalog/product/view/id/369/category/85', 1, NULL, NULL, 85, 369),
(23091, 1, 'product/422/85', 'automotive-displays/decorative-menuboard.html', 'catalog/product/view/id/422/category/85', 1, NULL, NULL, 85, 422),
(23092, 1, 'product/425/85', 'automotive-displays/portland-menustand.html', 'catalog/product/view/id/425/category/85', 1, NULL, NULL, 85, 425),
(23093, 1, 'product/509/85', 'automotive-displays/hi-light-menustand.html', 'catalog/product/view/id/509/category/85', 1, NULL, NULL, 85, 509),
(23094, 1, 'product/577/85', 'automotive-displays/arch-fabric-displays.html', 'catalog/product/view/id/577/category/85', 1, NULL, NULL, 85, 577),
(23095, 1, 'product/197/85', 'automotive-displays/forecourt-master.html', 'catalog/product/view/id/197/category/85', 1, NULL, NULL, 85, 197),
(23096, 1, 'product/497/85', 'automotive-displays/forecourt-master-pro-black.html', 'catalog/product/view/id/497/category/85', 1, NULL, NULL, 85, 497),
(23097, 1, 'product/8/253', 'estate-agents/postersnap.html', 'catalog/product/view/id/8/category/253', 1, NULL, NULL, 253, 8),
(23098, 1, 'product/331/253', 'estate-agents/headlinerlite-pack-of-2.html', 'catalog/product/view/id/331/category/253', 1, NULL, NULL, 253, 331),
(23099, 1, 'product/206/163', 'window-display/silver-15mm-profile-snapframes-with-mitred-corners.html', 'catalog/product/view/id/206/category/163', 1, NULL, NULL, 163, 206),
(23100, 1, 'product/213/163', 'window-display/silver-25mm-profile-snapframes-with-mitred-corners.html', 'catalog/product/view/id/213/category/163', 1, NULL, NULL, 163, 213),
(23101, 1, 'product/219/163', 'window-display/black-25mm-profile-snapframes-with-mitred-corners.html', 'catalog/product/view/id/219/category/163', 1, NULL, NULL, 163, 219),
(23102, 1, 'product/225/163', 'window-display/white-25mm-profile-snapframes-with-mitred-corners.html', 'catalog/product/view/id/225/category/163', 1, NULL, NULL, 163, 225),
(23103, 1, 'product/231/163', 'window-display/silver-25mm-profile-snapframes-with-round-corners.html', 'catalog/product/view/id/231/category/163', 1, NULL, NULL, 163, 231),
(23104, 1, 'product/240/163', 'window-display/silver-32mm-profile-standard-snapframes-with-mitred-corners.html', 'catalog/product/view/id/240/category/163', 1, NULL, NULL, 163, 240),
(23105, 1, 'product/250/163', 'window-display/silver-25mm-profile-security-snapframes-with-mitred-corners.html', 'catalog/product/view/id/250/category/163', 1, NULL, NULL, 163, 250),
(23106, 1, 'product/263/163', 'window-display/silver-32mm-profile-lockable-snapframes-with-mitred-corners.html', 'catalog/product/view/id/263/category/163', 1, NULL, NULL, 163, 263),
(23107, 1, 'product/268/163', 'window-display/minimus-25mm-profile-snapframe-with-mitred-corners.html', 'catalog/product/view/id/268/category/163', 1, NULL, NULL, 163, 268),
(23108, 1, 'product/280/163', 'window-display/cable-suspended-snapframes.html', 'catalog/product/view/id/280/category/163', 1, NULL, NULL, 163, 280),
(23109, 1, '60884800_1472123728', 'dealership-flags-29', 'dealership-flags-30', 0, 'RP', NULL, 86, NULL),
(23110, 1, '62521700_1472123728', 'dealership-flags-29/beachflag-wind.html', 'dealership-flags-30/beachflag-wind.html', 0, 'RP', NULL, 86, 29),
(23111, 1, '62901700_1472123728', 'dealership-flags-29/beachflag-drop.html', 'dealership-flags-30/beachflag-drop.html', 0, 'RP', NULL, 86, 35),
(23112, 1, '63449000_1472123728', 'dealership-flags-29/beachflag-square.html', 'dealership-flags-30/beachflag-square.html', 0, 'RP', NULL, 86, 39),
(23113, 1, '63879200_1472123728', 'dealership-flags-29/feather-flying-banners.html', 'dealership-flags-30/feather-flying-banners.html', 0, 'RP', NULL, 86, 437),
(23114, 1, '64458300_1472123728', 'dealership-flags-29/flag-pole-540.html', 'dealership-flags-30/flag-pole-540.html', 0, 'RP', NULL, 86, 588),
(23115, 1, '64794900_1472123728', 'dealership-flags-29/flag-pole-415.html', 'dealership-flags-30/flag-pole-415.html', 0, 'RP', NULL, 86, 589),
(23116, 1, '65113800_1472123728', 'dealership-flags-29/rectangular-flying-banners.html', 'dealership-flags-30/rectangular-flying-banners.html', 0, 'RP', NULL, 86, 615),
(23117, 1, '97195100_1472133820', 'commercial', 'institutions-offices', 0, 'RP', NULL, 96, NULL),
(23118, 1, '02359500_1472133821', 'commercial/zigzag-brochure-holders.html', 'institutions-offices/zigzag-brochure-holders.html', 0, 'RP', NULL, 96, 4),
(23119, 1, '02817400_1472133821', 'commercial/magnetic-brochure-holder.html', 'institutions-offices/magnetic-brochure-holder.html', 0, 'RP', NULL, 96, 18),
(23120, 1, '03227100_1472133821', 'commercial/budget-brochure-holder.html', 'institutions-offices/budget-brochure-holder.html', 0, 'RP', NULL, 96, 21),
(23121, 1, '03628800_1472133821', 'commercial/double-roller-banners.html', 'institutions-offices/double-roller-banners.html', 0, 'RP', NULL, 96, 54),
(23122, 1, '04140900_1472133821', 'commercial/magnetic-pop-up-banners.html', 'institutions-offices/magnetic-pop-up-banners.html', 0, 'RP', NULL, 96, 82),
(23123, 1, '04508300_1472133821', 'commercial/evolution-roll-banners.html', 'institutions-offices/evolution-roll-banners.html', 0, 'RP', NULL, 96, 141),
(23124, 1, '04866600_1472133821', 'commercial/massive-roll-banners.html', 'institutions-offices/massive-roll-banners.html', 0, 'RP', NULL, 96, 146),
(23125, 1, '05296800_1472133821', 'commercial/premium-roll-banners.html', 'institutions-offices/premium-roll-banners.html', 0, 'RP', NULL, 96, 151),
(23126, 1, '05676200_1472133821', 'commercial/deluxe-roll-banners.html', 'institutions-offices/deluxe-roll-banners.html', 0, 'RP', NULL, 96, 155),
(23127, 1, '05991200_1472133821', 'commercial/extreme-roll-banners.html', 'institutions-offices/extreme-roll-banners.html', 0, 'RP', NULL, 96, 158),
(23128, 1, '06522700_1472133821', 'commercial/silver-15mm-profile-snapframes-with-mitred-corners.html', 'institutions-offices/silver-15mm-profile-snapframes-with-mitred-corners.html', 0, 'RP', NULL, 96, 206),
(23129, 1, '06952400_1472133821', 'commercial/silver-25mm-profile-snapframes-with-mitred-corners.html', 'institutions-offices/silver-25mm-profile-snapframes-with-mitred-corners.html', 0, 'RP', NULL, 96, 213),
(23130, 1, '07306900_1472133821', 'commercial/black-25mm-profile-snapframes-with-mitred-corners.html', 'institutions-offices/black-25mm-profile-snapframes-with-mitred-corners.html', 0, 'RP', NULL, 96, 219),
(23131, 1, '07749000_1472133821', 'commercial/white-25mm-profile-snapframes-with-mitred-corners.html', 'institutions-offices/white-25mm-profile-snapframes-with-mitred-corners.html', 0, 'RP', NULL, 96, 225),
(23132, 1, '08110900_1472133821', 'commercial/silver-25mm-profile-snapframes-with-round-corners.html', 'institutions-offices/silver-25mm-profile-snapframes-with-round-corners.html', 0, 'RP', NULL, 96, 231),
(23133, 1, '08471000_1472133821', 'commercial/silver-32mm-profile-standard-snapframes-with-mitred-corners.html', 'institutions-offices/silver-32mm-profile-standard-snapframes-with-mitred-corners.html', 0, 'RP', NULL, 96, 240),
(23134, 1, '08963600_1472133821', 'commercial/silver-25mm-profile-security-snapframes-with-mitred-corners.html', 'institutions-offices/silver-25mm-profile-security-snapframes-with-mitred-corners.html', 0, 'RP', NULL, 96, 250),
(23135, 1, '09425300_1472133821', 'commercial/silver-32mm-profile-lockable-snapframes-with-mitred-corners.html', 'institutions-offices/silver-32mm-profile-lockable-snapframes-with-mitred-corners.html', 0, 'RP', NULL, 96, 263),
(23136, 1, '09927400_1472133821', 'commercial/minimus-25mm-profile-snapframe-with-mitred-corners.html', 'institutions-offices/minimus-25mm-profile-snapframe-with-mitred-corners.html', 0, 'RP', NULL, 96, 268),
(23137, 1, '10308300_1472133821', 'commercial/cable-suspended-snapframes.html', 'institutions-offices/cable-suspended-snapframes.html', 0, 'RP', NULL, 96, 280),
(23138, 1, '10771000_1472133821', 'commercial/poster-clamp.html', 'institutions-offices/poster-clamp.html', 0, 'RP', NULL, 96, 340),
(23139, 1, '11164600_1472133821', 'commercial/poster-hanger.html', 'institutions-offices/poster-hanger.html', 0, 'RP', NULL, 96, 347),
(23140, 1, '11463900_1472133821', 'commercial/acrylic-brochure-shelves.html', 'institutions-offices/acrylic-brochure-shelves.html', 0, 'RP', NULL, 96, 359),
(23141, 1, '11759900_1472133821', 'commercial/silver-banner-set-poster-hangers.html', 'institutions-offices/silver-banner-set-poster-hangers.html', 0, 'RP', NULL, 96, 373),
(23142, 1, '12034000_1472133821', 'commercial/silver-d-light.html', 'institutions-offices/silver-d-light.html', 0, 'RP', NULL, 96, 380),
(23143, 1, '12470400_1472133821', 'commercial/silver-edgelit-xt.html', 'institutions-offices/silver-edgelit-xt.html', 0, 'RP', NULL, 96, 386),
(23144, 1, '12808600_1472133821', 'commercial/silver-eco-roll-up-banner.html', 'institutions-offices/silver-eco-roll-up-banner.html', 0, 'RP', NULL, 96, 446),
(23145, 1, '13111500_1472133821', 'commercial/triangle-roller-banners-pack-of-2.html', 'institutions-offices/triangle-roller-banners-pack-of-2.html', 0, 'RP', NULL, 96, 470),
(23146, 1, '13531800_1472133821', 'commercial/next-roller-banners-pack-of-8.html', 'institutions-offices/next-roller-banners-pack-of-8.html', 0, 'RP', NULL, 96, 478),
(23147, 1, '13835400_1472133821', 'commercial/twin-roller-banners-pack-of-4.html', 'institutions-offices/twin-roller-banners-pack-of-4.html', 0, 'RP', NULL, 96, 481),
(23148, 1, '14169500_1472133821', 'commercial/easy-brochure-holder.html', 'institutions-offices/easy-brochure-holder.html', 0, 'RP', NULL, 96, 482),
(23149, 1, '14485900_1472133821', 'commercial/brochure-shelves-steel.html', 'institutions-offices/brochure-shelves-steel.html', 0, 'RP', NULL, 96, 505),
(23150, 1, '14854800_1472133821', 'commercial/white-freelight-plus.html', 'institutions-offices/white-freelight-plus.html', 0, 'RP', NULL, 96, 508),
(23151, 1, '15332500_1472133821', 'commercial/promo-counters-convex-with-white-laminate-top.html', 'institutions-offices/promo-counters-convex-with-white-laminate-top.html', 0, 'RP', NULL, 96, 534),
(23152, 1, '15751100_1472133821', 'commercial/pop-fabric-premium-straight.html', 'institutions-offices/pop-fabric-premium-straight.html', 0, 'RP', NULL, 96, 561),
(23153, 1, '16247500_1472133821', 'commercial/6-panel-display-kit-with-single-header.html', 'institutions-offices/6-panel-display-kit-with-single-header.html', 0, 'RP', NULL, 96, 562),
(23154, 1, '16661000_1472133821', 'commercial/7-panel-display-kit-with-single-header-triangular-table-top.html', 'institutions-offices/7-panel-display-kit-with-single-header-triangular-table-top.html', 0, 'RP', NULL, 96, 565),
(23155, 1, '17080000_1472133821', 'commercial/8-panel-display-kit-with-twin-header.html', 'institutions-offices/8-panel-display-kit-with-twin-header.html', 0, 'RP', NULL, 96, 568),
(23156, 1, '17465200_1472133821', 'commercial/large-table-top-display-kit-with-single-header.html', 'institutions-offices/large-table-top-display-kit-with-single-header.html', 0, 'RP', NULL, 96, 571),
(23157, 1, '17872600_1472133821', 'commercial/small-table-top-display-kit-with-single-header.html', 'institutions-offices/small-table-top-display-kit-with-single-header.html', 0, 'RP', NULL, 96, 574),
(23158, 1, '18227100_1472133821', 'commercial/deluxe-brochure-holders.html', 'institutions-offices/deluxe-brochure-holders.html', 0, 'RP', NULL, 96, 587),
(23159, 1, '18576700_1472133821', 'commercial/black-led-chalkboard.html', 'institutions-offices/black-led-chalkboard.html', 0, 'RP', NULL, 96, 633),
(23160, 1, '18954600_1472133821', 'commercial/wood-led-chalkboard.html', 'institutions-offices/wood-led-chalkboard.html', 0, 'RP', NULL, 96, 636),
(23161, 1, '19330300_1472133821', 'commercial/frameless-led-chalkboard.html', 'institutions-offices/frameless-led-chalkboard.html', 0, 'RP', NULL, 96, 640),
(23162, 1, '19711900_1472133821', 'commercial/counter-top-led-writing-board.html', 'institutions-offices/counter-top-led-writing-board.html', 0, 'RP', NULL, 96, 644),
(23163, 1, '14220500_1472212827', 'retail-pos-display-stands/black-cafe-barrier.html', 'retail-pos-display-stands/cafe-barrier.html', 0, 'RP', NULL, 33, 604),
(23164, 1, '14551000_1472212827', 'outdoor-events/black-cafe-barrier.html', 'outdoor-events/cafe-barrier.html', 0, 'RP', NULL, 79, 604),
(23165, 1, '14881100_1472212827', 'crowd-control-barriers/black-cafe-barrier.html', 'crowd-control-barriers/cafe-barrier.html', 0, 'RP', NULL, 153, 604),
(23166, 1, '15210800_1472212827', 'cafe-barriers/black-cafe-barrier.html', 'cafe-barriers/cafe-barrier.html', 0, 'RP', NULL, 154, 604),
(23167, 1, '15418100_1472212827', 'black-cafe-barrier.html', 'cafe-barrier.html', 0, 'RP', NULL, NULL, 604),
(23168, 1, 'category/260', 'flag-bases-1', 'catalog/category/view/id/260', 1, NULL, NULL, 260, NULL),
(23169, 1, 'product/523/232', 'accesories/cross-base.html', 'catalog/product/view/id/523/category/232', 1, NULL, NULL, 232, 523),
(23170, 1, 'product/523/260', 'flag-bases-1/cross-base.html', 'catalog/product/view/id/523/category/260', 1, NULL, NULL, 260, 523),
(23171, 1, 'product/524/260', 'flag-bases-1/water-bag.html', 'catalog/product/view/id/524/category/260', 1, NULL, NULL, 260, 524),
(23172, 1, 'product/529/260', 'flag-bases-1/wheel-base.html', 'catalog/product/view/id/529/category/260', 1, NULL, NULL, 260, 529);
INSERT INTO `core_url_rewrite` (`url_rewrite_id`, `store_id`, `id_path`, `request_path`, `target_path`, `is_system`, `options`, `description`, `category_id`, `product_id`) VALUES
(23173, 1, 'product/525/260', 'flag-bases-1/ground-spike.html', 'catalog/product/view/id/525/category/260', 1, NULL, NULL, 260, 525),
(23174, 1, 'product/528/260', 'flag-bases-1/tank-bearing-assembly-only.html', 'catalog/product/view/id/528/category/260', 1, NULL, NULL, 260, 528),
(23175, 1, 'product/527/260', 'flag-bases-1/tank-base-without-bearing-assembly.html', 'catalog/product/view/id/527/category/260', 1, NULL, NULL, 260, 527),
(23176, 1, 'product/526/260', 'flag-bases-1/tank-base-with-bearing-assembly.html', 'catalog/product/view/id/526/category/260', 1, NULL, NULL, 260, 526),
(23179, 1, '33896000_1472218322', 'flag-poles', 'giant-flag', 0, 'RP', NULL, 44, NULL),
(23180, 1, '36351400_1472218322', 'flag-poles/giant-pole.html', 'giant-flag/giant-pole.html', 0, 'RP', NULL, 44, 522),
(23181, 1, '36743400_1472218322', 'flag-poles/flag-pole-540.html', 'giant-flag/flag-pole-540.html', 0, 'RP', NULL, 44, 588),
(23182, 1, '37066800_1472218322', 'flag-poles/flag-pole-415.html', 'giant-flag/flag-pole-415.html', 0, 'RP', NULL, 44, 589),
(23183, 1, 'category/261', 'projecting-flags', 'catalog/category/view/id/261', 1, NULL, NULL, 261, NULL),
(23184, 1, 'product/520/261', 'projecting-flags/noscrewz-flag-kit.html', 'catalog/product/view/id/520/category/261', 1, NULL, NULL, 261, 520),
(23185, 1, 'product/519/261', 'projecting-flags/standard-flag-kit.html', 'catalog/product/view/id/519/category/261', 1, NULL, NULL, 261, 519),
(23186, 1, '71541600_1472219089', 'flag-base', 'flag-bases-1', 0, 'RP', NULL, 260, NULL),
(23187, 1, '73413700_1472219089', 'flag-base/cross-base.html', 'flag-bases-1/cross-base.html', 0, 'RP', NULL, 260, 523),
(23188, 1, '73772200_1472219089', 'flag-base/water-bag.html', 'flag-bases-1/water-bag.html', 0, 'RP', NULL, 260, 524),
(23189, 1, '74155900_1472219089', 'flag-base/ground-spike.html', 'flag-bases-1/ground-spike.html', 0, 'RP', NULL, 260, 525),
(23190, 1, '74544200_1472219089', 'flag-base/tank-base-with-bearing-assembly.html', 'flag-bases-1/tank-base-with-bearing-assembly.html', 0, 'RP', NULL, 260, 526),
(23191, 1, '74954500_1472219089', 'flag-base/tank-base-without-bearing-assembly.html', 'flag-bases-1/tank-base-without-bearing-assembly.html', 0, 'RP', NULL, 260, 527),
(23192, 1, '75342800_1472219089', 'flag-base/tank-bearing-assembly-only.html', 'flag-bases-1/tank-bearing-assembly-only.html', 0, 'RP', NULL, 260, 528),
(23193, 1, '75724200_1472219089', 'flag-base/wheel-base.html', 'flag-bases-1/wheel-base.html', 0, 'RP', NULL, 260, 529),
(23194, 1, 'product/645/38', 'outdoor-displays/teardrop-flag-custom-printed.html', 'catalog/product/view/id/645/category/38', 1, NULL, NULL, 38, 645),
(23195, 1, 'product/645/39', 'flag-banners/teardrop-flag-custom-printed.html', 'catalog/product/view/id/645/category/39', 1, NULL, NULL, 39, 645),
(23196, 1, 'product/645/41', 'teardrop-flag-banners/teardrop-flag-custom-printed.html', 'catalog/product/view/id/645/category/41', 1, NULL, NULL, 41, 645),
(23197, 1, 'product/645/79', 'outdoor-events/teardrop-flag-custom-printed.html', 'catalog/product/view/id/645/category/79', 1, NULL, NULL, 79, 645),
(23198, 1, 'product/645', 'teardrop-flag-custom-printed.html', 'catalog/product/view/id/645', 1, NULL, NULL, NULL, 645),
(23199, 1, '19621700_1472467827', 'outdoor-displays/teardrop-flying-banners-645.html', 'outdoor-displays/teardrop-flag-custom-printed.html', 0, 'RP', NULL, 38, 645),
(23200, 1, '19863600_1472467827', 'flag-banners/teardrop-flying-banners-645.html', 'flag-banners/teardrop-flag-custom-printed.html', 0, 'RP', NULL, 39, 645),
(23201, 1, '20099300_1472467827', 'teardrop-flag-banners/teardrop-flying-banners-645.html', 'teardrop-flag-banners/teardrop-flag-custom-printed.html', 0, 'RP', NULL, 41, 645),
(23202, 1, '20278900_1472467827', 'outdoor-events/teardrop-flying-banners-645.html', 'outdoor-events/teardrop-flag-custom-printed.html', 0, 'RP', NULL, 79, 645),
(23203, 1, '20920300_1472467827', 'teardrop-flying-banners-645.html', 'teardrop-flag-custom-printed.html', 0, 'RP', NULL, NULL, 645),
(23204, 1, 'product/646', 'teardrop-flag-custom-printed-small.html', 'catalog/product/view/id/646', 1, NULL, NULL, NULL, 646),
(23205, 1, 'product/647', 'teardrop-flag-custom-printed-medium.html', 'catalog/product/view/id/647', 1, NULL, NULL, NULL, 647),
(23206, 1, 'product/648', 'teardrop-flag-custom-printed-large.html', 'catalog/product/view/id/648', 1, NULL, NULL, NULL, 648),
(23207, 1, 'product/649/38', 'outdoor-displays/feather-flag-custom-printed.html', 'catalog/product/view/id/649/category/38', 1, NULL, NULL, 38, 649),
(23208, 1, 'product/649/39', 'flag-banners/feather-flag-custom-printed.html', 'catalog/product/view/id/649/category/39', 1, NULL, NULL, 39, 649),
(23210, 1, 'product/649/79', 'outdoor-events/feather-flag-custom-printed.html', 'catalog/product/view/id/649/category/79', 1, NULL, NULL, 79, 649),
(23211, 1, 'product/649', 'feather-flag-custom-printed.html', 'catalog/product/view/id/649', 1, NULL, NULL, NULL, 649),
(23212, 1, '56553800_1472468850', 'outdoor-displays/teardrop-flag-custom-printed-649.html', 'outdoor-displays/feather-flag-custom-printed.html', 0, 'RP', NULL, 38, 649),
(23213, 1, '56844100_1472468850', 'flag-banners/teardrop-flag-custom-printed-649.html', 'flag-banners/feather-flag-custom-printed.html', 0, 'RP', NULL, 39, 649),
(23215, 1, '57266100_1472468850', 'outdoor-events/teardrop-flag-custom-printed-649.html', 'outdoor-events/feather-flag-custom-printed.html', 0, 'RP', NULL, 79, 649),
(23216, 1, '57480500_1472468850', 'teardrop-flag-custom-printed-649.html', 'feather-flag-custom-printed.html', 0, 'RP', NULL, NULL, 649),
(23217, 1, 'product/649/40', 'feather-flag-banners/feather-flag-custom-printed.html', 'catalog/product/view/id/649/category/40', 1, NULL, NULL, 40, 649),
(23218, 1, 'product/650', 'feather-flag-custom-printed-small.html', 'catalog/product/view/id/650', 1, NULL, NULL, NULL, 650),
(23219, 1, 'product/651', 'feather-flag-custom-printed-medium.html', 'catalog/product/view/id/651', 1, NULL, NULL, NULL, 651),
(23220, 1, 'product/652', 'feather-flag-custom-printed-large.html', 'catalog/product/view/id/652', 1, NULL, NULL, NULL, 652),
(23221, 1, 'product/653/38', 'outdoor-displays/rectangular-flag-custom-printed.html', 'catalog/product/view/id/653/category/38', 1, NULL, NULL, 38, 653),
(23222, 1, 'product/653/39', 'flag-banners/rectangular-flag-custom-printed.html', 'catalog/product/view/id/653/category/39', 1, NULL, NULL, 39, 653),
(23224, 1, 'product/653/79', 'outdoor-events/rectangular-flag-custom-printed.html', 'catalog/product/view/id/653/category/79', 1, NULL, NULL, 79, 653),
(23225, 1, 'product/653', 'rectangular-flag-custom-printed.html', 'catalog/product/view/id/653', 1, NULL, NULL, NULL, 653),
(23226, 1, '29888500_1472471545', 'outdoor-displays/feather-flag-custom-printed-653.html', 'outdoor-displays/rectangular-flag-custom-printed.html', 0, 'RP', NULL, 38, 653),
(23227, 1, '30122600_1472471545', 'flag-banners/feather-flag-custom-printed-653.html', 'flag-banners/rectangular-flag-custom-printed.html', 0, 'RP', NULL, 39, 653),
(23229, 1, '30492300_1472471545', 'outdoor-events/feather-flag-custom-printed-653.html', 'outdoor-events/rectangular-flag-custom-printed.html', 0, 'RP', NULL, 79, 653),
(23230, 1, '30780600_1472471545', 'feather-flag-custom-printed-653.html', 'rectangular-flag-custom-printed.html', 0, 'RP', NULL, NULL, 653),
(23231, 1, 'product/653/42', 'rectangular-flag-banners/rectangular-flag-custom-printed.html', 'catalog/product/view/id/653/category/42', 1, NULL, NULL, 42, 653),
(23232, 1, 'product/654', 'rectangular-flag-custom-printed-small.html', 'catalog/product/view/id/654', 1, NULL, NULL, NULL, 654),
(23233, 1, 'product/655', 'rectangular-flag-custom-printed-medium.html', 'catalog/product/view/id/655', 1, NULL, NULL, NULL, 655),
(23234, 1, 'product/656', 'rectangular-flag-custom-printed-large.html', 'catalog/product/view/id/656', 1, NULL, NULL, NULL, 656),
(23235, 1, '18733200_1472822718', 'outdoor-displays/black-slimlok-poster-case-with-door-stays.html', 'outdoor-displays/black-slim-poster-case-with-door-stays.html', 0, 'RP', NULL, 38, 308),
(23236, 1, '19030900_1472822718', 'poster-displays/black-slimlok-poster-case-with-door-stays.html', 'poster-displays/black-slim-poster-case-with-door-stays.html', 0, 'RP', NULL, 52, 308),
(23237, 1, '19291700_1472822718', 'catering-leisure/black-slimlok-poster-case-with-door-stays.html', 'catering-leisure/black-slim-poster-case-with-door-stays.html', 0, 'RP', NULL, 60, 308),
(23238, 1, '19531200_1472822718', 'slim-poster-case/black-slimlok-poster-case-with-door-stays.html', 'slim-poster-case/black-slim-poster-case-with-door-stays.html', 0, 'RP', NULL, 233, 308),
(23239, 1, '19809300_1472822718', 'black-slimlok-poster-case-with-door-stays.html', 'black-slim-poster-case-with-door-stays.html', 0, 'RP', NULL, NULL, 308),
(23240, 1, '93901000_1472822761', 'outdoor-displays/silver-slimlok-poster-case-with-door-stays.html', 'outdoor-displays/silver-slim-poster-case-with-door-stays.html', 0, 'RP', NULL, 38, 303),
(23241, 1, '94128000_1472822761', 'poster-displays/silver-slimlok-poster-case-with-door-stays.html', 'poster-displays/silver-slim-poster-case-with-door-stays.html', 0, 'RP', NULL, 52, 303),
(23242, 1, '94347700_1472822761', 'catering-leisure/silver-slimlok-poster-case-with-door-stays.html', 'catering-leisure/silver-slim-poster-case-with-door-stays.html', 0, 'RP', NULL, 60, 303),
(23243, 1, '94563000_1472822761', 'slim-poster-case/silver-slimlok-poster-case-with-door-stays.html', 'slim-poster-case/silver-slim-poster-case-with-door-stays.html', 0, 'RP', NULL, 233, 303),
(23244, 1, '94763200_1472822761', 'silver-slimlok-poster-case-with-door-stays.html', 'silver-slim-poster-case-with-door-stays.html', 0, 'RP', NULL, NULL, 303),
(23245, 1, '15774200_1472822776', 'outdoor-displays/black-slimlok-poster-case-without-door-stays.html', 'outdoor-displays/black-slim-poster-case-without-door-stays.html', 0, 'RP', NULL, 38, 298),
(23246, 1, '15957800_1472822776', 'poster-displays/black-slimlok-poster-case-without-door-stays.html', 'poster-displays/black-slim-poster-case-without-door-stays.html', 0, 'RP', NULL, 52, 298),
(23247, 1, '16136200_1472822776', 'catering-leisure/black-slimlok-poster-case-without-door-stays.html', 'catering-leisure/black-slim-poster-case-without-door-stays.html', 0, 'RP', NULL, 60, 298),
(23248, 1, '16329200_1472822776', 'slim-poster-case/black-slimlok-poster-case-without-door-stays.html', 'slim-poster-case/black-slim-poster-case-without-door-stays.html', 0, 'RP', NULL, 233, 298),
(23249, 1, '16519500_1472822776', 'black-slimlok-poster-case-without-door-stays.html', 'black-slim-poster-case-without-door-stays.html', 0, 'RP', NULL, NULL, 298),
(23250, 1, '63280000_1472822801', 'outdoor-displays/silver-slimlok-poster-case-without-door-stays.html', 'outdoor-displays/silver-slim-poster-case-without-door-stays.html', 0, 'RP', NULL, 38, 289),
(23251, 1, '64258400_1472822801', 'poster-displays/silver-slimlok-poster-case-without-door-stays.html', 'poster-displays/silver-slim-poster-case-without-door-stays.html', 0, 'RP', NULL, 52, 289),
(23252, 1, '64440900_1472822801', 'catering-leisure/silver-slimlok-poster-case-without-door-stays.html', 'catering-leisure/silver-slim-poster-case-without-door-stays.html', 0, 'RP', NULL, 60, 289),
(23253, 1, '64619500_1472822801', 'slim-poster-case/silver-slimlok-poster-case-without-door-stays.html', 'slim-poster-case/silver-slim-poster-case-without-door-stays.html', 0, 'RP', NULL, 233, 289),
(23254, 1, '64797800_1472822801', 'silver-slimlok-poster-case-without-door-stays.html', 'silver-slim-poster-case-without-door-stays.html', 0, 'RP', NULL, NULL, 289),
(23255, 1, '76652100_1472822889', 'outdoor-displays/hi-sight-a0.html', 'outdoor-displays/xl-poster-sight-case-a0.html', 0, 'RP', NULL, 38, 324),
(23256, 1, '76858300_1472822889', 'poster-displays/hi-sight-a0.html', 'poster-displays/xl-poster-sight-case-a0.html', 0, 'RP', NULL, 52, 324),
(23257, 1, '77072000_1472822889', 'catering-leisure/hi-sight-a0.html', 'catering-leisure/xl-poster-sight-case-a0.html', 0, 'RP', NULL, 60, 324),
(23258, 1, '77354400_1472822889', 'hi-sight-a0.html', 'xl-poster-sight-case-a0.html', 0, 'RP', NULL, NULL, 324),
(23259, 1, '15316200_1472822908', 'outdoor-displays/hi-sight-30-x-40.html', 'outdoor-displays/xl-poster-sight-case-30-x-40.html', 0, 'RP', NULL, 38, 325),
(23260, 1, '15516300_1472822908', 'poster-displays/hi-sight-30-x-40.html', 'poster-displays/xl-poster-sight-case-30-x-40.html', 0, 'RP', NULL, 52, 325),
(23261, 1, '15717100_1472822908', 'hi-sight-30-x-40.html', 'xl-poster-sight-case-30-x-40.html', 0, 'RP', NULL, NULL, 325),
(23262, 1, '01455800_1472822922', 'outdoor-displays/hi-sight-40-x-60.html', 'outdoor-displays/xl-poster-sight-case-40-x-60.html', 0, 'RP', NULL, 38, 326),
(23263, 1, '01671600_1472822922', 'poster-displays/hi-sight-40-x-60.html', 'poster-displays/xl-poster-sight-case-40-x-60.html', 0, 'RP', NULL, 52, 326),
(23264, 1, '01901900_1472822922', 'hi-sight-40-x-60.html', 'xl-poster-sight-case-40-x-60.html', 0, 'RP', NULL, NULL, 326),
(23265, 1, '88440600_1472823024', 'outdoor-displays/sentinel-banner-large.html', 'outdoor-displays/xl-swing-master-banner-large.html', 0, 'RP', NULL, 38, 201),
(23266, 1, '88734700_1472823024', 'forecourt-signs/sentinel-banner-large.html', 'forecourt-signs/xl-swing-master-banner-large.html', 0, 'RP', NULL, 51, 201),
(23267, 1, '88911500_1472823024', 'sentinel-banner-large.html', 'xl-swing-master-banner-large.html', 0, 'RP', NULL, NULL, 201),
(23268, 1, '45891500_1472823029', 'outdoor-displays/sentinel-banner-small.html', 'outdoor-displays/xl-swing-master-banner-small.html', 0, 'RP', NULL, 38, 200),
(23269, 1, '46094200_1472823029', 'forecourt-signs/sentinel-banner-small.html', 'forecourt-signs/xl-swing-master-banner-small.html', 0, 'RP', NULL, 51, 200),
(23270, 1, '46271200_1472823029', 'sentinel-banner-small.html', 'xl-swing-master-banner-small.html', 0, 'RP', NULL, NULL, 200),
(23271, 1, '19900200_1472823036', 'outdoor-displays/sentinel-40-x-60.html', 'outdoor-displays/xl-swing-master-40-x-60.html', 0, 'RP', NULL, 38, 192),
(23272, 1, '20106400_1472823036', 'forecourt-signs/sentinel-40-x-60.html', 'forecourt-signs/xl-swing-master-40-x-60.html', 0, 'RP', NULL, 51, 192),
(23273, 1, '20317200_1472823036', 'sentinel-40-x-60.html', 'xl-swing-master-40-x-60.html', 0, 'RP', NULL, NULL, 192),
(23274, 1, '90790700_1472823038', 'outdoor-displays/sentinel-30-x-40.html', 'outdoor-displays/xl-swing-master-30-x-40.html', 0, 'RP', NULL, 38, 191),
(23275, 1, '91164100_1472823038', 'forecourt-signs/sentinel-30-x-40.html', 'forecourt-signs/xl-swing-master-30-x-40.html', 0, 'RP', NULL, 51, 191),
(23276, 1, '91510700_1472823038', 'sentinel-30-x-40.html', 'xl-swing-master-30-x-40.html', 0, 'RP', NULL, NULL, 191),
(23277, 1, '13530800_1472823044', 'outdoor-displays/sentinel-a0.html', 'outdoor-displays/xl-swing-master-a0.html', 0, 'RP', NULL, 38, 190),
(23278, 1, '13731400_1472823044', 'forecourt-signs/sentinel-a0.html', 'forecourt-signs/xl-swing-master-a0.html', 0, 'RP', NULL, 51, 190),
(23279, 1, '13903100_1472823044', 'sentinel-a0.html', 'xl-swing-master-a0.html', 0, 'RP', NULL, NULL, 190),
(23280, 1, '02292600_1472823130', 'outdoor-displays/sightmaster-2-30-x-40.html', 'outdoor-displays/forecourt-master-30-x-40.html', 0, 'RP', NULL, 38, 196),
(23281, 1, '02688100_1472823130', 'forecourt-signs/sightmaster-2-30-x-40.html', 'forecourt-signs/forecourt-master-30-x-40.html', 0, 'RP', NULL, 51, 196),
(23282, 1, '02894200_1472823130', 'sightmaster-2-30-x-40.html', 'forecourt-master-30-x-40.html', 0, 'RP', NULL, NULL, 196),
(23283, 1, '46066600_1472823134', 'outdoor-displays/sightmaster-2-a0.html', 'outdoor-displays/forecourt-master-a0.html', 0, 'RP', NULL, 38, 195),
(23284, 1, '46271300_1472823134', 'forecourt-signs/sightmaster-2-a0.html', 'forecourt-signs/forecourt-master-a0.html', 0, 'RP', NULL, 51, 195),
(23285, 1, '46457000_1472823134', 'sightmaster-2-a0.html', 'forecourt-master-a0.html', 0, 'RP', NULL, NULL, 195),
(23286, 1, '79421600_1472823139', 'outdoor-displays/sightmaster-2-a1.html', 'outdoor-displays/forecourt-master-a1.html', 0, 'RP', NULL, 38, 194),
(23287, 1, '79605400_1472823139', 'forecourt-signs/sightmaster-2-a1.html', 'forecourt-signs/forecourt-master-a1.html', 0, 'RP', NULL, 51, 194),
(23288, 1, '79781000_1472823139', 'sightmaster-2-a1.html', 'forecourt-master-a1.html', 0, 'RP', NULL, NULL, 194),
(23289, 1, '43147300_1472823196', 'outdoor-displays/defender-40-x-60.html', 'outdoor-displays/concrete-xl-master-40-x-60.html', 0, 'RP', NULL, 38, 199),
(23290, 1, '43341300_1472823196', 'forecourt-signs/defender-40-x-60.html', 'forecourt-signs/concrete-xl-master-40-x-60.html', 0, 'RP', NULL, 51, 199),
(23291, 1, '43519800_1472823196', 'defender-40-x-60.html', 'concrete-xl-master-40-x-60.html', 0, 'RP', NULL, NULL, 199),
(23292, 1, '46024300_1472823416', 'outdoor-displays/xl-poster-master-banner-large.html', 'outdoor-displays/xl-swing-master-banner-large.html', 0, 'RP', NULL, 38, 201),
(23293, 1, '46233000_1472823416', 'forecourt-signs/xl-poster-master-banner-large.html', 'forecourt-signs/xl-swing-master-banner-large.html', 0, 'RP', NULL, 51, 201),
(23294, 1, '46432200_1472823416', 'xl-poster-master-banner-large.html', 'xl-swing-master-banner-large.html', 0, 'RP', NULL, NULL, 201),
(23295, 1, '33930800_1472823433', 'outdoor-displays/xl-poster-master-banner-small.html', 'outdoor-displays/xl-swing-master-banner-small.html', 0, 'RP', NULL, 38, 200),
(23296, 1, '34176500_1472823433', 'forecourt-signs/xl-poster-master-banner-small.html', 'forecourt-signs/xl-swing-master-banner-small.html', 0, 'RP', NULL, 51, 200),
(23297, 1, '34396000_1472823433', 'xl-poster-master-banner-small.html', 'xl-swing-master-banner-small.html', 0, 'RP', NULL, NULL, 200),
(23298, 1, '20663400_1472823443', 'outdoor-displays/xl-poster-master-40-x-60.html', 'outdoor-displays/xl-swing-master-40-x-60.html', 0, 'RP', NULL, 38, 192),
(23299, 1, '20940500_1472823443', 'forecourt-signs/xl-poster-master-40-x-60.html', 'forecourt-signs/xl-swing-master-40-x-60.html', 0, 'RP', NULL, 51, 192),
(23300, 1, '21173900_1472823443', 'xl-poster-master-40-x-60.html', 'xl-swing-master-40-x-60.html', 0, 'RP', NULL, NULL, 192),
(23301, 1, '76495600_1472823451', 'outdoor-displays/xl-poster-master-30-x-40.html', 'outdoor-displays/xl-swing-master-30-x-40.html', 0, 'RP', NULL, 38, 191),
(23302, 1, '76690800_1472823451', 'forecourt-signs/xl-poster-master-30-x-40.html', 'forecourt-signs/xl-swing-master-30-x-40.html', 0, 'RP', NULL, 51, 191),
(23303, 1, '76872300_1472823451', 'xl-poster-master-30-x-40.html', 'xl-swing-master-30-x-40.html', 0, 'RP', NULL, NULL, 191),
(23304, 1, '73766000_1472823467', 'outdoor-displays/xl-poster-master-a0.html', 'outdoor-displays/xl-swing-master-a0.html', 0, 'RP', NULL, 38, 190),
(23305, 1, '74043100_1472823467', 'forecourt-signs/xl-poster-master-a0.html', 'forecourt-signs/xl-swing-master-a0.html', 0, 'RP', NULL, 51, 190),
(23306, 1, '74297900_1472823467', 'xl-poster-master-a0.html', 'xl-swing-master-a0.html', 0, 'RP', NULL, NULL, 190);

-- --------------------------------------------------------

--
-- Table structure for table `core_variable`
--

CREATE TABLE `core_variable` (
  `variable_id` int(10) UNSIGNED NOT NULL COMMENT 'Variable Id',
  `code` varchar(255) DEFAULT NULL COMMENT 'Variable Code',
  `name` varchar(255) DEFAULT NULL COMMENT 'Variable Name'
) ENGINE=InnoDB DEFAULT CHARSET=utf8 COMMENT='Variables';

-- --------------------------------------------------------

--
-- Table structure for table `core_variable_value`
--

CREATE TABLE `core_variable_value` (
  `value_id` int(10) UNSIGNED NOT NULL COMMENT 'Variable Value Id',
  `variable_id` int(10) UNSIGNED NOT NULL DEFAULT '0' COMMENT 'Variable Id',
  `store_id` smallint(5) UNSIGNED NOT NULL DEFAULT '0' COMMENT 'Store Id',
  `plain_value` text COMMENT 'Plain Text Value',
  `html_value` text COMMENT 'Html Value'
) ENGINE=InnoDB DEFAULT CHARSET=utf8 COMMENT='Variable Value';

-- --------------------------------------------------------

--
-- Table structure for table `core_website`
--

CREATE TABLE `core_website` (
  `website_id` smallint(5) UNSIGNED NOT NULL COMMENT 'Website Id',
  `code` varchar(32) DEFAULT NULL COMMENT 'Code',
  `name` varchar(64) DEFAULT NULL COMMENT 'Website Name',
  `sort_order` smallint(5) UNSIGNED NOT NULL DEFAULT '0' COMMENT 'Sort Order',
  `default_group_id` smallint(5) UNSIGNED NOT NULL DEFAULT '0' COMMENT 'Default Group Id',
  `is_default` smallint(5) UNSIGNED DEFAULT '0' COMMENT 'Defines Is Website Default'
) ENGINE=InnoDB DEFAULT CHARSET=utf8 COMMENT='Websites';

--
-- Dumping data for table `core_website`
--

INSERT INTO `core_website` (`website_id`, `code`, `name`, `sort_order`, `default_group_id`, `is_default`) VALUES
(0, 'admin', 'Admin', 0, 0, 0),
(1, 'base', 'Scribo Display', 0, 1, 1);

-- --------------------------------------------------------

--
-- Table structure for table `coupon_aggregated`
--

CREATE TABLE `coupon_aggregated` (
  `id` int(10) UNSIGNED NOT NULL COMMENT 'Id',
  `period` date NOT NULL COMMENT 'Period',
  `store_id` smallint(5) UNSIGNED DEFAULT NULL COMMENT 'Store Id',
  `order_status` varchar(50) DEFAULT NULL COMMENT 'Order Status',
  `coupon_code` varchar(50) DEFAULT NULL COMMENT 'Coupon Code',
  `coupon_uses` int(11) NOT NULL DEFAULT '0' COMMENT 'Coupon Uses',
  `subtotal_amount` decimal(12,4) NOT NULL DEFAULT '0.0000' COMMENT 'Subtotal Amount',
  `discount_amount` decimal(12,4) NOT NULL DEFAULT '0.0000' COMMENT 'Discount Amount',
  `total_amount` decimal(12,4) NOT NULL DEFAULT '0.0000' COMMENT 'Total Amount',
  `subtotal_amount_actual` decimal(12,4) NOT NULL DEFAULT '0.0000' COMMENT 'Subtotal Amount Actual',
  `discount_amount_actual` decimal(12,4) NOT NULL DEFAULT '0.0000' COMMENT 'Discount Amount Actual',
  `total_amount_actual` decimal(12,4) NOT NULL DEFAULT '0.0000' COMMENT 'Total Amount Actual',
  `rule_name` varchar(255) DEFAULT NULL COMMENT 'Rule Name'
) ENGINE=InnoDB DEFAULT CHARSET=utf8 COMMENT='Coupon Aggregated';

-- --------------------------------------------------------

--
-- Table structure for table `coupon_aggregated_order`
--

CREATE TABLE `coupon_aggregated_order` (
  `id` int(10) UNSIGNED NOT NULL COMMENT 'Id',
  `period` date NOT NULL COMMENT 'Period',
  `store_id` smallint(5) UNSIGNED DEFAULT NULL COMMENT 'Store Id',
  `order_status` varchar(50) DEFAULT NULL COMMENT 'Order Status',
  `coupon_code` varchar(50) DEFAULT NULL COMMENT 'Coupon Code',
  `coupon_uses` int(11) NOT NULL DEFAULT '0' COMMENT 'Coupon Uses',
  `subtotal_amount` decimal(12,4) NOT NULL DEFAULT '0.0000' COMMENT 'Subtotal Amount',
  `discount_amount` decimal(12,4) NOT NULL DEFAULT '0.0000' COMMENT 'Discount Amount',
  `total_amount` decimal(12,4) NOT NULL DEFAULT '0.0000' COMMENT 'Total Amount',
  `rule_name` varchar(255) DEFAULT NULL COMMENT 'Rule Name'
) ENGINE=InnoDB DEFAULT CHARSET=utf8 COMMENT='Coupon Aggregated Order';

-- --------------------------------------------------------

--
-- Table structure for table `coupon_aggregated_updated`
--

CREATE TABLE `coupon_aggregated_updated` (
  `id` int(10) UNSIGNED NOT NULL COMMENT 'Id',
  `period` date NOT NULL COMMENT 'Period',
  `store_id` smallint(5) UNSIGNED DEFAULT NULL COMMENT 'Store Id',
  `order_status` varchar(50) DEFAULT NULL COMMENT 'Order Status',
  `coupon_code` varchar(50) DEFAULT NULL COMMENT 'Coupon Code',
  `coupon_uses` int(11) NOT NULL DEFAULT '0' COMMENT 'Coupon Uses',
  `subtotal_amount` decimal(12,4) NOT NULL DEFAULT '0.0000' COMMENT 'Subtotal Amount',
  `discount_amount` decimal(12,4) NOT NULL DEFAULT '0.0000' COMMENT 'Discount Amount',
  `total_amount` decimal(12,4) NOT NULL DEFAULT '0.0000' COMMENT 'Total Amount',
  `subtotal_amount_actual` decimal(12,4) NOT NULL DEFAULT '0.0000' COMMENT 'Subtotal Amount Actual',
  `discount_amount_actual` decimal(12,4) NOT NULL DEFAULT '0.0000' COMMENT 'Discount Amount Actual',
  `total_amount_actual` decimal(12,4) NOT NULL DEFAULT '0.0000' COMMENT 'Total Amount Actual',
  `rule_name` varchar(255) DEFAULT NULL COMMENT 'Rule Name'
) ENGINE=InnoDB DEFAULT CHARSET=utf8 COMMENT='Coupon Aggregated Updated';

-- --------------------------------------------------------

--
-- Table structure for table `craftyclicks_c2a_address`
--

CREATE TABLE `craftyclicks_c2a_address` (
  `address_id` int(10) UNSIGNED NOT NULL COMMENT 'Id',
  `hash` text NOT NULL COMMENT 'Hash'
) ENGINE=InnoDB DEFAULT CHARSET=utf8 COMMENT='craftyclicks_c2a_address';

-- --------------------------------------------------------

--
-- Table structure for table `cron_schedule`
--

CREATE TABLE `cron_schedule` (
  `schedule_id` int(10) UNSIGNED NOT NULL COMMENT 'Schedule Id',
  `job_code` varchar(255) NOT NULL DEFAULT '0' COMMENT 'Job Code',
  `status` varchar(7) NOT NULL DEFAULT 'pending' COMMENT 'Status',
  `messages` text COMMENT 'Messages',
  `created_at` timestamp NOT NULL DEFAULT '0000-00-00 00:00:00' COMMENT 'Created At',
  `scheduled_at` timestamp NULL DEFAULT NULL COMMENT 'Scheduled At',
  `executed_at` timestamp NULL DEFAULT NULL COMMENT 'Executed At',
  `finished_at` timestamp NULL DEFAULT NULL COMMENT 'Finished At'
) ENGINE=InnoDB DEFAULT CHARSET=utf8 COMMENT='Cron Schedule';

--
-- Dumping data for table `cron_schedule`
--

INSERT INTO `cron_schedule` (`schedule_id`, `job_code`, `status`, `messages`, `created_at`, `scheduled_at`, `executed_at`, `finished_at`) VALUES
(1041, 'M2ePro_cron', 'pending', NULL, '2016-02-02 07:27:34', '2016-02-02 07:27:00', NULL, NULL),
(1042, 'M2ePro_cron', 'pending', NULL, '2016-02-02 07:27:34', '2016-02-02 07:28:00', NULL, NULL),
(1043, 'M2ePro_cron', 'pending', NULL, '2016-02-02 07:27:34', '2016-02-02 07:29:00', NULL, NULL),
(1044, 'M2ePro_cron', 'pending', NULL, '2016-02-02 07:27:34', '2016-02-02 07:30:00', NULL, NULL),
(1045, 'M2ePro_cron', 'pending', NULL, '2016-02-02 07:27:34', '2016-02-02 07:31:00', NULL, NULL),
(1046, 'M2ePro_cron', 'pending', NULL, '2016-02-02 07:27:34', '2016-02-02 07:32:00', NULL, NULL),
(1047, 'M2ePro_cron', 'pending', NULL, '2016-02-02 07:27:34', '2016-02-02 07:33:00', NULL, NULL),
(1048, 'M2ePro_cron', 'pending', NULL, '2016-02-02 07:27:34', '2016-02-02 07:34:00', NULL, NULL),
(1049, 'M2ePro_cron', 'pending', NULL, '2016-02-02 07:27:34', '2016-02-02 07:35:00', NULL, NULL),
(1050, 'M2ePro_cron', 'pending', NULL, '2016-02-02 07:27:34', '2016-02-02 07:36:00', NULL, NULL),
(1051, 'M2ePro_cron', 'pending', NULL, '2016-02-02 07:27:34', '2016-02-02 07:37:00', NULL, NULL),
(1052, 'M2ePro_cron', 'pending', NULL, '2016-02-02 07:27:34', '2016-02-02 07:38:00', NULL, NULL),
(1053, 'M2ePro_cron', 'pending', NULL, '2016-02-02 07:27:34', '2016-02-02 07:39:00', NULL, NULL),
(1054, 'M2ePro_cron', 'pending', NULL, '2016-02-02 07:27:34', '2016-02-02 07:40:00', NULL, NULL),
(1055, 'M2ePro_cron', 'pending', NULL, '2016-02-02 07:27:34', '2016-02-02 07:41:00', NULL, NULL),
(1056, 'M2ePro_cron', 'pending', NULL, '2016-02-02 07:27:34', '2016-02-02 07:42:00', NULL, NULL),
(1057, 'M2ePro_cron', 'pending', NULL, '2016-02-02 07:27:34', '2016-02-02 07:43:00', NULL, NULL),
(1058, 'M2ePro_cron', 'pending', NULL, '2016-02-02 07:27:34', '2016-02-02 07:44:00', NULL, NULL),
(1059, 'M2ePro_cron', 'pending', NULL, '2016-02-02 07:27:34', '2016-02-02 07:45:00', NULL, NULL),
(1060, 'M2ePro_cron', 'pending', NULL, '2016-02-02 07:27:34', '2016-02-02 07:46:00', NULL, NULL),
(1173, 'captcha_delete_expired_images', 'pending', NULL, '2016-05-21 22:10:34', '2016-05-21 22:10:00', NULL, NULL),
(1174, 'captcha_delete_expired_images', 'pending', NULL, '2016-05-21 22:10:34', '2016-05-21 22:20:00', NULL, NULL),
(1295, 'core_email_queue_send_all', 'pending', NULL, '2016-08-22 16:08:05', '2016-08-22 16:08:00', NULL, NULL),
(1296, 'core_email_queue_send_all', 'pending', NULL, '2016-08-22 16:08:05', '2016-08-22 16:09:00', NULL, NULL),
(1297, 'core_email_queue_send_all', 'pending', NULL, '2016-08-22 16:08:05', '2016-08-22 16:10:00', NULL, NULL),
(1298, 'core_email_queue_send_all', 'pending', NULL, '2016-08-22 16:08:05', '2016-08-22 16:11:00', NULL, NULL),
(1299, 'core_email_queue_send_all', 'pending', NULL, '2016-08-22 16:08:05', '2016-08-22 16:12:00', NULL, NULL),
(1300, 'core_email_queue_send_all', 'pending', NULL, '2016-08-22 16:08:05', '2016-08-22 16:13:00', NULL, NULL),
(1301, 'core_email_queue_send_all', 'pending', NULL, '2016-08-22 16:08:05', '2016-08-22 16:14:00', NULL, NULL),
(1302, 'core_email_queue_send_all', 'pending', NULL, '2016-08-22 16:08:05', '2016-08-22 16:15:00', NULL, NULL),
(1303, 'core_email_queue_send_all', 'pending', NULL, '2016-08-22 16:08:05', '2016-08-22 16:16:00', NULL, NULL),
(1304, 'core_email_queue_send_all', 'pending', NULL, '2016-08-22 16:08:05', '2016-08-22 16:17:00', NULL, NULL),
(1305, 'core_email_queue_send_all', 'pending', NULL, '2016-08-22 16:08:05', '2016-08-22 16:18:00', NULL, NULL),
(1306, 'core_email_queue_send_all', 'pending', NULL, '2016-08-22 16:08:05', '2016-08-22 16:19:00', NULL, NULL),
(1307, 'core_email_queue_send_all', 'pending', NULL, '2016-08-22 16:08:05', '2016-08-22 16:20:00', NULL, NULL),
(1308, 'core_email_queue_send_all', 'pending', NULL, '2016-08-22 16:08:05', '2016-08-22 16:21:00', NULL, NULL),
(1309, 'core_email_queue_send_all', 'pending', NULL, '2016-08-22 16:08:05', '2016-08-22 16:22:00', NULL, NULL),
(1310, 'core_email_queue_send_all', 'pending', NULL, '2016-08-22 16:08:05', '2016-08-22 16:23:00', NULL, NULL),
(1311, 'core_email_queue_send_all', 'pending', NULL, '2016-08-22 16:08:05', '2016-08-22 16:24:00', NULL, NULL),
(1312, 'core_email_queue_send_all', 'pending', NULL, '2016-08-22 16:08:05', '2016-08-22 16:25:00', NULL, NULL),
(1313, 'core_email_queue_send_all', 'pending', NULL, '2016-08-22 16:08:05', '2016-08-22 16:26:00', NULL, NULL),
(1314, 'core_email_queue_send_all', 'pending', NULL, '2016-08-22 16:08:05', '2016-08-22 16:27:00', NULL, NULL),
(1315, 'newsletter_send_all', 'pending', NULL, '2016-08-22 16:08:05', '2016-08-22 16:10:00', NULL, NULL),
(1316, 'newsletter_send_all', 'pending', NULL, '2016-08-22 16:08:05', '2016-08-22 16:15:00', NULL, NULL),
(1317, 'newsletter_send_all', 'pending', NULL, '2016-08-22 16:08:05', '2016-08-22 16:20:00', NULL, NULL),
(1318, 'newsletter_send_all', 'pending', NULL, '2016-08-22 16:08:05', '2016-08-22 16:25:00', NULL, NULL),
(1319, 'EM_Multidealpro', 'pending', NULL, '2016-08-22 16:08:05', '2016-08-22 16:10:00', NULL, NULL),
(1320, 'EM_Multidealpro', 'pending', NULL, '2016-08-22 16:08:05', '2016-08-22 16:15:00', NULL, NULL),
(1321, 'EM_Multidealpro', 'pending', NULL, '2016-08-22 16:08:05', '2016-08-22 16:20:00', NULL, NULL),
(1322, 'EM_Multidealpro', 'pending', NULL, '2016-08-22 16:08:05', '2016-08-22 16:25:00', NULL, NULL);

-- --------------------------------------------------------

--
-- Table structure for table `customer_address_entity`
--

CREATE TABLE `customer_address_entity` (
  `entity_id` int(10) UNSIGNED NOT NULL COMMENT 'Entity Id',
  `entity_type_id` smallint(5) UNSIGNED NOT NULL DEFAULT '0' COMMENT 'Entity Type Id',
  `attribute_set_id` smallint(5) UNSIGNED NOT NULL DEFAULT '0' COMMENT 'Attribute Set Id',
  `increment_id` varchar(50) DEFAULT NULL COMMENT 'Increment Id',
  `parent_id` int(10) UNSIGNED DEFAULT NULL COMMENT 'Parent Id',
  `created_at` timestamp NOT NULL DEFAULT '0000-00-00 00:00:00' COMMENT 'Created At',
  `updated_at` timestamp NOT NULL DEFAULT '0000-00-00 00:00:00' COMMENT 'Updated At',
  `is_active` smallint(5) UNSIGNED NOT NULL DEFAULT '1' COMMENT 'Is Active'
) ENGINE=InnoDB DEFAULT CHARSET=utf8 COMMENT='Customer Address Entity';

--
-- Dumping data for table `customer_address_entity`
--

INSERT INTO `customer_address_entity` (`entity_id`, `entity_type_id`, `attribute_set_id`, `increment_id`, `parent_id`, `created_at`, `updated_at`, `is_active`) VALUES
(1, 2, 0, NULL, 2, '2016-01-22 08:25:59', '2016-07-07 09:14:32', 1),
(2, 2, 0, NULL, 3, '2016-02-17 16:10:42', '2016-07-07 09:14:32', 1);

-- --------------------------------------------------------

--
-- Table structure for table `customer_address_entity_datetime`
--

CREATE TABLE `customer_address_entity_datetime` (
  `value_id` int(11) NOT NULL COMMENT 'Value Id',
  `entity_type_id` smallint(5) UNSIGNED NOT NULL DEFAULT '0' COMMENT 'Entity Type Id',
  `attribute_id` smallint(5) UNSIGNED NOT NULL DEFAULT '0' COMMENT 'Attribute Id',
  `entity_id` int(10) UNSIGNED NOT NULL DEFAULT '0' COMMENT 'Entity Id',
  `value` datetime NOT NULL DEFAULT '0000-00-00 00:00:00' COMMENT 'Value'
) ENGINE=InnoDB DEFAULT CHARSET=utf8 COMMENT='Customer Address Entity Datetime';

-- --------------------------------------------------------

--
-- Table structure for table `customer_address_entity_decimal`
--

CREATE TABLE `customer_address_entity_decimal` (
  `value_id` int(11) NOT NULL COMMENT 'Value Id',
  `entity_type_id` smallint(5) UNSIGNED NOT NULL DEFAULT '0' COMMENT 'Entity Type Id',
  `attribute_id` smallint(5) UNSIGNED NOT NULL DEFAULT '0' COMMENT 'Attribute Id',
  `entity_id` int(10) UNSIGNED NOT NULL DEFAULT '0' COMMENT 'Entity Id',
  `value` decimal(12,4) NOT NULL DEFAULT '0.0000' COMMENT 'Value'
) ENGINE=InnoDB DEFAULT CHARSET=utf8 COMMENT='Customer Address Entity Decimal';

-- --------------------------------------------------------

--
-- Table structure for table `customer_address_entity_int`
--

CREATE TABLE `customer_address_entity_int` (
  `value_id` int(11) NOT NULL COMMENT 'Value Id',
  `entity_type_id` smallint(5) UNSIGNED NOT NULL DEFAULT '0' COMMENT 'Entity Type Id',
  `attribute_id` smallint(5) UNSIGNED NOT NULL DEFAULT '0' COMMENT 'Attribute Id',
  `entity_id` int(10) UNSIGNED NOT NULL DEFAULT '0' COMMENT 'Entity Id',
  `value` int(11) NOT NULL DEFAULT '0' COMMENT 'Value'
) ENGINE=InnoDB DEFAULT CHARSET=utf8 COMMENT='Customer Address Entity Int';

--
-- Dumping data for table `customer_address_entity_int`
--

INSERT INTO `customer_address_entity_int` (`value_id`, `entity_type_id`, `attribute_id`, `entity_id`, `value`) VALUES
(1, 2, 29, 1, 0),
(2, 2, 29, 2, 0);

-- --------------------------------------------------------

--
-- Table structure for table `customer_address_entity_text`
--

CREATE TABLE `customer_address_entity_text` (
  `value_id` int(11) NOT NULL COMMENT 'Value Id',
  `entity_type_id` smallint(5) UNSIGNED NOT NULL DEFAULT '0' COMMENT 'Entity Type Id',
  `attribute_id` smallint(5) UNSIGNED NOT NULL DEFAULT '0' COMMENT 'Attribute Id',
  `entity_id` int(10) UNSIGNED NOT NULL DEFAULT '0' COMMENT 'Entity Id',
  `value` text NOT NULL COMMENT 'Value'
) ENGINE=InnoDB DEFAULT CHARSET=utf8 COMMENT='Customer Address Entity Text';

--
-- Dumping data for table `customer_address_entity_text`
--

INSERT INTO `customer_address_entity_text` (`value_id`, `entity_type_id`, `attribute_id`, `entity_id`, `value`) VALUES
(1, 2, 25, 1, 'ABC, XYZ'),
(2, 2, 25, 2, '10 George Street');

-- --------------------------------------------------------

--
-- Table structure for table `customer_address_entity_varchar`
--

CREATE TABLE `customer_address_entity_varchar` (
  `value_id` int(11) NOT NULL COMMENT 'Value Id',
  `entity_type_id` smallint(5) UNSIGNED NOT NULL DEFAULT '0' COMMENT 'Entity Type Id',
  `attribute_id` smallint(5) UNSIGNED NOT NULL DEFAULT '0' COMMENT 'Attribute Id',
  `entity_id` int(10) UNSIGNED NOT NULL DEFAULT '0' COMMENT 'Entity Id',
  `value` varchar(255) DEFAULT NULL COMMENT 'Value'
) ENGINE=InnoDB DEFAULT CHARSET=utf8 COMMENT='Customer Address Entity Varchar';

--
-- Dumping data for table `customer_address_entity_varchar`
--

INSERT INTO `customer_address_entity_varchar` (`value_id`, `entity_type_id`, `attribute_id`, `entity_id`, `value`) VALUES
(1, 2, 20, 1, 'Sagar'),
(2, 2, 22, 1, 'Sawant'),
(3, 2, 26, 1, 'MNOP'),
(4, 2, 30, 1, '123546'),
(5, 2, 27, 1, 'IN'),
(6, 2, 31, 1, '213546879'),
(7, 2, 20, 2, 'Raj'),
(8, 2, 22, 2, 'Ballari'),
(9, 2, 26, 2, 'London'),
(10, 2, 30, 2, 'NW10 8PH'),
(11, 2, 27, 2, 'GB'),
(12, 2, 31, 2, '02071234568');

-- --------------------------------------------------------

--
-- Table structure for table `customer_eav_attribute`
--

CREATE TABLE `customer_eav_attribute` (
  `attribute_id` smallint(5) UNSIGNED NOT NULL COMMENT 'Attribute Id',
  `is_visible` smallint(5) UNSIGNED NOT NULL DEFAULT '1' COMMENT 'Is Visible',
  `input_filter` varchar(255) DEFAULT NULL COMMENT 'Input Filter',
  `multiline_count` smallint(5) UNSIGNED NOT NULL DEFAULT '1' COMMENT 'Multiline Count',
  `validate_rules` text COMMENT 'Validate Rules',
  `is_system` smallint(5) UNSIGNED NOT NULL DEFAULT '0' COMMENT 'Is System',
  `sort_order` int(10) UNSIGNED NOT NULL DEFAULT '0' COMMENT 'Sort Order',
  `data_model` varchar(255) DEFAULT NULL COMMENT 'Data Model'
) ENGINE=InnoDB DEFAULT CHARSET=utf8 COMMENT='Customer Eav Attribute';

--
-- Dumping data for table `customer_eav_attribute`
--

INSERT INTO `customer_eav_attribute` (`attribute_id`, `is_visible`, `input_filter`, `multiline_count`, `validate_rules`, `is_system`, `sort_order`, `data_model`) VALUES
(1, 1, NULL, 0, NULL, 1, 10, NULL),
(2, 0, NULL, 0, NULL, 1, 0, NULL),
(3, 1, NULL, 0, NULL, 1, 20, NULL),
(4, 0, NULL, 0, NULL, 0, 30, NULL),
(5, 1, NULL, 0, 'a:2:{s:15:\"max_text_length\";i:255;s:15:\"min_text_length\";i:1;}', 1, 40, NULL),
(6, 1, NULL, 0, NULL, 0, 50, NULL),
(7, 1, NULL, 0, 'a:2:{s:15:\"max_text_length\";i:255;s:15:\"min_text_length\";i:1;}', 1, 60, NULL),
(8, 0, NULL, 0, NULL, 0, 70, NULL),
(9, 1, NULL, 0, 'a:1:{s:16:\"input_validation\";s:5:\"email\";}', 1, 80, NULL),
(10, 1, NULL, 0, NULL, 1, 25, NULL),
(11, 0, 'date', 0, 'a:1:{s:16:\"input_validation\";s:4:\"date\";}', 0, 90, NULL),
(12, 0, NULL, 0, NULL, 1, 0, NULL),
(13, 0, NULL, 0, NULL, 1, 0, NULL),
(14, 0, NULL, 0, NULL, 1, 0, NULL),
(15, 0, NULL, 0, 'a:1:{s:15:\"max_text_length\";i:255;}', 0, 100, NULL),
(16, 0, NULL, 0, NULL, 1, 0, NULL),
(17, 0, 'datetime', 0, NULL, 0, 0, NULL),
(18, 0, NULL, 0, 'a:0:{}', 0, 110, NULL),
(19, 0, NULL, 0, NULL, 0, 10, NULL),
(20, 1, NULL, 0, 'a:2:{s:15:\"max_text_length\";i:255;s:15:\"min_text_length\";i:1;}', 1, 20, NULL),
(21, 1, NULL, 0, NULL, 0, 30, NULL),
(22, 1, NULL, 0, 'a:2:{s:15:\"max_text_length\";i:255;s:15:\"min_text_length\";i:1;}', 1, 40, NULL),
(23, 0, NULL, 0, NULL, 0, 50, NULL),
(24, 1, NULL, 0, 'a:2:{s:15:\"max_text_length\";i:255;s:15:\"min_text_length\";i:1;}', 1, 60, NULL),
(25, 1, NULL, 2, 'a:2:{s:15:\"max_text_length\";i:255;s:15:\"min_text_length\";i:1;}', 1, 70, NULL),
(26, 1, NULL, 0, 'a:2:{s:15:\"max_text_length\";i:255;s:15:\"min_text_length\";i:1;}', 1, 80, NULL),
(27, 1, NULL, 0, NULL, 1, 90, NULL),
(28, 1, NULL, 0, NULL, 1, 100, NULL),
(29, 1, NULL, 0, NULL, 1, 100, NULL),
(30, 1, NULL, 0, 'a:0:{}', 1, 110, 'customer/attribute_data_postcode'),
(31, 1, NULL, 0, 'a:2:{s:15:\"max_text_length\";i:255;s:15:\"min_text_length\";i:1;}', 1, 120, NULL),
(32, 1, NULL, 0, 'a:2:{s:15:\"max_text_length\";i:255;s:15:\"min_text_length\";i:1;}', 1, 130, NULL),
(33, 0, NULL, 0, NULL, 1, 0, NULL),
(34, 0, NULL, 0, 'a:1:{s:16:\"input_validation\";s:4:\"date\";}', 1, 0, NULL),
(35, 1, NULL, 0, NULL, 1, 28, NULL),
(36, 1, NULL, 0, NULL, 1, 140, NULL),
(37, 0, NULL, 0, NULL, 1, 0, NULL),
(38, 0, NULL, 0, NULL, 1, 0, NULL),
(39, 0, NULL, 0, NULL, 1, 0, NULL),
(40, 0, NULL, 0, NULL, 1, 0, NULL);

-- --------------------------------------------------------

--
-- Table structure for table `customer_eav_attribute_website`
--

CREATE TABLE `customer_eav_attribute_website` (
  `attribute_id` smallint(5) UNSIGNED NOT NULL COMMENT 'Attribute Id',
  `website_id` smallint(5) UNSIGNED NOT NULL COMMENT 'Website Id',
  `is_visible` smallint(5) UNSIGNED DEFAULT NULL COMMENT 'Is Visible',
  `is_required` smallint(5) UNSIGNED DEFAULT NULL COMMENT 'Is Required',
  `default_value` text COMMENT 'Default Value',
  `multiline_count` smallint(5) UNSIGNED DEFAULT NULL COMMENT 'Multiline Count'
) ENGINE=InnoDB DEFAULT CHARSET=utf8 COMMENT='Customer Eav Attribute Website';

-- --------------------------------------------------------

--
-- Table structure for table `customer_entity`
--

CREATE TABLE `customer_entity` (
  `entity_id` int(10) UNSIGNED NOT NULL COMMENT 'Entity Id',
  `entity_type_id` smallint(5) UNSIGNED NOT NULL DEFAULT '0' COMMENT 'Entity Type Id',
  `attribute_set_id` smallint(5) UNSIGNED NOT NULL DEFAULT '0' COMMENT 'Attribute Set Id',
  `website_id` smallint(5) UNSIGNED DEFAULT NULL COMMENT 'Website Id',
  `email` varchar(255) DEFAULT NULL COMMENT 'Email',
  `group_id` smallint(5) UNSIGNED NOT NULL DEFAULT '0' COMMENT 'Group Id',
  `increment_id` varchar(50) DEFAULT NULL COMMENT 'Increment Id',
  `store_id` smallint(5) UNSIGNED DEFAULT '0' COMMENT 'Store Id',
  `created_at` timestamp NOT NULL DEFAULT '0000-00-00 00:00:00' COMMENT 'Created At',
  `updated_at` timestamp NOT NULL DEFAULT '0000-00-00 00:00:00' COMMENT 'Updated At',
  `is_active` smallint(5) UNSIGNED NOT NULL DEFAULT '1' COMMENT 'Is Active',
  `disable_auto_group_change` smallint(5) UNSIGNED NOT NULL DEFAULT '0' COMMENT 'Disable automatic group change based on VAT ID'
) ENGINE=InnoDB DEFAULT CHARSET=utf8 COMMENT='Customer Entity';

--
-- Dumping data for table `customer_entity`
--

INSERT INTO `customer_entity` (`entity_id`, `entity_type_id`, `attribute_set_id`, `website_id`, `email`, `group_id`, `increment_id`, `store_id`, `created_at`, `updated_at`, `is_active`, `disable_auto_group_change`) VALUES
(1, 1, 0, 1, 'homy_ter3@mail.ru', 3, NULL, 1, '2015-12-25 10:35:02', '2016-07-07 09:14:32', 1, 0),
(2, 1, 0, 1, 'sagar.sawant@wwindia.com', 3, NULL, 1, '2016-01-22 00:22:39', '2016-07-07 09:14:32', 1, 0),
(3, 1, 0, 1, 'webmaster@scribodisplay.com', 3, NULL, 1, '2016-02-17 00:08:25', '2016-07-07 09:14:32', 1, 0),
(4, 1, 0, 1, 'cpaadpro@gmail.com', 3, NULL, 1, '2016-05-24 15:27:25', '2016-07-07 09:14:32', 1, 0),
(5, 1, 0, 1, 'test@test.com', 3, NULL, 1, '2016-06-30 06:27:53', '2016-07-07 09:14:32', 1, 0),
(6, 1, 0, 1, 'abhijeet.vishwakarma@wwindia.com', 1, NULL, 1, '2016-08-24 11:31:26', '2016-08-24 11:31:26', 1, 0),
(7, 1, 0, 1, 'michaen@vizi-soft.com', 1, NULL, 1, '2016-09-04 16:15:36', '2016-09-04 16:15:36', 1, 0),
(8, 1, 0, 1, 'damir@swalka.com', 1, NULL, 1, '2016-11-11 13:28:19', '2016-11-11 13:28:19', 1, 0),
(9, 1, 0, 1, 'angelina@vizi.com.ua', 1, NULL, 1, '2016-11-16 20:17:22', '2016-11-16 20:17:22', 1, 0),
(10, 1, 0, 1, 'vanessa@vizi-forum.com', 1, NULL, 1, '2016-11-23 19:30:14', '2016-11-23 19:30:14', 1, 0),
(11, 1, 0, 1, 'jaspreet.softprodigy@gmail.com', 1, NULL, 1, '2016-12-20 06:31:38', '2016-12-20 06:31:38', 1, 0),
(12, 1, 0, 1, 'amitku.softprodigy@gmail.com', 1, NULL, 1, '2016-12-20 08:53:36', '2016-12-20 08:55:18', 1, 0),
(13, 1, 0, 1, 'kfddsa@gmail.com', 1, NULL, 1, '2016-12-20 11:20:27', '2016-12-20 11:20:27', 1, 0),
(14, 1, 0, 1, 'leonard@w-a-r-e-z.com', 1, NULL, 1, '2016-12-29 22:56:42', '2016-12-29 22:56:42', 1, 0),
(15, 1, 0, 1, 'dmytro@kolokolnikov.info', 1, NULL, 1, '2017-01-09 00:41:27', '2017-01-09 00:41:27', 1, 0),
(16, 1, 0, 1, 'janet@travelua.ru', 1, NULL, 1, '2017-01-15 17:51:38', '2017-01-15 17:51:38', 1, 0),
(17, 1, 0, 1, 'raichal@asmpa.com', 1, NULL, 1, '2017-02-03 11:33:10', '2017-02-03 11:33:10', 1, 0),
(18, 1, 0, 1, 'karinaazamat13@gmail.com', 1, NULL, 1, '2017-02-17 22:35:23', '2017-02-17 22:35:23', 1, 0),
(19, 1, 0, 1, 'bot@bqr.com', 1, NULL, 1, '2017-02-17 23:02:05', '2017-02-17 23:02:05', 1, 0),
(20, 1, 0, 1, 'cindy@best-dish.com', 1, NULL, 1, '2017-02-21 23:17:55', '2017-02-21 23:17:55', 1, 0),
(24, 1, 0, 1, 'nadeem@pearl-soft.com', 1, NULL, 1, '2017-03-02 06:31:31', '2017-03-02 06:31:31', 1, 0),
(25, 1, 0, 1, 'srilatha31994@gmail.com', 1, NULL, 1, '2017-03-16 14:31:40', '2017-03-16 14:31:40', 1, 0),
(26, 1, 0, 1, 'statmotakding1970@poczta.pl', 1, NULL, 1, '2017-03-30 23:53:53', '2017-03-30 23:53:53', 1, 0),
(27, 1, 0, 1, 'intermaryjane@yandex.com', 1, NULL, 1, '2017-04-09 02:05:40', '2017-04-09 02:05:40', 1, 0),
(28, 1, 0, 1, 'Printetc@mail.com', 1, NULL, 1, '2017-05-10 13:07:14', '2017-05-10 13:07:14', 1, 0),
(29, 1, 0, 1, 'jackhitred@gmail.com', 1, NULL, 1, '2017-05-14 00:53:15', '2017-05-14 00:53:15', 1, 0),
(30, 1, 0, 1, 'vassvinsoemul@bk.ru', 1, NULL, 1, '2017-06-10 13:38:30', '2017-06-10 13:38:30', 1, 0),
(31, 1, 0, 1, 'mitrofanurban@2gj.ru', 1, NULL, 1, '2017-06-10 13:47:57', '2017-06-10 13:47:57', 1, 0),
(32, 1, 0, 1, 'letitbrie@yahoo.com', 1, NULL, 1, '2017-06-24 08:23:11', '2017-06-24 08:23:11', 1, 0),
(33, 1, 0, 1, 'propistsova.1977@gmail.com', 1, NULL, 1, '2017-07-08 13:16:14', '2017-07-08 13:16:14', 1, 0);

-- --------------------------------------------------------

--
-- Table structure for table `customer_entity_datetime`
--

CREATE TABLE `customer_entity_datetime` (
  `value_id` int(11) NOT NULL COMMENT 'Value Id',
  `entity_type_id` smallint(5) UNSIGNED NOT NULL DEFAULT '0' COMMENT 'Entity Type Id',
  `attribute_id` smallint(5) UNSIGNED NOT NULL DEFAULT '0' COMMENT 'Attribute Id',
  `entity_id` int(10) UNSIGNED NOT NULL DEFAULT '0' COMMENT 'Entity Id',
  `value` datetime NOT NULL DEFAULT '0000-00-00 00:00:00' COMMENT 'Value'
) ENGINE=InnoDB DEFAULT CHARSET=utf8 COMMENT='Customer Entity Datetime';

--
-- Dumping data for table `customer_entity_datetime`
--

INSERT INTO `customer_entity_datetime` (`value_id`, `entity_type_id`, `attribute_id`, `entity_id`, `value`) VALUES
(1, 1, 34, 11, '2016-12-20 09:31:39'),
(2, 1, 34, 12, '2016-12-20 09:56:21');

-- --------------------------------------------------------

--
-- Table structure for table `customer_entity_decimal`
--

CREATE TABLE `customer_entity_decimal` (
  `value_id` int(11) NOT NULL COMMENT 'Value Id',
  `entity_type_id` smallint(5) UNSIGNED NOT NULL DEFAULT '0' COMMENT 'Entity Type Id',
  `attribute_id` smallint(5) UNSIGNED NOT NULL DEFAULT '0' COMMENT 'Attribute Id',
  `entity_id` int(10) UNSIGNED NOT NULL DEFAULT '0' COMMENT 'Entity Id',
  `value` decimal(12,4) NOT NULL DEFAULT '0.0000' COMMENT 'Value'
) ENGINE=InnoDB DEFAULT CHARSET=utf8 COMMENT='Customer Entity Decimal';

-- --------------------------------------------------------

--
-- Table structure for table `customer_entity_int`
--

CREATE TABLE `customer_entity_int` (
  `value_id` int(11) NOT NULL COMMENT 'Value Id',
  `entity_type_id` smallint(5) UNSIGNED NOT NULL DEFAULT '0' COMMENT 'Entity Type Id',
  `attribute_id` smallint(5) UNSIGNED NOT NULL DEFAULT '0' COMMENT 'Attribute Id',
  `entity_id` int(10) UNSIGNED NOT NULL DEFAULT '0' COMMENT 'Entity Id',
  `value` int(11) NOT NULL DEFAULT '0' COMMENT 'Value'
) ENGINE=InnoDB DEFAULT CHARSET=utf8 COMMENT='Customer Entity Int';

--
-- Dumping data for table `customer_entity_int`
--

INSERT INTO `customer_entity_int` (`value_id`, `entity_type_id`, `attribute_id`, `entity_id`, `value`) VALUES
(1, 1, 13, 2, 1),
(2, 1, 14, 2, 1),
(3, 1, 13, 3, 2),
(4, 1, 14, 3, 2);

-- --------------------------------------------------------

--
-- Table structure for table `customer_entity_text`
--

CREATE TABLE `customer_entity_text` (
  `value_id` int(11) NOT NULL COMMENT 'Value Id',
  `entity_type_id` smallint(5) UNSIGNED NOT NULL DEFAULT '0' COMMENT 'Entity Type Id',
  `attribute_id` smallint(5) UNSIGNED NOT NULL DEFAULT '0' COMMENT 'Attribute Id',
  `entity_id` int(10) UNSIGNED NOT NULL DEFAULT '0' COMMENT 'Entity Id',
  `value` text NOT NULL COMMENT 'Value'
) ENGINE=InnoDB DEFAULT CHARSET=utf8 COMMENT='Customer Entity Text';

-- --------------------------------------------------------

--
-- Table structure for table `customer_entity_varchar`
--

CREATE TABLE `customer_entity_varchar` (
  `value_id` int(11) NOT NULL COMMENT 'Value Id',
  `entity_type_id` smallint(5) UNSIGNED NOT NULL DEFAULT '0' COMMENT 'Entity Type Id',
  `attribute_id` smallint(5) UNSIGNED NOT NULL DEFAULT '0' COMMENT 'Attribute Id',
  `entity_id` int(10) UNSIGNED NOT NULL DEFAULT '0' COMMENT 'Entity Id',
  `value` varchar(255) DEFAULT NULL COMMENT 'Value'
) ENGINE=InnoDB DEFAULT CHARSET=utf8 COMMENT='Customer Entity Varchar';

--
-- Dumping data for table `customer_entity_varchar`
--

INSERT INTO `customer_entity_varchar` (`value_id`, `entity_type_id`, `attribute_id`, `entity_id`, `value`) VALUES
(1, 1, 5, 1, 'Sobanders'),
(2, 1, 6, 1, 'Sobanders'),
(3, 1, 7, 1, 'Александр'),
(4, 1, 12, 1, 'c173091454a9f694707bc06467962c73:HN5fkUXwMk0P1dqZMfhPwAIO6ZMxjmUg'),
(5, 1, 3, 1, 'Default Store View'),
(6, 1, 5, 2, 'Sagar'),
(8, 1, 7, 2, 'Sawant'),
(9, 1, 12, 2, '72e66c0d81872af39adc70c6c88b08d3:dOOMhsZDvkzNbDsDDVCbuVEB2ocOZyZY'),
(10, 1, 3, 2, 'Default Store View'),
(11, 1, 5, 3, 'Raj'),
(13, 1, 7, 3, 'Ballari'),
(14, 1, 12, 3, '369e2261a34af22872c38a6fbcd568ee:aQuyRYgZuROeWSlNTd5T0hQaXFFzhLEY'),
(15, 1, 3, 3, 'Scribo Display'),
(16, 1, 5, 4, 'Lev'),
(17, 1, 6, 4, 'Petrovich'),
(18, 1, 7, 4, 'Artishchev'),
(19, 1, 12, 4, 'a21e29daf12f9fa07767ce5bc9ee1244:hNBjkRJX5I8kDgpUtuUK6H4mBk92Dy2W'),
(20, 1, 3, 4, 'Scribo Display'),
(21, 1, 5, 5, 'test'),
(22, 1, 6, 5, 't'),
(23, 1, 7, 5, 'test'),
(24, 1, 12, 5, '500910f2189ad2cac89117db883c59da:kX9fCzgVimjChZFLMQKONHNMS22Roi4C'),
(25, 1, 3, 5, 'Scribo Display'),
(26, 1, 5, 6, 'Abhijeet'),
(27, 1, 7, 6, 'V'),
(28, 1, 12, 6, 'eb596ec789de9f663eaf1f83b6c60a88:2P3xtarivDn754BuOEhEWAEWYhxu1qTo'),
(29, 1, 3, 6, 'Scribo Display'),
(30, 1, 5, 7, 'MichaenTA'),
(31, 1, 7, 7, 'MichaenFNTB'),
(32, 1, 12, 7, '59fd68fa143ee87fdde94229485ba326:7vHWtOiqnDdI8NBhSXfQ3c2YI261rS7f'),
(33, 1, 3, 7, 'Scribo Display'),
(34, 1, 5, 8, 'DamirKT'),
(35, 1, 7, 8, 'DamirJBAN'),
(36, 1, 12, 8, '69b3c7e309e228f93e7b328fd46ee53b:8xpnfxhDvUVFbHzynepBBn9yz2zUCiMr'),
(37, 1, 3, 8, 'Scribo Display'),
(38, 1, 5, 9, 'AngelinaTR'),
(39, 1, 7, 9, 'AngelinaWPKF'),
(40, 1, 12, 9, '60ad698bdc62cac9a4d58a940736236f:uKClLXnUhZFKfMc3bGTcSakyOuYAZfoC'),
(41, 1, 3, 9, 'Scribo Display'),
(42, 1, 5, 10, 'VanessaEI'),
(43, 1, 7, 10, 'VanessaAPWK'),
(44, 1, 12, 10, '6e359d7d3ffa1b318de9c983ae6b6ede:cI3unKVBZ90KCtclsMTb8yAir0MzSuHh'),
(45, 1, 3, 10, 'Scribo Display'),
(46, 1, 5, 11, 'Jaspreet'),
(47, 1, 7, 11, 'Kaur'),
(48, 1, 12, 11, 'c2b8a42426a1c1b430ada09cacabf24c:c6namsIH37R8x0DtezApPFksbursZLF2'),
(49, 1, 3, 11, 'Scribo Display'),
(50, 1, 5, 12, 'amit'),
(51, 1, 7, 12, 'sps'),
(52, 1, 12, 12, '6094033538e65393b6a1e656c059bdab:OPtaZyFn9gIQWPYteoT0NhojQafOXlPv'),
(53, 1, 3, 12, 'Scribo Display'),
(54, 1, 33, 11, 'bb4583fed821128a311c7d1e3f02e4d9'),
(55, 1, 33, 12, 'f47b90c14450009e9ba0154269428941'),
(56, 1, 5, 13, 'ggggf'),
(57, 1, 7, 13, 'fuyuyuyuyuyuyuyuytr'),
(58, 1, 12, 13, '611712e8ae03b7d943a0a1255b3718e4:IjAoCbKIbwXF8PYsNwAVN2rMdAsLLDLl'),
(59, 1, 3, 13, 'Scribo Display'),
(60, 1, 5, 14, 'LeonardYL'),
(61, 1, 7, 14, 'LeonardKXKX'),
(62, 1, 12, 14, 'a38fc0e1d2a466d60e10eb6b942232aa:BinzVqIYM24gzvSCuBV4vR7zyIwI031s'),
(63, 1, 3, 14, 'Scribo Display'),
(64, 1, 5, 15, 'DimaKolokolnikov'),
(65, 1, 7, 15, 'Dima Kolokolnikov'),
(66, 1, 12, 15, 'e7b6064abe6b563f2868c407ad4ae463:CxETAARmZMfqcR9ko9FudSVxMO0hjwHn'),
(67, 1, 3, 15, 'Scribo Display'),
(68, 1, 5, 16, 'JanetRF'),
(69, 1, 7, 16, 'JanetTSER'),
(70, 1, 12, 16, '807eb79ff75de12fc2a04184f525f5d0:fCiZfp2BYqr69mHL3DIarcB9oYdk6gXU'),
(71, 1, 3, 16, 'Scribo Display'),
(72, 1, 5, 17, 'RaichalGY'),
(73, 1, 7, 17, 'RaichalIGTK'),
(74, 1, 12, 17, 'd27e98af46a0c503296332f0f0cc1326:Er31xsSPTVaoqpDr3qakeXHhDlq0fUFi'),
(75, 1, 3, 17, 'Scribo Display'),
(76, 1, 5, 18, 'KarinaAza13sheew'),
(77, 1, 7, 18, 'KarinaAza13tOxIT'),
(78, 1, 12, 18, '1af00ed834682bd73b63178ff12baa08:GKO9xK3fmsiS9IMURqCZGZGwYyqXE3p7'),
(79, 1, 3, 18, 'Scribo Display'),
(80, 1, 5, 19, 'Yizhak'),
(81, 1, 7, 19, 'Bot'),
(82, 1, 12, 19, '0612e7e46362ff3b99c7dc95269a5b49:MVjl3ghbz2Cwf1L5ec1A3pZDRSWcIcN2'),
(83, 1, 3, 19, 'Scribo Display'),
(84, 1, 5, 20, 'CindyJG'),
(85, 1, 7, 20, 'CindyBJLS'),
(86, 1, 12, 20, '59a36cb8f23efd31699b85b4eb1807e5:4WUGnQMozzyoiWfGnY0IonzqWwmSQG9c'),
(87, 1, 3, 20, 'Scribo Display'),
(100, 1, 5, 24, 'nadeem'),
(101, 1, 7, 24, 'awan'),
(102, 1, 12, 24, '86aab320f11c6bc976dde708b9235022:0afxF2SCqq0k1MW4gcmWtYuSQeFkUfR9'),
(103, 1, 3, 24, 'Scribo Display'),
(104, 1, 5, 25, 'srilatha'),
(105, 1, 7, 25, 'bairavarapu'),
(106, 1, 12, 25, '1e0a5e369aec1e5ed236f2a1a77d1a79:hS33EjfFoArwjtrmVxusNMULHRP1ZEAI'),
(107, 1, 3, 25, 'Scribo Display'),
(108, 1, 5, 26, 'Cidessenak'),
(109, 1, 7, 26, 'Cidessenak Markow'),
(110, 1, 12, 26, '96ed337af4405bbedc6e4b8ab3c822ea:9gHKib4yaZzCZNbPY8ByiSaEnFtjODUv'),
(111, 1, 3, 26, 'Scribo Display'),
(112, 1, 5, 27, 'inetryconydot'),
(113, 1, 7, 27, 'inetryconydot'),
(114, 1, 12, 27, 'd7e4599c327782ec261706d2a8d8f3a8:vUIMBmmIJlX0AZQogybsBJ9pjvYGQQHl'),
(115, 1, 3, 27, 'Scribo Display'),
(116, 1, 5, 28, 'mukesh'),
(117, 1, 7, 28, 'makwana'),
(118, 1, 12, 28, '0da8889f3ee85b95335c35179185fef2:1efe8nmsHC6kyPbLW1bHVrtLxLNWv8RJ'),
(119, 1, 3, 28, 'Scribo Display'),
(120, 1, 5, 29, 'HaroldDuard'),
(121, 1, 7, 29, 'HaroldTriteEY'),
(122, 1, 12, 29, 'a2f70e7c7976ee05f8cd4d0cc9dcc8c3:dHcrT3VEGD47xXLLWnKvh4nhlFKjqRlQ'),
(123, 1, 3, 29, 'Scribo Display'),
(124, 1, 5, 30, 'Andrewtip'),
(125, 1, 7, 30, 'AndrewtipCT'),
(126, 1, 12, 30, '153b81b1400dc2713fa7e198163ec1e6:BBBtq50d1LjAzhpYjXorCXbIXxNh0XUB'),
(127, 1, 3, 30, 'Scribo Display'),
(128, 1, 5, 31, 'DesaDaw'),
(129, 1, 7, 31, 'DesairobeLA'),
(130, 1, 12, 31, '9f7922b810adda1c3b5bdb4fbd9bd610:jaNvjDUc8e0zbSwvMayBJBoHHs0Ll4O7'),
(131, 1, 3, 31, 'Scribo Display'),
(132, 1, 5, 32, 'Andrew'),
(133, 1, 7, 32, 'Stubbs'),
(134, 1, 12, 32, '27ebbb732d8809de81d051d166bada92:fRvjDQ0Cm5zmURbAGLyEmdfFfjqrz1HP'),
(135, 1, 3, 32, 'Scribo Display'),
(136, 1, 5, 33, 'Michaelevige'),
(137, 1, 7, 33, 'MichaelevigeSS'),
(138, 1, 12, 33, '98a92908f9a38ae2e8d6560f14266172:IPGreI7jkZNftglvVwqgm9WJ6LrqWOWY'),
(139, 1, 3, 33, 'Scribo Display');

-- --------------------------------------------------------

--
-- Table structure for table `customer_form_attribute`
--

CREATE TABLE `customer_form_attribute` (
  `form_code` varchar(32) NOT NULL COMMENT 'Form Code',
  `attribute_id` smallint(5) UNSIGNED NOT NULL COMMENT 'Attribute Id'
) ENGINE=InnoDB DEFAULT CHARSET=utf8 COMMENT='Customer Form Attribute';

--
-- Dumping data for table `customer_form_attribute`
--

INSERT INTO `customer_form_attribute` (`form_code`, `attribute_id`) VALUES
('adminhtml_customer', 1),
('adminhtml_customer', 3),
('adminhtml_customer', 4),
('checkout_register', 4),
('customer_account_create', 4),
('customer_account_edit', 4),
('adminhtml_customer', 5),
('checkout_register', 5),
('customer_account_create', 5),
('customer_account_edit', 5),
('adminhtml_customer', 6),
('checkout_register', 6),
('customer_account_create', 6),
('customer_account_edit', 6),
('adminhtml_customer', 7),
('checkout_register', 7),
('customer_account_create', 7),
('customer_account_edit', 7),
('adminhtml_customer', 8),
('checkout_register', 8),
('customer_account_create', 8),
('customer_account_edit', 8),
('adminhtml_checkout', 9),
('adminhtml_customer', 9),
('checkout_register', 9),
('customer_account_create', 9),
('customer_account_edit', 9),
('adminhtml_checkout', 10),
('adminhtml_customer', 10),
('adminhtml_checkout', 11),
('adminhtml_customer', 11),
('checkout_register', 11),
('customer_account_create', 11),
('customer_account_edit', 11),
('adminhtml_checkout', 15),
('adminhtml_customer', 15),
('checkout_register', 15),
('customer_account_create', 15),
('customer_account_edit', 15),
('adminhtml_customer', 17),
('checkout_register', 17),
('customer_account_create', 17),
('customer_account_edit', 17),
('adminhtml_checkout', 18),
('adminhtml_customer', 18),
('checkout_register', 18),
('customer_account_create', 18),
('customer_account_edit', 18),
('adminhtml_customer_address', 19),
('customer_address_edit', 19),
('customer_register_address', 19),
('adminhtml_customer_address', 20),
('customer_address_edit', 20),
('customer_register_address', 20),
('adminhtml_customer_address', 21),
('customer_address_edit', 21),
('customer_register_address', 21),
('adminhtml_customer_address', 22),
('customer_address_edit', 22),
('customer_register_address', 22),
('adminhtml_customer_address', 23),
('customer_address_edit', 23),
('customer_register_address', 23),
('adminhtml_customer_address', 24),
('customer_address_edit', 24),
('customer_register_address', 24),
('adminhtml_customer_address', 25),
('customer_address_edit', 25),
('customer_register_address', 25),
('adminhtml_customer_address', 26),
('customer_address_edit', 26),
('customer_register_address', 26),
('adminhtml_customer_address', 27),
('customer_address_edit', 27),
('customer_register_address', 27),
('adminhtml_customer_address', 28),
('customer_address_edit', 28),
('customer_register_address', 28),
('adminhtml_customer_address', 29),
('customer_address_edit', 29),
('customer_register_address', 29),
('adminhtml_customer_address', 30),
('customer_address_edit', 30),
('customer_register_address', 30),
('adminhtml_customer_address', 31),
('customer_address_edit', 31),
('customer_register_address', 31),
('adminhtml_customer_address', 32),
('customer_address_edit', 32),
('customer_register_address', 32),
('adminhtml_customer', 35),
('adminhtml_customer_address', 36),
('customer_address_edit', 36),
('customer_register_address', 36);

-- --------------------------------------------------------

--
-- Table structure for table `customer_group`
--

CREATE TABLE `customer_group` (
  `customer_group_id` smallint(5) UNSIGNED NOT NULL COMMENT 'Customer Group Id',
  `customer_group_code` varchar(32) NOT NULL COMMENT 'Customer Group Code',
  `tax_class_id` int(10) UNSIGNED NOT NULL DEFAULT '0' COMMENT 'Tax Class Id'
) ENGINE=InnoDB DEFAULT CHARSET=utf8 COMMENT='Customer Group';

--
-- Dumping data for table `customer_group`
--

INSERT INTO `customer_group` (`customer_group_id`, `customer_group_code`, `tax_class_id`) VALUES
(0, 'NOT LOGGED IN', 3),
(1, 'General', 3),
(2, 'Wholesale', 3),
(3, 'Retailer', 3);

-- --------------------------------------------------------

--
-- Table structure for table `dataflow_batch`
--

CREATE TABLE `dataflow_batch` (
  `batch_id` int(10) UNSIGNED NOT NULL COMMENT 'Batch Id',
  `profile_id` int(10) UNSIGNED NOT NULL DEFAULT '0' COMMENT 'Profile ID',
  `store_id` smallint(5) UNSIGNED NOT NULL DEFAULT '0' COMMENT 'Store Id',
  `adapter` varchar(128) DEFAULT NULL COMMENT 'Adapter',
  `params` text COMMENT 'Parameters',
  `created_at` timestamp NULL DEFAULT NULL COMMENT 'Created At'
) ENGINE=InnoDB DEFAULT CHARSET=utf8 COMMENT='Dataflow Batch';

-- --------------------------------------------------------

--
-- Table structure for table `dataflow_batch_export`
--

CREATE TABLE `dataflow_batch_export` (
  `batch_export_id` bigint(20) UNSIGNED NOT NULL COMMENT 'Batch Export Id',
  `batch_id` int(10) UNSIGNED NOT NULL DEFAULT '0' COMMENT 'Batch Id',
  `batch_data` longtext COMMENT 'Batch Data',
  `status` smallint(5) UNSIGNED NOT NULL DEFAULT '0' COMMENT 'Status'
) ENGINE=InnoDB DEFAULT CHARSET=utf8 COMMENT='Dataflow Batch Export';

-- --------------------------------------------------------

--
-- Table structure for table `dataflow_batch_import`
--

CREATE TABLE `dataflow_batch_import` (
  `batch_import_id` bigint(20) UNSIGNED NOT NULL COMMENT 'Batch Import Id',
  `batch_id` int(10) UNSIGNED NOT NULL DEFAULT '0' COMMENT 'Batch Id',
  `batch_data` longtext COMMENT 'Batch Data',
  `status` smallint(5) UNSIGNED NOT NULL DEFAULT '0' COMMENT 'Status'
) ENGINE=InnoDB DEFAULT CHARSET=utf8 COMMENT='Dataflow Batch Import';

-- --------------------------------------------------------

--
-- Table structure for table `dataflow_import_data`
--

CREATE TABLE `dataflow_import_data` (
  `import_id` int(11) NOT NULL COMMENT 'Import Id',
  `session_id` int(11) DEFAULT NULL COMMENT 'Session Id',
  `serial_number` int(11) NOT NULL DEFAULT '0' COMMENT 'Serial Number',
  `value` text COMMENT 'Value',
  `status` int(11) NOT NULL DEFAULT '0' COMMENT 'Status'
) ENGINE=InnoDB DEFAULT CHARSET=utf8 COMMENT='Dataflow Import Data';

-- --------------------------------------------------------

--
-- Table structure for table `dataflow_profile`
--

CREATE TABLE `dataflow_profile` (
  `profile_id` int(10) UNSIGNED NOT NULL COMMENT 'Profile Id',
  `name` varchar(255) DEFAULT NULL COMMENT 'Name',
  `created_at` timestamp NULL DEFAULT NULL COMMENT 'Created At',
  `updated_at` timestamp NULL DEFAULT NULL COMMENT 'Updated At',
  `actions_xml` text COMMENT 'Actions Xml',
  `gui_data` text COMMENT 'Gui Data',
  `direction` varchar(6) DEFAULT NULL COMMENT 'Direction',
  `entity_type` varchar(64) DEFAULT NULL COMMENT 'Entity Type',
  `store_id` smallint(5) UNSIGNED NOT NULL DEFAULT '0' COMMENT 'Store Id',
  `data_transfer` varchar(11) DEFAULT NULL COMMENT 'Data Transfer'
) ENGINE=InnoDB DEFAULT CHARSET=utf8 COMMENT='Dataflow Profile';

--
-- Dumping data for table `dataflow_profile`
--

INSERT INTO `dataflow_profile` (`profile_id`, `name`, `created_at`, `updated_at`, `actions_xml`, `gui_data`, `direction`, `entity_type`, `store_id`, `data_transfer`) VALUES
(1, 'Export All Products', '2015-09-11 22:26:03', '2015-09-11 22:26:03', '<action type=\"catalog/convert_adapter_product\" method=\"load\">\\r\\n    <var name=\"store\"><![CDATA[0]]></var>\\r\\n</action>\\r\\n\\r\\n<action type=\"catalog/convert_parser_product\" method=\"unparse\">\\r\\n    <var name=\"store\"><![CDATA[0]]></var>\\r\\n</action>\\r\\n\\r\\n<action type=\"dataflow/convert_mapper_column\" method=\"map\">\\r\\n</action>\\r\\n\\r\\n<action type=\"dataflow/convert_parser_csv\" method=\"unparse\">\\r\\n    <var name=\"delimiter\"><![CDATA[,]]></var>\\r\\n    <var name=\"enclose\"><![CDATA[\"]]></var>\\r\\n    <var name=\"fieldnames\">true</var>\\r\\n</action>\\r\\n\\r\\n<action type=\"dataflow/convert_adapter_io\" method=\"save\">\\r\\n    <var name=\"type\">file</var>\\r\\n    <var name=\"path\">var/export</var>\\r\\n    <var name=\"filename\"><![CDATA[export_all_products.csv]]></var>\\r\\n</action>\\r\\n\\r\\n', 'a:5:{s:4:\"file\";a:7:{s:4:\"type\";s:4:\"file\";s:8:\"filename\";s:23:\"export_all_products.csv\";s:4:\"path\";s:10:\"var/export\";s:4:\"host\";s:0:\"\";s:4:\"user\";s:0:\"\";s:8:\"password\";s:0:\"\";s:7:\"passive\";s:0:\"\";}s:5:\"parse\";a:5:{s:4:\"type\";s:3:\"csv\";s:12:\"single_sheet\";s:0:\"\";s:9:\"delimiter\";s:1:\",\";s:7:\"enclose\";s:1:\"\"\";s:10:\"fieldnames\";s:4:\"true\";}s:3:\"map\";a:3:{s:14:\"only_specified\";s:0:\"\";s:7:\"product\";a:2:{s:2:\"db\";a:0:{}s:4:\"file\";a:0:{}}s:8:\"customer\";a:2:{s:2:\"db\";a:0:{}s:4:\"file\";a:0:{}}}s:7:\"product\";a:1:{s:6:\"filter\";a:8:{s:4:\"name\";s:0:\"\";s:3:\"sku\";s:0:\"\";s:4:\"type\";s:1:\"0\";s:13:\"attribute_set\";s:0:\"\";s:5:\"price\";a:2:{s:4:\"from\";s:0:\"\";s:2:\"to\";s:0:\"\";}s:3:\"qty\";a:2:{s:4:\"from\";s:0:\"\";s:2:\"to\";s:0:\"\";}s:10:\"visibility\";s:1:\"0\";s:6:\"status\";s:1:\"0\";}}s:8:\"customer\";a:1:{s:6:\"filter\";a:10:{s:9:\"firstname\";s:0:\"\";s:8:\"lastname\";s:0:\"\";s:5:\"email\";s:0:\"\";s:5:\"group\";s:1:\"0\";s:10:\"adressType\";s:15:\"default_billing\";s:9:\"telephone\";s:0:\"\";s:8:\"postcode\";s:0:\"\";s:7:\"country\";s:0:\"\";s:6:\"region\";s:0:\"\";s:10:\"created_at\";a:2:{s:4:\"from\";s:0:\"\";s:2:\"to\";s:0:\"\";}}}}', 'export', 'product', 0, 'file'),
(2, 'Export Product Stocks', '2015-09-11 22:26:03', '2015-09-11 22:26:03', '<action type=\"catalog/convert_adapter_product\" method=\"load\">\\r\\n    <var name=\"store\"><![CDATA[0]]></var>\\r\\n</action>\\r\\n\\r\\n<action type=\"catalog/convert_parser_product\" method=\"unparse\">\\r\\n    <var name=\"store\"><![CDATA[0]]></var>\\r\\n</action>\\r\\n\\r\\n<action type=\"dataflow/convert_mapper_column\" method=\"map\">\\r\\n</action>\\r\\n\\r\\n<action type=\"dataflow/convert_parser_csv\" method=\"unparse\">\\r\\n    <var name=\"delimiter\"><![CDATA[,]]></var>\\r\\n    <var name=\"enclose\"><![CDATA[\"]]></var>\\r\\n    <var name=\"fieldnames\">true</var>\\r\\n</action>\\r\\n\\r\\n<action type=\"dataflow/convert_adapter_io\" method=\"save\">\\r\\n    <var name=\"type\">file</var>\\r\\n    <var name=\"path\">var/export</var>\\r\\n    <var name=\"filename\"><![CDATA[export_all_products.csv]]></var>\\r\\n</action>\\r\\n\\r\\n', 'a:5:{s:4:\"file\";a:7:{s:4:\"type\";s:4:\"file\";s:8:\"filename\";s:25:\"export_product_stocks.csv\";s:4:\"path\";s:10:\"var/export\";s:4:\"host\";s:0:\"\";s:4:\"user\";s:0:\"\";s:8:\"password\";s:0:\"\";s:7:\"passive\";s:0:\"\";}s:5:\"parse\";a:5:{s:4:\"type\";s:3:\"csv\";s:12:\"single_sheet\";s:0:\"\";s:9:\"delimiter\";s:1:\",\";s:7:\"enclose\";s:1:\"\"\";s:10:\"fieldnames\";s:4:\"true\";}s:3:\"map\";a:3:{s:14:\"only_specified\";s:4:\"true\";s:7:\"product\";a:2:{s:2:\"db\";a:4:{i:1;s:5:\"store\";i:2;s:3:\"sku\";i:3;s:3:\"qty\";i:4;s:11:\"is_in_stock\";}s:4:\"file\";a:4:{i:1;s:5:\"store\";i:2;s:3:\"sku\";i:3;s:3:\"qty\";i:4;s:11:\"is_in_stock\";}}s:8:\"customer\";a:2:{s:2:\"db\";a:0:{}s:4:\"file\";a:0:{}}}s:7:\"product\";a:1:{s:6:\"filter\";a:8:{s:4:\"name\";s:0:\"\";s:3:\"sku\";s:0:\"\";s:4:\"type\";s:1:\"0\";s:13:\"attribute_set\";s:0:\"\";s:5:\"price\";a:2:{s:4:\"from\";s:0:\"\";s:2:\"to\";s:0:\"\";}s:3:\"qty\";a:2:{s:4:\"from\";s:0:\"\";s:2:\"to\";s:0:\"\";}s:10:\"visibility\";s:1:\"0\";s:6:\"status\";s:1:\"0\";}}s:8:\"customer\";a:1:{s:6:\"filter\";a:10:{s:9:\"firstname\";s:0:\"\";s:8:\"lastname\";s:0:\"\";s:5:\"email\";s:0:\"\";s:5:\"group\";s:1:\"0\";s:10:\"adressType\";s:15:\"default_billing\";s:9:\"telephone\";s:0:\"\";s:8:\"postcode\";s:0:\"\";s:7:\"country\";s:0:\"\";s:6:\"region\";s:0:\"\";s:10:\"created_at\";a:2:{s:4:\"from\";s:0:\"\";s:2:\"to\";s:0:\"\";}}}}', 'export', 'product', 0, 'file'),
(3, 'Import All Products', '2015-09-11 22:26:03', '2015-09-11 22:26:03', '<action type=\"dataflow/convert_parser_csv\" method=\"parse\">\\r\\n    <var name=\"delimiter\"><![CDATA[,]]></var>\\r\\n    <var name=\"enclose\"><![CDATA[\"]]></var>\\r\\n    <var name=\"fieldnames\">true</var>\\r\\n    <var name=\"store\"><![CDATA[0]]></var>\\r\\n    <var name=\"adapter\">catalog/convert_adapter_product</var>\\r\\n    <var name=\"method\">parse</var>\\r\\n</action>', 'a:5:{s:4:\"file\";a:7:{s:4:\"type\";s:4:\"file\";s:8:\"filename\";s:23:\"export_all_products.csv\";s:4:\"path\";s:10:\"var/export\";s:4:\"host\";s:0:\"\";s:4:\"user\";s:0:\"\";s:8:\"password\";s:0:\"\";s:7:\"passive\";s:0:\"\";}s:5:\"parse\";a:5:{s:4:\"type\";s:3:\"csv\";s:12:\"single_sheet\";s:0:\"\";s:9:\"delimiter\";s:1:\",\";s:7:\"enclose\";s:1:\"\"\";s:10:\"fieldnames\";s:4:\"true\";}s:3:\"map\";a:3:{s:14:\"only_specified\";s:0:\"\";s:7:\"product\";a:2:{s:2:\"db\";a:0:{}s:4:\"file\";a:0:{}}s:8:\"customer\";a:2:{s:2:\"db\";a:0:{}s:4:\"file\";a:0:{}}}s:7:\"product\";a:1:{s:6:\"filter\";a:8:{s:4:\"name\";s:0:\"\";s:3:\"sku\";s:0:\"\";s:4:\"type\";s:1:\"0\";s:13:\"attribute_set\";s:0:\"\";s:5:\"price\";a:2:{s:4:\"from\";s:0:\"\";s:2:\"to\";s:0:\"\";}s:3:\"qty\";a:2:{s:4:\"from\";s:0:\"\";s:2:\"to\";s:0:\"\";}s:10:\"visibility\";s:1:\"0\";s:6:\"status\";s:1:\"0\";}}s:8:\"customer\";a:1:{s:6:\"filter\";a:10:{s:9:\"firstname\";s:0:\"\";s:8:\"lastname\";s:0:\"\";s:5:\"email\";s:0:\"\";s:5:\"group\";s:1:\"0\";s:10:\"adressType\";s:15:\"default_billing\";s:9:\"telephone\";s:0:\"\";s:8:\"postcode\";s:0:\"\";s:7:\"country\";s:0:\"\";s:6:\"region\";s:0:\"\";s:10:\"created_at\";a:2:{s:4:\"from\";s:0:\"\";s:2:\"to\";s:0:\"\";}}}}', 'import', 'product', 0, 'interactive'),
(4, 'Import Product Stocks', '2015-09-11 22:26:03', '2015-09-11 22:26:03', '<action type=\"dataflow/convert_parser_csv\" method=\"parse\">\\r\\n    <var name=\"delimiter\"><![CDATA[,]]></var>\\r\\n    <var name=\"enclose\"><![CDATA[\"]]></var>\\r\\n    <var name=\"fieldnames\">true</var>\\r\\n    <var name=\"store\"><![CDATA[0]]></var>\\r\\n    <var name=\"adapter\">catalog/convert_adapter_product</var>\\r\\n    <var name=\"method\">parse</var>\\r\\n</action>', 'a:5:{s:4:\"file\";a:7:{s:4:\"type\";s:4:\"file\";s:8:\"filename\";s:18:\"export_product.csv\";s:4:\"path\";s:10:\"var/export\";s:4:\"host\";s:0:\"\";s:4:\"user\";s:0:\"\";s:8:\"password\";s:0:\"\";s:7:\"passive\";s:0:\"\";}s:5:\"parse\";a:5:{s:4:\"type\";s:3:\"csv\";s:12:\"single_sheet\";s:0:\"\";s:9:\"delimiter\";s:1:\",\";s:7:\"enclose\";s:1:\"\"\";s:10:\"fieldnames\";s:4:\"true\";}s:3:\"map\";a:3:{s:14:\"only_specified\";s:0:\"\";s:7:\"product\";a:2:{s:2:\"db\";a:0:{}s:4:\"file\";a:0:{}}s:8:\"customer\";a:2:{s:2:\"db\";a:0:{}s:4:\"file\";a:0:{}}}s:7:\"product\";a:1:{s:6:\"filter\";a:8:{s:4:\"name\";s:0:\"\";s:3:\"sku\";s:0:\"\";s:4:\"type\";s:1:\"0\";s:13:\"attribute_set\";s:0:\"\";s:5:\"price\";a:2:{s:4:\"from\";s:0:\"\";s:2:\"to\";s:0:\"\";}s:3:\"qty\";a:2:{s:4:\"from\";s:0:\"\";s:2:\"to\";s:0:\"\";}s:10:\"visibility\";s:1:\"0\";s:6:\"status\";s:1:\"0\";}}s:8:\"customer\";a:1:{s:6:\"filter\";a:10:{s:9:\"firstname\";s:0:\"\";s:8:\"lastname\";s:0:\"\";s:5:\"email\";s:0:\"\";s:5:\"group\";s:1:\"0\";s:10:\"adressType\";s:15:\"default_billing\";s:9:\"telephone\";s:0:\"\";s:8:\"postcode\";s:0:\"\";s:7:\"country\";s:0:\"\";s:6:\"region\";s:0:\"\";s:10:\"created_at\";a:2:{s:4:\"from\";s:0:\"\";s:2:\"to\";s:0:\"\";}}}}', 'import', 'product', 0, 'interactive'),
(5, 'Export Customers', '2015-09-11 22:26:03', '2015-09-11 22:26:03', '<action type=\"customer/convert_adapter_customer\" method=\"load\">\\r\\n    <var name=\"store\"><![CDATA[0]]></var>\\r\\n    <var name=\"filter/adressType\"><![CDATA[default_billing]]></var>\\r\\n</action>\\r\\n\\r\\n<action type=\"customer/convert_parser_customer\" method=\"unparse\">\\r\\n    <var name=\"store\"><![CDATA[0]]></var>\\r\\n</action>\\r\\n\\r\\n<action type=\"dataflow/convert_mapper_column\" method=\"map\">\\r\\n</action>\\r\\n\\r\\n<action type=\"dataflow/convert_parser_csv\" method=\"unparse\">\\r\\n    <var name=\"delimiter\"><![CDATA[,]]></var>\\r\\n    <var name=\"enclose\"><![CDATA[\"]]></var>\\r\\n    <var name=\"fieldnames\">true</var>\\r\\n</action>\\r\\n\\r\\n<action type=\"dataflow/convert_adapter_io\" method=\"save\">\\r\\n    <var name=\"type\">file</var>\\r\\n    <var name=\"path\">var/export</var>\\r\\n    <var name=\"filename\"><![CDATA[export_customers.csv]]></var>\\r\\n</action>\\r\\n\\r\\n', 'a:5:{s:4:\"file\";a:7:{s:4:\"type\";s:4:\"file\";s:8:\"filename\";s:20:\"export_customers.csv\";s:4:\"path\";s:10:\"var/export\";s:4:\"host\";s:0:\"\";s:4:\"user\";s:0:\"\";s:8:\"password\";s:0:\"\";s:7:\"passive\";s:0:\"\";}s:5:\"parse\";a:5:{s:4:\"type\";s:3:\"csv\";s:12:\"single_sheet\";s:0:\"\";s:9:\"delimiter\";s:1:\",\";s:7:\"enclose\";s:1:\"\"\";s:10:\"fieldnames\";s:4:\"true\";}s:3:\"map\";a:3:{s:14:\"only_specified\";s:0:\"\";s:7:\"product\";a:2:{s:2:\"db\";a:0:{}s:4:\"file\";a:0:{}}s:8:\"customer\";a:2:{s:2:\"db\";a:0:{}s:4:\"file\";a:0:{}}}s:7:\"product\";a:1:{s:6:\"filter\";a:8:{s:4:\"name\";s:0:\"\";s:3:\"sku\";s:0:\"\";s:4:\"type\";s:1:\"0\";s:13:\"attribute_set\";s:0:\"\";s:5:\"price\";a:2:{s:4:\"from\";s:0:\"\";s:2:\"to\";s:0:\"\";}s:3:\"qty\";a:2:{s:4:\"from\";s:0:\"\";s:2:\"to\";s:0:\"\";}s:10:\"visibility\";s:1:\"0\";s:6:\"status\";s:1:\"0\";}}s:8:\"customer\";a:1:{s:6:\"filter\";a:10:{s:9:\"firstname\";s:0:\"\";s:8:\"lastname\";s:0:\"\";s:5:\"email\";s:0:\"\";s:5:\"group\";s:1:\"0\";s:10:\"adressType\";s:15:\"default_billing\";s:9:\"telephone\";s:0:\"\";s:8:\"postcode\";s:0:\"\";s:7:\"country\";s:0:\"\";s:6:\"region\";s:0:\"\";s:10:\"created_at\";a:2:{s:4:\"from\";s:0:\"\";s:2:\"to\";s:0:\"\";}}}}', 'export', 'customer', 0, 'file'),
(6, 'Import Customers', '2015-09-11 22:26:03', '2015-09-11 22:26:03', '<action type=\"dataflow/convert_parser_csv\" method=\"parse\">\\r\\n    <var name=\"delimiter\"><![CDATA[,]]></var>\\r\\n    <var name=\"enclose\"><![CDATA[\"]]></var>\\r\\n    <var name=\"fieldnames\">true</var>\\r\\n    <var name=\"store\"><![CDATA[0]]></var>\\r\\n    <var name=\"adapter\">customer/convert_adapter_customer</var>\\r\\n    <var name=\"method\">parse</var>\\r\\n</action>', 'a:5:{s:4:\"file\";a:7:{s:4:\"type\";s:4:\"file\";s:8:\"filename\";s:19:\"export_customer.csv\";s:4:\"path\";s:10:\"var/export\";s:4:\"host\";s:0:\"\";s:4:\"user\";s:0:\"\";s:8:\"password\";s:0:\"\";s:7:\"passive\";s:0:\"\";}s:5:\"parse\";a:5:{s:4:\"type\";s:3:\"csv\";s:12:\"single_sheet\";s:0:\"\";s:9:\"delimiter\";s:1:\",\";s:7:\"enclose\";s:1:\"\"\";s:10:\"fieldnames\";s:4:\"true\";}s:3:\"map\";a:3:{s:14:\"only_specified\";s:0:\"\";s:7:\"product\";a:2:{s:2:\"db\";a:0:{}s:4:\"file\";a:0:{}}s:8:\"customer\";a:2:{s:2:\"db\";a:0:{}s:4:\"file\";a:0:{}}}s:7:\"product\";a:1:{s:6:\"filter\";a:8:{s:4:\"name\";s:0:\"\";s:3:\"sku\";s:0:\"\";s:4:\"type\";s:1:\"0\";s:13:\"attribute_set\";s:0:\"\";s:5:\"price\";a:2:{s:4:\"from\";s:0:\"\";s:2:\"to\";s:0:\"\";}s:3:\"qty\";a:2:{s:4:\"from\";s:0:\"\";s:2:\"to\";s:0:\"\";}s:10:\"visibility\";s:1:\"0\";s:6:\"status\";s:1:\"0\";}}s:8:\"customer\";a:1:{s:6:\"filter\";a:10:{s:9:\"firstname\";s:0:\"\";s:8:\"lastname\";s:0:\"\";s:5:\"email\";s:0:\"\";s:5:\"group\";s:1:\"0\";s:10:\"adressType\";s:15:\"default_billing\";s:9:\"telephone\";s:0:\"\";s:8:\"postcode\";s:0:\"\";s:7:\"country\";s:0:\"\";s:6:\"region\";s:0:\"\";s:10:\"created_at\";a:2:{s:4:\"from\";s:0:\"\";s:2:\"to\";s:0:\"\";}}}}', 'import', 'customer', 0, 'interactive');

-- --------------------------------------------------------

--
-- Table structure for table `dataflow_profile_history`
--

CREATE TABLE `dataflow_profile_history` (
  `history_id` int(10) UNSIGNED NOT NULL COMMENT 'History Id',
  `profile_id` int(10) UNSIGNED NOT NULL DEFAULT '0' COMMENT 'Profile Id',
  `action_code` varchar(64) DEFAULT NULL COMMENT 'Action Code',
  `user_id` int(10) UNSIGNED NOT NULL DEFAULT '0' COMMENT 'User Id',
  `performed_at` timestamp NULL DEFAULT NULL COMMENT 'Performed At'
) ENGINE=InnoDB DEFAULT CHARSET=utf8 COMMENT='Dataflow Profile History';

--
-- Dumping data for table `dataflow_profile_history`
--

INSERT INTO `dataflow_profile_history` (`history_id`, `profile_id`, `action_code`, `user_id`, `performed_at`) VALUES
(1, 1, 'create', 0, '2015-09-11 22:26:03'),
(2, 2, 'create', 0, '2015-09-11 22:26:03'),
(3, 3, 'create', 0, '2015-09-11 22:26:03'),
(4, 4, 'create', 0, '2015-09-11 22:26:03'),
(5, 5, 'create', 0, '2015-09-11 22:26:03'),
(6, 6, 'create', 0, '2015-09-11 22:26:03');

-- --------------------------------------------------------

--
-- Table structure for table `dataflow_session`
--

CREATE TABLE `dataflow_session` (
  `session_id` int(11) NOT NULL COMMENT 'Session Id',
  `user_id` int(11) NOT NULL COMMENT 'User Id',
  `created_date` timestamp NULL DEFAULT NULL COMMENT 'Created Date',
  `file` varchar(255) DEFAULT NULL COMMENT 'File',
  `type` varchar(32) DEFAULT NULL COMMENT 'Type',
  `direction` varchar(32) DEFAULT NULL COMMENT 'Direction',
  `comment` varchar(255) DEFAULT NULL COMMENT 'Comment'
) ENGINE=InnoDB DEFAULT CHARSET=utf8 COMMENT='Dataflow Session';

-- --------------------------------------------------------

--
-- Table structure for table `design_change`
--

CREATE TABLE `design_change` (
  `design_change_id` int(11) NOT NULL COMMENT 'Design Change Id',
  `store_id` smallint(5) UNSIGNED NOT NULL DEFAULT '0' COMMENT 'Store Id',
  `design` varchar(255) DEFAULT NULL COMMENT 'Design',
  `date_from` date DEFAULT NULL COMMENT 'First Date of Design Activity',
  `date_to` date DEFAULT NULL COMMENT 'Last Date of Design Activity'
) ENGINE=InnoDB DEFAULT CHARSET=utf8 COMMENT='Design Changes';

-- --------------------------------------------------------

--
-- Table structure for table `directory_country`
--

CREATE TABLE `directory_country` (
  `country_id` varchar(2) NOT NULL DEFAULT '' COMMENT 'Country Id in ISO-2',
  `iso2_code` varchar(2) DEFAULT NULL COMMENT 'Country ISO-2 format',
  `iso3_code` varchar(3) DEFAULT NULL COMMENT 'Country ISO-3'
) ENGINE=InnoDB DEFAULT CHARSET=utf8 COMMENT='Directory Country';

--
-- Dumping data for table `directory_country`
--

INSERT INTO `directory_country` (`country_id`, `iso2_code`, `iso3_code`) VALUES
('AD', 'AD', 'AND'),
('AE', 'AE', 'ARE'),
('AF', 'AF', 'AFG'),
('AG', 'AG', 'ATG'),
('AI', 'AI', 'AIA'),
('AL', 'AL', 'ALB'),
('AM', 'AM', 'ARM'),
('AN', 'AN', 'ANT'),
('AO', 'AO', 'AGO'),
('AQ', 'AQ', 'ATA'),
('AR', 'AR', 'ARG'),
('AS', 'AS', 'ASM'),
('AT', 'AT', 'AUT'),
('AU', 'AU', 'AUS'),
('AW', 'AW', 'ABW'),
('AX', 'AX', 'ALA'),
('AZ', 'AZ', 'AZE'),
('BA', 'BA', 'BIH'),
('BB', 'BB', 'BRB'),
('BD', 'BD', 'BGD'),
('BE', 'BE', 'BEL'),
('BF', 'BF', 'BFA'),
('BG', 'BG', 'BGR'),
('BH', 'BH', 'BHR'),
('BI', 'BI', 'BDI'),
('BJ', 'BJ', 'BEN'),
('BL', 'BL', 'BLM'),
('BM', 'BM', 'BMU'),
('BN', 'BN', 'BRN'),
('BO', 'BO', 'BOL'),
('BR', 'BR', 'BRA'),
('BS', 'BS', 'BHS'),
('BT', 'BT', 'BTN'),
('BV', 'BV', 'BVT'),
('BW', 'BW', 'BWA'),
('BY', 'BY', 'BLR'),
('BZ', 'BZ', 'BLZ'),
('CA', 'CA', 'CAN'),
('CC', 'CC', 'CCK'),
('CD', 'CD', 'COD'),
('CF', 'CF', 'CAF'),
('CG', 'CG', 'COG'),
('CH', 'CH', 'CHE'),
('CI', 'CI', 'CIV'),
('CK', 'CK', 'COK'),
('CL', 'CL', 'CHL'),
('CM', 'CM', 'CMR'),
('CN', 'CN', 'CHN'),
('CO', 'CO', 'COL'),
('CR', 'CR', 'CRI'),
('CU', 'CU', 'CUB'),
('CV', 'CV', 'CPV'),
('CX', 'CX', 'CXR'),
('CY', 'CY', 'CYP'),
('CZ', 'CZ', 'CZE'),
('DE', 'DE', 'DEU'),
('DJ', 'DJ', 'DJI'),
('DK', 'DK', 'DNK'),
('DM', 'DM', 'DMA'),
('DO', 'DO', 'DOM'),
('DZ', 'DZ', 'DZA'),
('EC', 'EC', 'ECU'),
('EE', 'EE', 'EST'),
('EG', 'EG', 'EGY'),
('EH', 'EH', 'ESH'),
('ER', 'ER', 'ERI'),
('ES', 'ES', 'ESP'),
('ET', 'ET', 'ETH'),
('FI', 'FI', 'FIN'),
('FJ', 'FJ', 'FJI'),
('FK', 'FK', 'FLK'),
('FM', 'FM', 'FSM'),
('FO', 'FO', 'FRO'),
('FR', 'FR', 'FRA'),
('GA', 'GA', 'GAB'),
('GB', 'GB', 'GBR'),
('GD', 'GD', 'GRD'),
('GE', 'GE', 'GEO'),
('GF', 'GF', 'GUF'),
('GG', 'GG', 'GGY'),
('GH', 'GH', 'GHA'),
('GI', 'GI', 'GIB'),
('GL', 'GL', 'GRL'),
('GM', 'GM', 'GMB'),
('GN', 'GN', 'GIN'),
('GP', 'GP', 'GLP'),
('GQ', 'GQ', 'GNQ'),
('GR', 'GR', 'GRC'),
('GS', 'GS', 'SGS'),
('GT', 'GT', 'GTM'),
('GU', 'GU', 'GUM'),
('GW', 'GW', 'GNB'),
('GY', 'GY', 'GUY'),
('HK', 'HK', 'HKG'),
('HM', 'HM', 'HMD'),
('HN', 'HN', 'HND'),
('HR', 'HR', 'HRV'),
('HT', 'HT', 'HTI'),
('HU', 'HU', 'HUN'),
('ID', 'ID', 'IDN'),
('IE', 'IE', 'IRL'),
('IL', 'IL', 'ISR'),
('IM', 'IM', 'IMN'),
('IN', 'IN', 'IND'),
('IO', 'IO', 'IOT'),
('IQ', 'IQ', 'IRQ'),
('IR', 'IR', 'IRN'),
('IS', 'IS', 'ISL'),
('IT', 'IT', 'ITA'),
('JE', 'JE', 'JEY'),
('JM', 'JM', 'JAM'),
('JO', 'JO', 'JOR'),
('JP', 'JP', 'JPN'),
('KE', 'KE', 'KEN'),
('KG', 'KG', 'KGZ'),
('KH', 'KH', 'KHM'),
('KI', 'KI', 'KIR'),
('KM', 'KM', 'COM'),
('KN', 'KN', 'KNA'),
('KP', 'KP', 'PRK'),
('KR', 'KR', 'KOR'),
('KW', 'KW', 'KWT'),
('KY', 'KY', 'CYM'),
('KZ', 'KZ', 'KAZ'),
('LA', 'LA', 'LAO'),
('LB', 'LB', 'LBN'),
('LC', 'LC', 'LCA'),
('LI', 'LI', 'LIE'),
('LK', 'LK', 'LKA'),
('LR', 'LR', 'LBR'),
('LS', 'LS', 'LSO'),
('LT', 'LT', 'LTU'),
('LU', 'LU', 'LUX'),
('LV', 'LV', 'LVA'),
('LY', 'LY', 'LBY'),
('MA', 'MA', 'MAR'),
('MC', 'MC', 'MCO'),
('MD', 'MD', 'MDA'),
('ME', 'ME', 'MNE'),
('MF', 'MF', 'MAF'),
('MG', 'MG', 'MDG'),
('MH', 'MH', 'MHL'),
('MK', 'MK', 'MKD'),
('ML', 'ML', 'MLI'),
('MM', 'MM', 'MMR'),
('MN', 'MN', 'MNG'),
('MO', 'MO', 'MAC'),
('MP', 'MP', 'MNP'),
('MQ', 'MQ', 'MTQ'),
('MR', 'MR', 'MRT'),
('MS', 'MS', 'MSR'),
('MT', 'MT', 'MLT'),
('MU', 'MU', 'MUS'),
('MV', 'MV', 'MDV'),
('MW', 'MW', 'MWI'),
('MX', 'MX', 'MEX'),
('MY', 'MY', 'MYS'),
('MZ', 'MZ', 'MOZ'),
('NA', 'NA', 'NAM'),
('NC', 'NC', 'NCL'),
('NE', 'NE', 'NER'),
('NF', 'NF', 'NFK'),
('NG', 'NG', 'NGA'),
('NI', 'NI', 'NIC'),
('NL', 'NL', 'NLD'),
('NO', 'NO', 'NOR'),
('NP', 'NP', 'NPL'),
('NR', 'NR', 'NRU'),
('NU', 'NU', 'NIU'),
('NZ', 'NZ', 'NZL'),
('OM', 'OM', 'OMN'),
('PA', 'PA', 'PAN'),
('PE', 'PE', 'PER'),
('PF', 'PF', 'PYF'),
('PG', 'PG', 'PNG'),
('PH', 'PH', 'PHL'),
('PK', 'PK', 'PAK'),
('PL', 'PL', 'POL'),
('PM', 'PM', 'SPM'),
('PN', 'PN', 'PCN'),
('PR', 'PR', 'PRI'),
('PS', 'PS', 'PSE'),
('PT', 'PT', 'PRT'),
('PW', 'PW', 'PLW'),
('PY', 'PY', 'PRY'),
('QA', 'QA', 'QAT'),
('RE', 'RE', 'REU'),
('RO', 'RO', 'ROU'),
('RS', 'RS', 'SRB'),
('RU', 'RU', 'RUS'),
('RW', 'RW', 'RWA'),
('SA', 'SA', 'SAU'),
('SB', 'SB', 'SLB'),
('SC', 'SC', 'SYC'),
('SD', 'SD', 'SDN'),
('SE', 'SE', 'SWE'),
('SG', 'SG', 'SGP'),
('SH', 'SH', 'SHN'),
('SI', 'SI', 'SVN'),
('SJ', 'SJ', 'SJM'),
('SK', 'SK', 'SVK'),
('SL', 'SL', 'SLE'),
('SM', 'SM', 'SMR'),
('SN', 'SN', 'SEN'),
('SO', 'SO', 'SOM'),
('SR', 'SR', 'SUR'),
('ST', 'ST', 'STP'),
('SV', 'SV', 'SLV'),
('SY', 'SY', 'SYR'),
('SZ', 'SZ', 'SWZ'),
('TC', 'TC', 'TCA'),
('TD', 'TD', 'TCD'),
('TF', 'TF', 'ATF'),
('TG', 'TG', 'TGO'),
('TH', 'TH', 'THA'),
('TJ', 'TJ', 'TJK'),
('TK', 'TK', 'TKL'),
('TL', 'TL', 'TLS'),
('TM', 'TM', 'TKM'),
('TN', 'TN', 'TUN'),
('TO', 'TO', 'TON'),
('TR', 'TR', 'TUR'),
('TT', 'TT', 'TTO'),
('TV', 'TV', 'TUV'),
('TW', 'TW', 'TWN'),
('TZ', 'TZ', 'TZA'),
('UA', 'UA', 'UKR'),
('UG', 'UG', 'UGA'),
('UM', 'UM', 'UMI'),
('US', 'US', 'USA'),
('UY', 'UY', 'URY'),
('UZ', 'UZ', 'UZB'),
('VA', 'VA', 'VAT'),
('VC', 'VC', 'VCT'),
('VE', 'VE', 'VEN'),
('VG', 'VG', 'VGB'),
('VI', 'VI', 'VIR'),
('VN', 'VN', 'VNM'),
('VU', 'VU', 'VUT'),
('WF', 'WF', 'WLF'),
('WS', 'WS', 'WSM'),
('YE', 'YE', 'YEM'),
('YT', 'YT', 'MYT'),
('ZA', 'ZA', 'ZAF'),
('ZM', 'ZM', 'ZMB'),
('ZW', 'ZW', 'ZWE');

-- --------------------------------------------------------

--
-- Table structure for table `directory_country_format`
--

CREATE TABLE `directory_country_format` (
  `country_format_id` int(10) UNSIGNED NOT NULL COMMENT 'Country Format Id',
  `country_id` varchar(2) DEFAULT NULL COMMENT 'Country Id in ISO-2',
  `type` varchar(30) DEFAULT NULL COMMENT 'Country Format Type',
  `format` text NOT NULL COMMENT 'Country Format'
) ENGINE=InnoDB DEFAULT CHARSET=utf8 COMMENT='Directory Country Format';

-- --------------------------------------------------------

--
-- Table structure for table `directory_country_region`
--

CREATE TABLE `directory_country_region` (
  `region_id` int(10) UNSIGNED NOT NULL COMMENT 'Region Id',
  `country_id` varchar(4) NOT NULL DEFAULT '0' COMMENT 'Country Id in ISO-2',
  `code` varchar(32) DEFAULT NULL COMMENT 'Region code',
  `default_name` varchar(255) DEFAULT NULL COMMENT 'Region Name'
) ENGINE=InnoDB DEFAULT CHARSET=utf8 COMMENT='Directory Country Region';

--
-- Dumping data for table `directory_country_region`
--

INSERT INTO `directory_country_region` (`region_id`, `country_id`, `code`, `default_name`) VALUES
(1, 'US', 'AL', 'Alabama'),
(2, 'US', 'AK', 'Alaska'),
(3, 'US', 'AS', 'American Samoa'),
(4, 'US', 'AZ', 'Arizona'),
(5, 'US', 'AR', 'Arkansas'),
(6, 'US', 'AF', 'Armed Forces Africa'),
(7, 'US', 'AA', 'Armed Forces Americas'),
(8, 'US', 'AC', 'Armed Forces Canada'),
(9, 'US', 'AE', 'Armed Forces Europe'),
(10, 'US', 'AM', 'Armed Forces Middle East'),
(11, 'US', 'AP', 'Armed Forces Pacific'),
(12, 'US', 'CA', 'California'),
(13, 'US', 'CO', 'Colorado'),
(14, 'US', 'CT', 'Connecticut'),
(15, 'US', 'DE', 'Delaware'),
(16, 'US', 'DC', 'District of Columbia'),
(17, 'US', 'FM', 'Federated States Of Micronesia'),
(18, 'US', 'FL', 'Florida'),
(19, 'US', 'GA', 'Georgia'),
(20, 'US', 'GU', 'Guam'),
(21, 'US', 'HI', 'Hawaii'),
(22, 'US', 'ID', 'Idaho'),
(23, 'US', 'IL', 'Illinois'),
(24, 'US', 'IN', 'Indiana'),
(25, 'US', 'IA', 'Iowa'),
(26, 'US', 'KS', 'Kansas'),
(27, 'US', 'KY', 'Kentucky'),
(28, 'US', 'LA', 'Louisiana'),
(29, 'US', 'ME', 'Maine'),
(30, 'US', 'MH', 'Marshall Islands'),
(31, 'US', 'MD', 'Maryland'),
(32, 'US', 'MA', 'Massachusetts'),
(33, 'US', 'MI', 'Michigan'),
(34, 'US', 'MN', 'Minnesota'),
(35, 'US', 'MS', 'Mississippi'),
(36, 'US', 'MO', 'Missouri'),
(37, 'US', 'MT', 'Montana'),
(38, 'US', 'NE', 'Nebraska'),
(39, 'US', 'NV', 'Nevada'),
(40, 'US', 'NH', 'New Hampshire'),
(41, 'US', 'NJ', 'New Jersey'),
(42, 'US', 'NM', 'New Mexico'),
(43, 'US', 'NY', 'New York'),
(44, 'US', 'NC', 'North Carolina'),
(45, 'US', 'ND', 'North Dakota'),
(46, 'US', 'MP', 'Northern Mariana Islands'),
(47, 'US', 'OH', 'Ohio'),
(48, 'US', 'OK', 'Oklahoma'),
(49, 'US', 'OR', 'Oregon'),
(50, 'US', 'PW', 'Palau'),
(51, 'US', 'PA', 'Pennsylvania'),
(52, 'US', 'PR', 'Puerto Rico'),
(53, 'US', 'RI', 'Rhode Island'),
(54, 'US', 'SC', 'South Carolina'),
(55, 'US', 'SD', 'South Dakota'),
(56, 'US', 'TN', 'Tennessee'),
(57, 'US', 'TX', 'Texas'),
(58, 'US', 'UT', 'Utah'),
(59, 'US', 'VT', 'Vermont'),
(60, 'US', 'VI', 'Virgin Islands'),
(61, 'US', 'VA', 'Virginia'),
(62, 'US', 'WA', 'Washington'),
(63, 'US', 'WV', 'West Virginia'),
(64, 'US', 'WI', 'Wisconsin'),
(65, 'US', 'WY', 'Wyoming'),
(66, 'CA', 'AB', 'Alberta'),
(67, 'CA', 'BC', 'British Columbia'),
(68, 'CA', 'MB', 'Manitoba'),
(69, 'CA', 'NL', 'Newfoundland and Labrador'),
(70, 'CA', 'NB', 'New Brunswick'),
(71, 'CA', 'NS', 'Nova Scotia'),
(72, 'CA', 'NT', 'Northwest Territories'),
(73, 'CA', 'NU', 'Nunavut'),
(74, 'CA', 'ON', 'Ontario'),
(75, 'CA', 'PE', 'Prince Edward Island'),
(76, 'CA', 'QC', 'Quebec'),
(77, 'CA', 'SK', 'Saskatchewan'),
(78, 'CA', 'YT', 'Yukon Territory'),
(79, 'DE', 'NDS', 'Niedersachsen'),
(80, 'DE', 'BAW', 'Baden-Württemberg'),
(81, 'DE', 'BAY', 'Bayern'),
(82, 'DE', 'BER', 'Berlin'),
(83, 'DE', 'BRG', 'Brandenburg'),
(84, 'DE', 'BRE', 'Bremen'),
(85, 'DE', 'HAM', 'Hamburg'),
(86, 'DE', 'HES', 'Hessen'),
(87, 'DE', 'MEC', 'Mecklenburg-Vorpommern'),
(88, 'DE', 'NRW', 'Nordrhein-Westfalen'),
(89, 'DE', 'RHE', 'Rheinland-Pfalz'),
(90, 'DE', 'SAR', 'Saarland'),
(91, 'DE', 'SAS', 'Sachsen'),
(92, 'DE', 'SAC', 'Sachsen-Anhalt'),
(93, 'DE', 'SCN', 'Schleswig-Holstein'),
(94, 'DE', 'THE', 'Thüringen'),
(95, 'AT', 'WI', 'Wien'),
(96, 'AT', 'NO', 'Niederösterreich'),
(97, 'AT', 'OO', 'Oberösterreich'),
(98, 'AT', 'SB', 'Salzburg'),
(99, 'AT', 'KN', 'Kärnten'),
(100, 'AT', 'ST', 'Steiermark'),
(101, 'AT', 'TI', 'Tirol'),
(102, 'AT', 'BL', 'Burgenland'),
(103, 'AT', 'VB', 'Vorarlberg'),
(104, 'CH', 'AG', 'Aargau'),
(105, 'CH', 'AI', 'Appenzell Innerrhoden'),
(106, 'CH', 'AR', 'Appenzell Ausserrhoden'),
(107, 'CH', 'BE', 'Bern'),
(108, 'CH', 'BL', 'Basel-Landschaft'),
(109, 'CH', 'BS', 'Basel-Stadt'),
(110, 'CH', 'FR', 'Freiburg'),
(111, 'CH', 'GE', 'Genf'),
(112, 'CH', 'GL', 'Glarus'),
(113, 'CH', 'GR', 'Graubünden'),
(114, 'CH', 'JU', 'Jura'),
(115, 'CH', 'LU', 'Luzern'),
(116, 'CH', 'NE', 'Neuenburg'),
(117, 'CH', 'NW', 'Nidwalden'),
(118, 'CH', 'OW', 'Obwalden'),
(119, 'CH', 'SG', 'St. Gallen'),
(120, 'CH', 'SH', 'Schaffhausen'),
(121, 'CH', 'SO', 'Solothurn'),
(122, 'CH', 'SZ', 'Schwyz'),
(123, 'CH', 'TG', 'Thurgau'),
(124, 'CH', 'TI', 'Tessin'),
(125, 'CH', 'UR', 'Uri'),
(126, 'CH', 'VD', 'Waadt'),
(127, 'CH', 'VS', 'Wallis'),
(128, 'CH', 'ZG', 'Zug'),
(129, 'CH', 'ZH', 'Zürich'),
(130, 'ES', 'A Coruсa', 'A Coruña'),
(131, 'ES', 'Alava', 'Alava'),
(132, 'ES', 'Albacete', 'Albacete'),
(133, 'ES', 'Alicante', 'Alicante'),
(134, 'ES', 'Almeria', 'Almeria'),
(135, 'ES', 'Asturias', 'Asturias'),
(136, 'ES', 'Avila', 'Avila'),
(137, 'ES', 'Badajoz', 'Badajoz'),
(138, 'ES', 'Baleares', 'Baleares'),
(139, 'ES', 'Barcelona', 'Barcelona'),
(140, 'ES', 'Burgos', 'Burgos'),
(141, 'ES', 'Caceres', 'Caceres'),
(142, 'ES', 'Cadiz', 'Cadiz'),
(143, 'ES', 'Cantabria', 'Cantabria'),
(144, 'ES', 'Castellon', 'Castellon'),
(145, 'ES', 'Ceuta', 'Ceuta'),
(146, 'ES', 'Ciudad Real', 'Ciudad Real'),
(147, 'ES', 'Cordoba', 'Cordoba'),
(148, 'ES', 'Cuenca', 'Cuenca'),
(149, 'ES', 'Girona', 'Girona'),
(150, 'ES', 'Granada', 'Granada'),
(151, 'ES', 'Guadalajara', 'Guadalajara'),
(152, 'ES', 'Guipuzcoa', 'Guipuzcoa'),
(153, 'ES', 'Huelva', 'Huelva'),
(154, 'ES', 'Huesca', 'Huesca'),
(155, 'ES', 'Jaen', 'Jaen'),
(156, 'ES', 'La Rioja', 'La Rioja'),
(157, 'ES', 'Las Palmas', 'Las Palmas'),
(158, 'ES', 'Leon', 'Leon'),
(159, 'ES', 'Lleida', 'Lleida'),
(160, 'ES', 'Lugo', 'Lugo'),
(161, 'ES', 'Madrid', 'Madrid'),
(162, 'ES', 'Malaga', 'Malaga'),
(163, 'ES', 'Melilla', 'Melilla'),
(164, 'ES', 'Murcia', 'Murcia'),
(165, 'ES', 'Navarra', 'Navarra'),
(166, 'ES', 'Ourense', 'Ourense'),
(167, 'ES', 'Palencia', 'Palencia'),
(168, 'ES', 'Pontevedra', 'Pontevedra'),
(169, 'ES', 'Salamanca', 'Salamanca'),
(170, 'ES', 'Santa Cruz de Tenerife', 'Santa Cruz de Tenerife'),
(171, 'ES', 'Segovia', 'Segovia'),
(172, 'ES', 'Sevilla', 'Sevilla'),
(173, 'ES', 'Soria', 'Soria'),
(174, 'ES', 'Tarragona', 'Tarragona'),
(175, 'ES', 'Teruel', 'Teruel'),
(176, 'ES', 'Toledo', 'Toledo'),
(177, 'ES', 'Valencia', 'Valencia'),
(178, 'ES', 'Valladolid', 'Valladolid'),
(179, 'ES', 'Vizcaya', 'Vizcaya'),
(180, 'ES', 'Zamora', 'Zamora'),
(181, 'ES', 'Zaragoza', 'Zaragoza'),
(182, 'FR', '1', 'Ain'),
(183, 'FR', '2', 'Aisne'),
(184, 'FR', '3', 'Allier'),
(185, 'FR', '4', 'Alpes-de-Haute-Provence'),
(186, 'FR', '5', 'Hautes-Alpes'),
(187, 'FR', '6', 'Alpes-Maritimes'),
(188, 'FR', '7', 'Ardèche'),
(189, 'FR', '8', 'Ardennes'),
(190, 'FR', '9', 'Ariège'),
(191, 'FR', '10', 'Aube'),
(192, 'FR', '11', 'Aude'),
(193, 'FR', '12', 'Aveyron'),
(194, 'FR', '13', 'Bouches-du-Rhône'),
(195, 'FR', '14', 'Calvados'),
(196, 'FR', '15', 'Cantal'),
(197, 'FR', '16', 'Charente'),
(198, 'FR', '17', 'Charente-Maritime'),
(199, 'FR', '18', 'Cher'),
(200, 'FR', '19', 'Corrèze'),
(201, 'FR', '2A', 'Corse-du-Sud'),
(202, 'FR', '2B', 'Haute-Corse'),
(203, 'FR', '21', 'Côte-d\'Or'),
(204, 'FR', '22', 'Côtes-d\'Armor'),
(205, 'FR', '23', 'Creuse'),
(206, 'FR', '24', 'Dordogne'),
(207, 'FR', '25', 'Doubs'),
(208, 'FR', '26', 'Drôme'),
(209, 'FR', '27', 'Eure'),
(210, 'FR', '28', 'Eure-et-Loir'),
(211, 'FR', '29', 'Finistère'),
(212, 'FR', '30', 'Gard'),
(213, 'FR', '31', 'Haute-Garonne'),
(214, 'FR', '32', 'Gers'),
(215, 'FR', '33', 'Gironde'),
(216, 'FR', '34', 'Hérault'),
(217, 'FR', '35', 'Ille-et-Vilaine'),
(218, 'FR', '36', 'Indre'),
(219, 'FR', '37', 'Indre-et-Loire'),
(220, 'FR', '38', 'Isère'),
(221, 'FR', '39', 'Jura'),
(222, 'FR', '40', 'Landes'),
(223, 'FR', '41', 'Loir-et-Cher'),
(224, 'FR', '42', 'Loire'),
(225, 'FR', '43', 'Haute-Loire'),
(226, 'FR', '44', 'Loire-Atlantique'),
(227, 'FR', '45', 'Loiret'),
(228, 'FR', '46', 'Lot'),
(229, 'FR', '47', 'Lot-et-Garonne'),
(230, 'FR', '48', 'Lozère'),
(231, 'FR', '49', 'Maine-et-Loire'),
(232, 'FR', '50', 'Manche'),
(233, 'FR', '51', 'Marne'),
(234, 'FR', '52', 'Haute-Marne'),
(235, 'FR', '53', 'Mayenne'),
(236, 'FR', '54', 'Meurthe-et-Moselle'),
(237, 'FR', '55', 'Meuse'),
(238, 'FR', '56', 'Morbihan'),
(239, 'FR', '57', 'Moselle'),
(240, 'FR', '58', 'Nièvre'),
(241, 'FR', '59', 'Nord'),
(242, 'FR', '60', 'Oise'),
(243, 'FR', '61', 'Orne'),
(244, 'FR', '62', 'Pas-de-Calais'),
(245, 'FR', '63', 'Puy-de-Dôme'),
(246, 'FR', '64', 'Pyrénées-Atlantiques'),
(247, 'FR', '65', 'Hautes-Pyrénées'),
(248, 'FR', '66', 'Pyrénées-Orientales'),
(249, 'FR', '67', 'Bas-Rhin'),
(250, 'FR', '68', 'Haut-Rhin'),
(251, 'FR', '69', 'Rhône'),
(252, 'FR', '70', 'Haute-Saône'),
(253, 'FR', '71', 'Saône-et-Loire'),
(254, 'FR', '72', 'Sarthe'),
(255, 'FR', '73', 'Savoie'),
(256, 'FR', '74', 'Haute-Savoie'),
(257, 'FR', '75', 'Paris'),
(258, 'FR', '76', 'Seine-Maritime'),
(259, 'FR', '77', 'Seine-et-Marne'),
(260, 'FR', '78', 'Yvelines'),
(261, 'FR', '79', 'Deux-Sèvres'),
(262, 'FR', '80', 'Somme'),
(263, 'FR', '81', 'Tarn'),
(264, 'FR', '82', 'Tarn-et-Garonne'),
(265, 'FR', '83', 'Var'),
(266, 'FR', '84', 'Vaucluse'),
(267, 'FR', '85', 'Vendée'),
(268, 'FR', '86', 'Vienne'),
(269, 'FR', '87', 'Haute-Vienne'),
(270, 'FR', '88', 'Vosges'),
(271, 'FR', '89', 'Yonne'),
(272, 'FR', '90', 'Territoire-de-Belfort'),
(273, 'FR', '91', 'Essonne'),
(274, 'FR', '92', 'Hauts-de-Seine'),
(275, 'FR', '93', 'Seine-Saint-Denis'),
(276, 'FR', '94', 'Val-de-Marne'),
(277, 'FR', '95', 'Val-d\'Oise'),
(278, 'RO', 'AB', 'Alba'),
(279, 'RO', 'AR', 'Arad'),
(280, 'RO', 'AG', 'Argeş'),
(281, 'RO', 'BC', 'Bacău'),
(282, 'RO', 'BH', 'Bihor'),
(283, 'RO', 'BN', 'Bistriţa-Năsăud'),
(284, 'RO', 'BT', 'Botoşani'),
(285, 'RO', 'BV', 'Braşov'),
(286, 'RO', 'BR', 'Brăila'),
(287, 'RO', 'B', 'Bucureşti'),
(288, 'RO', 'BZ', 'Buzău'),
(289, 'RO', 'CS', 'Caraş-Severin'),
(290, 'RO', 'CL', 'Călăraşi'),
(291, 'RO', 'CJ', 'Cluj'),
(292, 'RO', 'CT', 'Constanţa'),
(293, 'RO', 'CV', 'Covasna'),
(294, 'RO', 'DB', 'Dâmboviţa'),
(295, 'RO', 'DJ', 'Dolj'),
(296, 'RO', 'GL', 'Galaţi'),
(297, 'RO', 'GR', 'Giurgiu'),
(298, 'RO', 'GJ', 'Gorj'),
(299, 'RO', 'HR', 'Harghita'),
(300, 'RO', 'HD', 'Hunedoara'),
(301, 'RO', 'IL', 'Ialomiţa'),
(302, 'RO', 'IS', 'Iaşi'),
(303, 'RO', 'IF', 'Ilfov'),
(304, 'RO', 'MM', 'Maramureş'),
(305, 'RO', 'MH', 'Mehedinţi'),
(306, 'RO', 'MS', 'Mureş'),
(307, 'RO', 'NT', 'Neamţ'),
(308, 'RO', 'OT', 'Olt'),
(309, 'RO', 'PH', 'Prahova'),
(310, 'RO', 'SM', 'Satu-Mare'),
(311, 'RO', 'SJ', 'Sălaj'),
(312, 'RO', 'SB', 'Sibiu'),
(313, 'RO', 'SV', 'Suceava'),
(314, 'RO', 'TR', 'Teleorman'),
(315, 'RO', 'TM', 'Timiş'),
(316, 'RO', 'TL', 'Tulcea'),
(317, 'RO', 'VS', 'Vaslui'),
(318, 'RO', 'VL', 'Vâlcea'),
(319, 'RO', 'VN', 'Vrancea'),
(320, 'FI', 'Lappi', 'Lappi'),
(321, 'FI', 'Pohjois-Pohjanmaa', 'Pohjois-Pohjanmaa'),
(322, 'FI', 'Kainuu', 'Kainuu'),
(323, 'FI', 'Pohjois-Karjala', 'Pohjois-Karjala'),
(324, 'FI', 'Pohjois-Savo', 'Pohjois-Savo'),
(325, 'FI', 'Etelä-Savo', 'Etelä-Savo'),
(326, 'FI', 'Etelä-Pohjanmaa', 'Etelä-Pohjanmaa'),
(327, 'FI', 'Pohjanmaa', 'Pohjanmaa'),
(328, 'FI', 'Pirkanmaa', 'Pirkanmaa'),
(329, 'FI', 'Satakunta', 'Satakunta'),
(330, 'FI', 'Keski-Pohjanmaa', 'Keski-Pohjanmaa'),
(331, 'FI', 'Keski-Suomi', 'Keski-Suomi'),
(332, 'FI', 'Varsinais-Suomi', 'Varsinais-Suomi'),
(333, 'FI', 'Etelä-Karjala', 'Etelä-Karjala'),
(334, 'FI', 'Päijät-Häme', 'Päijät-Häme'),
(335, 'FI', 'Kanta-Häme', 'Kanta-Häme'),
(336, 'FI', 'Uusimaa', 'Uusimaa'),
(337, 'FI', 'Itä-Uusimaa', 'Itä-Uusimaa'),
(338, 'FI', 'Kymenlaakso', 'Kymenlaakso'),
(339, 'FI', 'Ahvenanmaa', 'Ahvenanmaa'),
(340, 'EE', 'EE-37', 'Harjumaa'),
(341, 'EE', 'EE-39', 'Hiiumaa'),
(342, 'EE', 'EE-44', 'Ida-Virumaa'),
(343, 'EE', 'EE-49', 'Jõgevamaa'),
(344, 'EE', 'EE-51', 'Järvamaa'),
(345, 'EE', 'EE-57', 'Läänemaa'),
(346, 'EE', 'EE-59', 'Lääne-Virumaa'),
(347, 'EE', 'EE-65', 'Põlvamaa'),
(348, 'EE', 'EE-67', 'Pärnumaa'),
(349, 'EE', 'EE-70', 'Raplamaa'),
(350, 'EE', 'EE-74', 'Saaremaa'),
(351, 'EE', 'EE-78', 'Tartumaa'),
(352, 'EE', 'EE-82', 'Valgamaa'),
(353, 'EE', 'EE-84', 'Viljandimaa'),
(354, 'EE', 'EE-86', 'Võrumaa'),
(355, 'LV', 'LV-DGV', 'Daugavpils'),
(356, 'LV', 'LV-JEL', 'Jelgava'),
(357, 'LV', 'Jēkabpils', 'Jēkabpils'),
(358, 'LV', 'LV-JUR', 'Jūrmala'),
(359, 'LV', 'LV-LPX', 'Liepāja'),
(360, 'LV', 'LV-LE', 'Liepājas novads'),
(361, 'LV', 'LV-REZ', 'Rēzekne'),
(362, 'LV', 'LV-RIX', 'Rīga'),
(363, 'LV', 'LV-RI', 'Rīgas novads'),
(364, 'LV', 'Valmiera', 'Valmiera'),
(365, 'LV', 'LV-VEN', 'Ventspils'),
(366, 'LV', 'Aglonas novads', 'Aglonas novads'),
(367, 'LV', 'LV-AI', 'Aizkraukles novads'),
(368, 'LV', 'Aizputes novads', 'Aizputes novads'),
(369, 'LV', 'Aknīstes novads', 'Aknīstes novads'),
(370, 'LV', 'Alojas novads', 'Alojas novads'),
(371, 'LV', 'Alsungas novads', 'Alsungas novads'),
(372, 'LV', 'LV-AL', 'Alūksnes novads'),
(373, 'LV', 'Amatas novads', 'Amatas novads'),
(374, 'LV', 'Apes novads', 'Apes novads'),
(375, 'LV', 'Auces novads', 'Auces novads'),
(376, 'LV', 'Babītes novads', 'Babītes novads'),
(377, 'LV', 'Baldones novads', 'Baldones novads'),
(378, 'LV', 'Baltinavas novads', 'Baltinavas novads'),
(379, 'LV', 'LV-BL', 'Balvu novads'),
(380, 'LV', 'LV-BU', 'Bauskas novads'),
(381, 'LV', 'Beverīnas novads', 'Beverīnas novads'),
(382, 'LV', 'Brocēnu novads', 'Brocēnu novads'),
(383, 'LV', 'Burtnieku novads', 'Burtnieku novads'),
(384, 'LV', 'Carnikavas novads', 'Carnikavas novads'),
(385, 'LV', 'Cesvaines novads', 'Cesvaines novads'),
(386, 'LV', 'Ciblas novads', 'Ciblas novads'),
(387, 'LV', 'LV-CE', 'Cēsu novads'),
(388, 'LV', 'Dagdas novads', 'Dagdas novads'),
(389, 'LV', 'LV-DA', 'Daugavpils novads'),
(390, 'LV', 'LV-DO', 'Dobeles novads'),
(391, 'LV', 'Dundagas novads', 'Dundagas novads'),
(392, 'LV', 'Durbes novads', 'Durbes novads'),
(393, 'LV', 'Engures novads', 'Engures novads'),
(394, 'LV', 'Garkalnes novads', 'Garkalnes novads'),
(395, 'LV', 'Grobiņas novads', 'Grobiņas novads'),
(396, 'LV', 'LV-GU', 'Gulbenes novads'),
(397, 'LV', 'Iecavas novads', 'Iecavas novads'),
(398, 'LV', 'Ikšķiles novads', 'Ikšķiles novads'),
(399, 'LV', 'Ilūkstes novads', 'Ilūkstes novads'),
(400, 'LV', 'Inčukalna novads', 'Inčukalna novads'),
(401, 'LV', 'Jaunjelgavas novads', 'Jaunjelgavas novads'),
(402, 'LV', 'Jaunpiebalgas novads', 'Jaunpiebalgas novads'),
(403, 'LV', 'Jaunpils novads', 'Jaunpils novads'),
(404, 'LV', 'LV-JL', 'Jelgavas novads'),
(405, 'LV', 'LV-JK', 'Jēkabpils novads'),
(406, 'LV', 'Kandavas novads', 'Kandavas novads'),
(407, 'LV', 'Kokneses novads', 'Kokneses novads'),
(408, 'LV', 'Krimuldas novads', 'Krimuldas novads'),
(409, 'LV', 'Krustpils novads', 'Krustpils novads'),
(410, 'LV', 'LV-KR', 'Krāslavas novads'),
(411, 'LV', 'LV-KU', 'Kuldīgas novads'),
(412, 'LV', 'Kārsavas novads', 'Kārsavas novads'),
(413, 'LV', 'Lielvārdes novads', 'Lielvārdes novads'),
(414, 'LV', 'LV-LM', 'Limbažu novads'),
(415, 'LV', 'Lubānas novads', 'Lubānas novads'),
(416, 'LV', 'LV-LU', 'Ludzas novads'),
(417, 'LV', 'Līgatnes novads', 'Līgatnes novads'),
(418, 'LV', 'Līvānu novads', 'Līvānu novads'),
(419, 'LV', 'LV-MA', 'Madonas novads'),
(420, 'LV', 'Mazsalacas novads', 'Mazsalacas novads'),
(421, 'LV', 'Mālpils novads', 'Mālpils novads'),
(422, 'LV', 'Mārupes novads', 'Mārupes novads'),
(423, 'LV', 'Naukšēnu novads', 'Naukšēnu novads'),
(424, 'LV', 'Neretas novads', 'Neretas novads'),
(425, 'LV', 'Nīcas novads', 'Nīcas novads'),
(426, 'LV', 'LV-OG', 'Ogres novads'),
(427, 'LV', 'Olaines novads', 'Olaines novads'),
(428, 'LV', 'Ozolnieku novads', 'Ozolnieku novads'),
(429, 'LV', 'LV-PR', 'Preiļu novads'),
(430, 'LV', 'Priekules novads', 'Priekules novads'),
(431, 'LV', 'Priekuļu novads', 'Priekuļu novads'),
(432, 'LV', 'Pārgaujas novads', 'Pārgaujas novads'),
(433, 'LV', 'Pāvilostas novads', 'Pāvilostas novads'),
(434, 'LV', 'Pļaviņu novads', 'Pļaviņu novads'),
(435, 'LV', 'Raunas novads', 'Raunas novads'),
(436, 'LV', 'Riebiņu novads', 'Riebiņu novads'),
(437, 'LV', 'Rojas novads', 'Rojas novads'),
(438, 'LV', 'Ropažu novads', 'Ropažu novads'),
(439, 'LV', 'Rucavas novads', 'Rucavas novads'),
(440, 'LV', 'Rugāju novads', 'Rugāju novads'),
(441, 'LV', 'Rundāles novads', 'Rundāles novads'),
(442, 'LV', 'LV-RE', 'Rēzeknes novads'),
(443, 'LV', 'Rūjienas novads', 'Rūjienas novads'),
(444, 'LV', 'Salacgrīvas novads', 'Salacgrīvas novads'),
(445, 'LV', 'Salas novads', 'Salas novads'),
(446, 'LV', 'Salaspils novads', 'Salaspils novads'),
(447, 'LV', 'LV-SA', 'Saldus novads'),
(448, 'LV', 'Saulkrastu novads', 'Saulkrastu novads'),
(449, 'LV', 'Siguldas novads', 'Siguldas novads'),
(450, 'LV', 'Skrundas novads', 'Skrundas novads'),
(451, 'LV', 'Skrīveru novads', 'Skrīveru novads'),
(452, 'LV', 'Smiltenes novads', 'Smiltenes novads'),
(453, 'LV', 'Stopiņu novads', 'Stopiņu novads'),
(454, 'LV', 'Strenču novads', 'Strenču novads'),
(455, 'LV', 'Sējas novads', 'Sējas novads'),
(456, 'LV', 'LV-TA', 'Talsu novads'),
(457, 'LV', 'LV-TU', 'Tukuma novads'),
(458, 'LV', 'Tērvetes novads', 'Tērvetes novads'),
(459, 'LV', 'Vaiņodes novads', 'Vaiņodes novads'),
(460, 'LV', 'LV-VK', 'Valkas novads'),
(461, 'LV', 'LV-VM', 'Valmieras novads'),
(462, 'LV', 'Varakļānu novads', 'Varakļānu novads'),
(463, 'LV', 'Vecpiebalgas novads', 'Vecpiebalgas novads'),
(464, 'LV', 'Vecumnieku novads', 'Vecumnieku novads'),
(465, 'LV', 'LV-VE', 'Ventspils novads'),
(466, 'LV', 'Viesītes novads', 'Viesītes novads'),
(467, 'LV', 'Viļakas novads', 'Viļakas novads'),
(468, 'LV', 'Viļānu novads', 'Viļānu novads'),
(469, 'LV', 'Vārkavas novads', 'Vārkavas novads'),
(470, 'LV', 'Zilupes novads', 'Zilupes novads'),
(471, 'LV', 'Ādažu novads', 'Ādažu novads'),
(472, 'LV', 'Ērgļu novads', 'Ērgļu novads'),
(473, 'LV', 'Ķeguma novads', 'Ķeguma novads'),
(474, 'LV', 'Ķekavas novads', 'Ķekavas novads'),
(475, 'LT', 'LT-AL', 'Alytaus Apskritis'),
(476, 'LT', 'LT-KU', 'Kauno Apskritis'),
(477, 'LT', 'LT-KL', 'Klaipėdos Apskritis'),
(478, 'LT', 'LT-MR', 'Marijampolės Apskritis'),
(479, 'LT', 'LT-PN', 'Panevėžio Apskritis'),
(480, 'LT', 'LT-SA', 'Šiaulių Apskritis'),
(481, 'LT', 'LT-TA', 'Tauragės Apskritis'),
(482, 'LT', 'LT-TE', 'Telšių Apskritis'),
(483, 'LT', 'LT-UT', 'Utenos Apskritis'),
(484, 'LT', 'LT-VL', 'Vilniaus Apskritis');

-- --------------------------------------------------------

--
-- Table structure for table `directory_country_region_name`
--

CREATE TABLE `directory_country_region_name` (
  `locale` varchar(8) NOT NULL DEFAULT '' COMMENT 'Locale',
  `region_id` int(10) UNSIGNED NOT NULL DEFAULT '0' COMMENT 'Region Id',
  `name` varchar(255) DEFAULT NULL COMMENT 'Region Name'
) ENGINE=InnoDB DEFAULT CHARSET=utf8 COMMENT='Directory Country Region Name';

--
-- Dumping data for table `directory_country_region_name`
--

INSERT INTO `directory_country_region_name` (`locale`, `region_id`, `name`) VALUES
('en_US', 1, 'Alabama'),
('en_US', 2, 'Alaska'),
('en_US', 3, 'American Samoa'),
('en_US', 4, 'Arizona'),
('en_US', 5, 'Arkansas'),
('en_US', 6, 'Armed Forces Africa'),
('en_US', 7, 'Armed Forces Americas'),
('en_US', 8, 'Armed Forces Canada'),
('en_US', 9, 'Armed Forces Europe'),
('en_US', 10, 'Armed Forces Middle East'),
('en_US', 11, 'Armed Forces Pacific'),
('en_US', 12, 'California'),
('en_US', 13, 'Colorado'),
('en_US', 14, 'Connecticut'),
('en_US', 15, 'Delaware'),
('en_US', 16, 'District of Columbia'),
('en_US', 17, 'Federated States Of Micronesia'),
('en_US', 18, 'Florida'),
('en_US', 19, 'Georgia'),
('en_US', 20, 'Guam'),
('en_US', 21, 'Hawaii'),
('en_US', 22, 'Idaho'),
('en_US', 23, 'Illinois'),
('en_US', 24, 'Indiana'),
('en_US', 25, 'Iowa'),
('en_US', 26, 'Kansas'),
('en_US', 27, 'Kentucky'),
('en_US', 28, 'Louisiana'),
('en_US', 29, 'Maine'),
('en_US', 30, 'Marshall Islands'),
('en_US', 31, 'Maryland'),
('en_US', 32, 'Massachusetts'),
('en_US', 33, 'Michigan'),
('en_US', 34, 'Minnesota'),
('en_US', 35, 'Mississippi'),
('en_US', 36, 'Missouri'),
('en_US', 37, 'Montana'),
('en_US', 38, 'Nebraska'),
('en_US', 39, 'Nevada'),
('en_US', 40, 'New Hampshire'),
('en_US', 41, 'New Jersey'),
('en_US', 42, 'New Mexico'),
('en_US', 43, 'New York'),
('en_US', 44, 'North Carolina'),
('en_US', 45, 'North Dakota'),
('en_US', 46, 'Northern Mariana Islands'),
('en_US', 47, 'Ohio'),
('en_US', 48, 'Oklahoma'),
('en_US', 49, 'Oregon'),
('en_US', 50, 'Palau'),
('en_US', 51, 'Pennsylvania'),
('en_US', 52, 'Puerto Rico'),
('en_US', 53, 'Rhode Island'),
('en_US', 54, 'South Carolina'),
('en_US', 55, 'South Dakota'),
('en_US', 56, 'Tennessee'),
('en_US', 57, 'Texas'),
('en_US', 58, 'Utah'),
('en_US', 59, 'Vermont'),
('en_US', 60, 'Virgin Islands'),
('en_US', 61, 'Virginia'),
('en_US', 62, 'Washington'),
('en_US', 63, 'West Virginia'),
('en_US', 64, 'Wisconsin'),
('en_US', 65, 'Wyoming'),
('en_US', 66, 'Alberta'),
('en_US', 67, 'British Columbia'),
('en_US', 68, 'Manitoba'),
('en_US', 69, 'Newfoundland and Labrador'),
('en_US', 70, 'New Brunswick'),
('en_US', 71, 'Nova Scotia'),
('en_US', 72, 'Northwest Territories'),
('en_US', 73, 'Nunavut'),
('en_US', 74, 'Ontario'),
('en_US', 75, 'Prince Edward Island'),
('en_US', 76, 'Quebec'),
('en_US', 77, 'Saskatchewan'),
('en_US', 78, 'Yukon Territory'),
('en_US', 79, 'Niedersachsen'),
('en_US', 80, 'Baden-Württemberg'),
('en_US', 81, 'Bayern'),
('en_US', 82, 'Berlin'),
('en_US', 83, 'Brandenburg'),
('en_US', 84, 'Bremen'),
('en_US', 85, 'Hamburg'),
('en_US', 86, 'Hessen'),
('en_US', 87, 'Mecklenburg-Vorpommern'),
('en_US', 88, 'Nordrhein-Westfalen'),
('en_US', 89, 'Rheinland-Pfalz'),
('en_US', 90, 'Saarland'),
('en_US', 91, 'Sachsen'),
('en_US', 92, 'Sachsen-Anhalt'),
('en_US', 93, 'Schleswig-Holstein'),
('en_US', 94, 'Thüringen'),
('en_US', 95, 'Wien'),
('en_US', 96, 'Niederösterreich'),
('en_US', 97, 'Oberösterreich'),
('en_US', 98, 'Salzburg'),
('en_US', 99, 'Kärnten'),
('en_US', 100, 'Steiermark'),
('en_US', 101, 'Tirol'),
('en_US', 102, 'Burgenland'),
('en_US', 103, 'Vorarlberg'),
('en_US', 104, 'Aargau'),
('en_US', 105, 'Appenzell Innerrhoden'),
('en_US', 106, 'Appenzell Ausserrhoden'),
('en_US', 107, 'Bern'),
('en_US', 108, 'Basel-Landschaft'),
('en_US', 109, 'Basel-Stadt'),
('en_US', 110, 'Freiburg'),
('en_US', 111, 'Genf'),
('en_US', 112, 'Glarus'),
('en_US', 113, 'Graubünden'),
('en_US', 114, 'Jura'),
('en_US', 115, 'Luzern'),
('en_US', 116, 'Neuenburg'),
('en_US', 117, 'Nidwalden'),
('en_US', 118, 'Obwalden'),
('en_US', 119, 'St. Gallen'),
('en_US', 120, 'Schaffhausen'),
('en_US', 121, 'Solothurn'),
('en_US', 122, 'Schwyz'),
('en_US', 123, 'Thurgau'),
('en_US', 124, 'Tessin'),
('en_US', 125, 'Uri'),
('en_US', 126, 'Waadt'),
('en_US', 127, 'Wallis'),
('en_US', 128, 'Zug'),
('en_US', 129, 'Zürich'),
('en_US', 130, 'A Coruña'),
('en_US', 131, 'Alava'),
('en_US', 132, 'Albacete'),
('en_US', 133, 'Alicante'),
('en_US', 134, 'Almeria'),
('en_US', 135, 'Asturias'),
('en_US', 136, 'Avila'),
('en_US', 137, 'Badajoz'),
('en_US', 138, 'Baleares'),
('en_US', 139, 'Barcelona'),
('en_US', 140, 'Burgos'),
('en_US', 141, 'Caceres'),
('en_US', 142, 'Cadiz'),
('en_US', 143, 'Cantabria'),
('en_US', 144, 'Castellon'),
('en_US', 145, 'Ceuta'),
('en_US', 146, 'Ciudad Real'),
('en_US', 147, 'Cordoba'),
('en_US', 148, 'Cuenca'),
('en_US', 149, 'Girona'),
('en_US', 150, 'Granada'),
('en_US', 151, 'Guadalajara'),
('en_US', 152, 'Guipuzcoa'),
('en_US', 153, 'Huelva'),
('en_US', 154, 'Huesca'),
('en_US', 155, 'Jaen'),
('en_US', 156, 'La Rioja'),
('en_US', 157, 'Las Palmas'),
('en_US', 158, 'Leon'),
('en_US', 159, 'Lleida'),
('en_US', 160, 'Lugo'),
('en_US', 161, 'Madrid'),
('en_US', 162, 'Malaga'),
('en_US', 163, 'Melilla'),
('en_US', 164, 'Murcia'),
('en_US', 165, 'Navarra'),
('en_US', 166, 'Ourense'),
('en_US', 167, 'Palencia'),
('en_US', 168, 'Pontevedra'),
('en_US', 169, 'Salamanca'),
('en_US', 170, 'Santa Cruz de Tenerife'),
('en_US', 171, 'Segovia'),
('en_US', 172, 'Sevilla'),
('en_US', 173, 'Soria'),
('en_US', 174, 'Tarragona'),
('en_US', 175, 'Teruel'),
('en_US', 176, 'Toledo'),
('en_US', 177, 'Valencia'),
('en_US', 178, 'Valladolid'),
('en_US', 179, 'Vizcaya'),
('en_US', 180, 'Zamora'),
('en_US', 181, 'Zaragoza'),
('en_US', 182, 'Ain'),
('en_US', 183, 'Aisne'),
('en_US', 184, 'Allier'),
('en_US', 185, 'Alpes-de-Haute-Provence'),
('en_US', 186, 'Hautes-Alpes'),
('en_US', 187, 'Alpes-Maritimes'),
('en_US', 188, 'Ardèche'),
('en_US', 189, 'Ardennes'),
('en_US', 190, 'Ariège'),
('en_US', 191, 'Aube'),
('en_US', 192, 'Aude'),
('en_US', 193, 'Aveyron'),
('en_US', 194, 'Bouches-du-Rhône'),
('en_US', 195, 'Calvados'),
('en_US', 196, 'Cantal'),
('en_US', 197, 'Charente'),
('en_US', 198, 'Charente-Maritime'),
('en_US', 199, 'Cher'),
('en_US', 200, 'Corrèze'),
('en_US', 201, 'Corse-du-Sud'),
('en_US', 202, 'Haute-Corse'),
('en_US', 203, 'Côte-d\'Or'),
('en_US', 204, 'Côtes-d\'Armor'),
('en_US', 205, 'Creuse'),
('en_US', 206, 'Dordogne'),
('en_US', 207, 'Doubs'),
('en_US', 208, 'Drôme'),
('en_US', 209, 'Eure'),
('en_US', 210, 'Eure-et-Loir'),
('en_US', 211, 'Finistère'),
('en_US', 212, 'Gard'),
('en_US', 213, 'Haute-Garonne'),
('en_US', 214, 'Gers'),
('en_US', 215, 'Gironde'),
('en_US', 216, 'Hérault'),
('en_US', 217, 'Ille-et-Vilaine'),
('en_US', 218, 'Indre'),
('en_US', 219, 'Indre-et-Loire'),
('en_US', 220, 'Isère'),
('en_US', 221, 'Jura'),
('en_US', 222, 'Landes'),
('en_US', 223, 'Loir-et-Cher'),
('en_US', 224, 'Loire'),
('en_US', 225, 'Haute-Loire'),
('en_US', 226, 'Loire-Atlantique'),
('en_US', 227, 'Loiret'),
('en_US', 228, 'Lot'),
('en_US', 229, 'Lot-et-Garonne'),
('en_US', 230, 'Lozère'),
('en_US', 231, 'Maine-et-Loire'),
('en_US', 232, 'Manche'),
('en_US', 233, 'Marne'),
('en_US', 234, 'Haute-Marne'),
('en_US', 235, 'Mayenne'),
('en_US', 236, 'Meurthe-et-Moselle'),
('en_US', 237, 'Meuse'),
('en_US', 238, 'Morbihan'),
('en_US', 239, 'Moselle'),
('en_US', 240, 'Nièvre'),
('en_US', 241, 'Nord'),
('en_US', 242, 'Oise'),
('en_US', 243, 'Orne'),
('en_US', 244, 'Pas-de-Calais'),
('en_US', 245, 'Puy-de-Dôme'),
('en_US', 246, 'Pyrénées-Atlantiques'),
('en_US', 247, 'Hautes-Pyrénées'),
('en_US', 248, 'Pyrénées-Orientales'),
('en_US', 249, 'Bas-Rhin'),
('en_US', 250, 'Haut-Rhin'),
('en_US', 251, 'Rhône'),
('en_US', 252, 'Haute-Saône'),
('en_US', 253, 'Saône-et-Loire'),
('en_US', 254, 'Sarthe'),
('en_US', 255, 'Savoie'),
('en_US', 256, 'Haute-Savoie'),
('en_US', 257, 'Paris'),
('en_US', 258, 'Seine-Maritime'),
('en_US', 259, 'Seine-et-Marne'),
('en_US', 260, 'Yvelines'),
('en_US', 261, 'Deux-Sèvres'),
('en_US', 262, 'Somme'),
('en_US', 263, 'Tarn'),
('en_US', 264, 'Tarn-et-Garonne'),
('en_US', 265, 'Var'),
('en_US', 266, 'Vaucluse'),
('en_US', 267, 'Vendée'),
('en_US', 268, 'Vienne'),
('en_US', 269, 'Haute-Vienne'),
('en_US', 270, 'Vosges'),
('en_US', 271, 'Yonne'),
('en_US', 272, 'Territoire-de-Belfort'),
('en_US', 273, 'Essonne'),
('en_US', 274, 'Hauts-de-Seine'),
('en_US', 275, 'Seine-Saint-Denis'),
('en_US', 276, 'Val-de-Marne'),
('en_US', 277, 'Val-d\'Oise'),
('en_US', 278, 'Alba'),
('en_US', 279, 'Arad'),
('en_US', 280, 'Argeş'),
('en_US', 281, 'Bacău'),
('en_US', 282, 'Bihor'),
('en_US', 283, 'Bistriţa-Năsăud'),
('en_US', 284, 'Botoşani'),
('en_US', 285, 'Braşov'),
('en_US', 286, 'Brăila'),
('en_US', 287, 'Bucureşti'),
('en_US', 288, 'Buzău'),
('en_US', 289, 'Caraş-Severin'),
('en_US', 290, 'Călăraşi'),
('en_US', 291, 'Cluj'),
('en_US', 292, 'Constanţa'),
('en_US', 293, 'Covasna'),
('en_US', 294, 'Dâmboviţa'),
('en_US', 295, 'Dolj'),
('en_US', 296, 'Galaţi'),
('en_US', 297, 'Giurgiu'),
('en_US', 298, 'Gorj'),
('en_US', 299, 'Harghita'),
('en_US', 300, 'Hunedoara'),
('en_US', 301, 'Ialomiţa'),
('en_US', 302, 'Iaşi'),
('en_US', 303, 'Ilfov'),
('en_US', 304, 'Maramureş'),
('en_US', 305, 'Mehedinţi'),
('en_US', 306, 'Mureş'),
('en_US', 307, 'Neamţ'),
('en_US', 308, 'Olt'),
('en_US', 309, 'Prahova'),
('en_US', 310, 'Satu-Mare'),
('en_US', 311, 'Sălaj'),
('en_US', 312, 'Sibiu'),
('en_US', 313, 'Suceava'),
('en_US', 314, 'Teleorman'),
('en_US', 315, 'Timiş'),
('en_US', 316, 'Tulcea'),
('en_US', 317, 'Vaslui'),
('en_US', 318, 'Vâlcea'),
('en_US', 319, 'Vrancea'),
('en_US', 320, 'Lappi'),
('en_US', 321, 'Pohjois-Pohjanmaa'),
('en_US', 322, 'Kainuu'),
('en_US', 323, 'Pohjois-Karjala'),
('en_US', 324, 'Pohjois-Savo'),
('en_US', 325, 'Etelä-Savo'),
('en_US', 326, 'Etelä-Pohjanmaa'),
('en_US', 327, 'Pohjanmaa'),
('en_US', 328, 'Pirkanmaa'),
('en_US', 329, 'Satakunta'),
('en_US', 330, 'Keski-Pohjanmaa'),
('en_US', 331, 'Keski-Suomi'),
('en_US', 332, 'Varsinais-Suomi'),
('en_US', 333, 'Etelä-Karjala'),
('en_US', 334, 'Päijät-Häme'),
('en_US', 335, 'Kanta-Häme'),
('en_US', 336, 'Uusimaa'),
('en_US', 337, 'Itä-Uusimaa'),
('en_US', 338, 'Kymenlaakso'),
('en_US', 339, 'Ahvenanmaa'),
('en_US', 340, 'Harjumaa'),
('en_US', 341, 'Hiiumaa'),
('en_US', 342, 'Ida-Virumaa'),
('en_US', 343, 'Jõgevamaa'),
('en_US', 344, 'Järvamaa'),
('en_US', 345, 'Läänemaa'),
('en_US', 346, 'Lääne-Virumaa'),
('en_US', 347, 'Põlvamaa'),
('en_US', 348, 'Pärnumaa'),
('en_US', 349, 'Raplamaa'),
('en_US', 350, 'Saaremaa'),
('en_US', 351, 'Tartumaa'),
('en_US', 352, 'Valgamaa'),
('en_US', 353, 'Viljandimaa'),
('en_US', 354, 'Võrumaa'),
('en_US', 355, 'Daugavpils'),
('en_US', 356, 'Jelgava'),
('en_US', 357, 'Jēkabpils'),
('en_US', 358, 'Jūrmala'),
('en_US', 359, 'Liepāja'),
('en_US', 360, 'Liepājas novads'),
('en_US', 361, 'Rēzekne'),
('en_US', 362, 'Rīga'),
('en_US', 363, 'Rīgas novads'),
('en_US', 364, 'Valmiera'),
('en_US', 365, 'Ventspils'),
('en_US', 366, 'Aglonas novads'),
('en_US', 367, 'Aizkraukles novads'),
('en_US', 368, 'Aizputes novads'),
('en_US', 369, 'Aknīstes novads'),
('en_US', 370, 'Alojas novads'),
('en_US', 371, 'Alsungas novads'),
('en_US', 372, 'Alūksnes novads'),
('en_US', 373, 'Amatas novads'),
('en_US', 374, 'Apes novads'),
('en_US', 375, 'Auces novads'),
('en_US', 376, 'Babītes novads'),
('en_US', 377, 'Baldones novads'),
('en_US', 378, 'Baltinavas novads'),
('en_US', 379, 'Balvu novads'),
('en_US', 380, 'Bauskas novads'),
('en_US', 381, 'Beverīnas novads'),
('en_US', 382, 'Brocēnu novads'),
('en_US', 383, 'Burtnieku novads'),
('en_US', 384, 'Carnikavas novads'),
('en_US', 385, 'Cesvaines novads'),
('en_US', 386, 'Ciblas novads'),
('en_US', 387, 'Cēsu novads'),
('en_US', 388, 'Dagdas novads'),
('en_US', 389, 'Daugavpils novads'),
('en_US', 390, 'Dobeles novads'),
('en_US', 391, 'Dundagas novads'),
('en_US', 392, 'Durbes novads'),
('en_US', 393, 'Engures novads'),
('en_US', 394, 'Garkalnes novads'),
('en_US', 395, 'Grobiņas novads'),
('en_US', 396, 'Gulbenes novads'),
('en_US', 397, 'Iecavas novads'),
('en_US', 398, 'Ikšķiles novads'),
('en_US', 399, 'Ilūkstes novads'),
('en_US', 400, 'Inčukalna novads'),
('en_US', 401, 'Jaunjelgavas novads'),
('en_US', 402, 'Jaunpiebalgas novads'),
('en_US', 403, 'Jaunpils novads'),
('en_US', 404, 'Jelgavas novads'),
('en_US', 405, 'Jēkabpils novads'),
('en_US', 406, 'Kandavas novads'),
('en_US', 407, 'Kokneses novads'),
('en_US', 408, 'Krimuldas novads'),
('en_US', 409, 'Krustpils novads'),
('en_US', 410, 'Krāslavas novads'),
('en_US', 411, 'Kuldīgas novads'),
('en_US', 412, 'Kārsavas novads'),
('en_US', 413, 'Lielvārdes novads'),
('en_US', 414, 'Limbažu novads'),
('en_US', 415, 'Lubānas novads'),
('en_US', 416, 'Ludzas novads'),
('en_US', 417, 'Līgatnes novads'),
('en_US', 418, 'Līvānu novads'),
('en_US', 419, 'Madonas novads'),
('en_US', 420, 'Mazsalacas novads'),
('en_US', 421, 'Mālpils novads'),
('en_US', 422, 'Mārupes novads'),
('en_US', 423, 'Naukšēnu novads'),
('en_US', 424, 'Neretas novads'),
('en_US', 425, 'Nīcas novads'),
('en_US', 426, 'Ogres novads'),
('en_US', 427, 'Olaines novads'),
('en_US', 428, 'Ozolnieku novads'),
('en_US', 429, 'Preiļu novads'),
('en_US', 430, 'Priekules novads'),
('en_US', 431, 'Priekuļu novads'),
('en_US', 432, 'Pārgaujas novads'),
('en_US', 433, 'Pāvilostas novads'),
('en_US', 434, 'Pļaviņu novads'),
('en_US', 435, 'Raunas novads'),
('en_US', 436, 'Riebiņu novads'),
('en_US', 437, 'Rojas novads'),
('en_US', 438, 'Ropažu novads'),
('en_US', 439, 'Rucavas novads'),
('en_US', 440, 'Rugāju novads'),
('en_US', 441, 'Rundāles novads'),
('en_US', 442, 'Rēzeknes novads'),
('en_US', 443, 'Rūjienas novads'),
('en_US', 444, 'Salacgrīvas novads'),
('en_US', 445, 'Salas novads'),
('en_US', 446, 'Salaspils novads'),
('en_US', 447, 'Saldus novads'),
('en_US', 448, 'Saulkrastu novads'),
('en_US', 449, 'Siguldas novads'),
('en_US', 450, 'Skrundas novads'),
('en_US', 451, 'Skrīveru novads'),
('en_US', 452, 'Smiltenes novads'),
('en_US', 453, 'Stopiņu novads'),
('en_US', 454, 'Strenču novads'),
('en_US', 455, 'Sējas novads'),
('en_US', 456, 'Talsu novads'),
('en_US', 457, 'Tukuma novads'),
('en_US', 458, 'Tērvetes novads'),
('en_US', 459, 'Vaiņodes novads'),
('en_US', 460, 'Valkas novads'),
('en_US', 461, 'Valmieras novads'),
('en_US', 462, 'Varakļānu novads'),
('en_US', 463, 'Vecpiebalgas novads'),
('en_US', 464, 'Vecumnieku novads'),
('en_US', 465, 'Ventspils novads'),
('en_US', 466, 'Viesītes novads'),
('en_US', 467, 'Viļakas novads'),
('en_US', 468, 'Viļānu novads'),
('en_US', 469, 'Vārkavas novads'),
('en_US', 470, 'Zilupes novads'),
('en_US', 471, 'Ādažu novads'),
('en_US', 472, 'Ērgļu novads'),
('en_US', 473, 'Ķeguma novads'),
('en_US', 474, 'Ķekavas novads'),
('en_US', 475, 'Alytaus Apskritis'),
('en_US', 476, 'Kauno Apskritis'),
('en_US', 477, 'Klaipėdos Apskritis'),
('en_US', 478, 'Marijampolės Apskritis'),
('en_US', 479, 'Panevėžio Apskritis'),
('en_US', 480, 'Šiaulių Apskritis'),
('en_US', 481, 'Tauragės Apskritis'),
('en_US', 482, 'Telšių Apskritis'),
('en_US', 483, 'Utenos Apskritis'),
('en_US', 484, 'Vilniaus Apskritis');

-- --------------------------------------------------------

--
-- Table structure for table `directory_currency_rate`
--

CREATE TABLE `directory_currency_rate` (
  `currency_from` varchar(3) NOT NULL DEFAULT '' COMMENT 'Currency Code Convert From',
  `currency_to` varchar(3) NOT NULL DEFAULT '' COMMENT 'Currency Code Convert To',
  `rate` decimal(24,12) NOT NULL DEFAULT '0.000000000000' COMMENT 'Currency Conversion Rate'
) ENGINE=InnoDB DEFAULT CHARSET=utf8 COMMENT='Directory Currency Rate';

--
-- Dumping data for table `directory_currency_rate`
--

INSERT INTO `directory_currency_rate` (`currency_from`, `currency_to`, `rate`) VALUES
('EUR', 'EUR', '1.000000000000'),
('EUR', 'USD', '1.415000000000'),
('USD', 'EUR', '0.706700000000'),
('USD', 'USD', '1.000000000000');

-- --------------------------------------------------------

--
-- Table structure for table `downloadable_link`
--

CREATE TABLE `downloadable_link` (
  `link_id` int(10) UNSIGNED NOT NULL COMMENT 'Link ID',
  `product_id` int(10) UNSIGNED NOT NULL DEFAULT '0' COMMENT 'Product ID',
  `sort_order` int(10) UNSIGNED NOT NULL DEFAULT '0' COMMENT 'Sort order',
  `number_of_downloads` int(11) DEFAULT NULL COMMENT 'Number of downloads',
  `is_shareable` smallint(5) UNSIGNED NOT NULL DEFAULT '0' COMMENT 'Shareable flag',
  `link_url` varchar(255) DEFAULT NULL COMMENT 'Link Url',
  `link_file` varchar(255) DEFAULT NULL COMMENT 'Link File',
  `link_type` varchar(20) DEFAULT NULL COMMENT 'Link Type',
  `sample_url` varchar(255) DEFAULT NULL COMMENT 'Sample Url',
  `sample_file` varchar(255) DEFAULT NULL COMMENT 'Sample File',
  `sample_type` varchar(20) DEFAULT NULL COMMENT 'Sample Type'
) ENGINE=InnoDB DEFAULT CHARSET=utf8 COMMENT='Downloadable Link Table';

-- --------------------------------------------------------

--
-- Table structure for table `downloadable_link_price`
--

CREATE TABLE `downloadable_link_price` (
  `price_id` int(10) UNSIGNED NOT NULL COMMENT 'Price ID',
  `link_id` int(10) UNSIGNED NOT NULL DEFAULT '0' COMMENT 'Link ID',
  `website_id` smallint(5) UNSIGNED NOT NULL DEFAULT '0' COMMENT 'Website ID',
  `price` decimal(12,4) NOT NULL DEFAULT '0.0000' COMMENT 'Price'
) ENGINE=InnoDB DEFAULT CHARSET=utf8 COMMENT='Downloadable Link Price Table';

-- --------------------------------------------------------

--
-- Table structure for table `downloadable_link_purchased`
--

CREATE TABLE `downloadable_link_purchased` (
  `purchased_id` int(10) UNSIGNED NOT NULL COMMENT 'Purchased ID',
  `order_id` int(10) UNSIGNED DEFAULT '0' COMMENT 'Order ID',
  `order_increment_id` varchar(50) DEFAULT NULL COMMENT 'Order Increment ID',
  `order_item_id` int(10) UNSIGNED NOT NULL DEFAULT '0' COMMENT 'Order Item ID',
  `created_at` timestamp NOT NULL DEFAULT '0000-00-00 00:00:00' COMMENT 'Date of creation',
  `updated_at` timestamp NOT NULL DEFAULT '0000-00-00 00:00:00' COMMENT 'Date of modification',
  `customer_id` int(10) UNSIGNED DEFAULT '0' COMMENT 'Customer ID',
  `product_name` varchar(255) DEFAULT NULL COMMENT 'Product name',
  `product_sku` varchar(255) DEFAULT NULL COMMENT 'Product sku',
  `link_section_title` varchar(255) DEFAULT NULL COMMENT 'Link_section_title'
) ENGINE=InnoDB DEFAULT CHARSET=utf8 COMMENT='Downloadable Link Purchased Table';

-- --------------------------------------------------------

--
-- Table structure for table `downloadable_link_purchased_item`
--

CREATE TABLE `downloadable_link_purchased_item` (
  `item_id` int(10) UNSIGNED NOT NULL COMMENT 'Item ID',
  `purchased_id` int(10) UNSIGNED NOT NULL DEFAULT '0' COMMENT 'Purchased ID',
  `order_item_id` int(10) UNSIGNED DEFAULT '0' COMMENT 'Order Item ID',
  `product_id` int(10) UNSIGNED DEFAULT '0' COMMENT 'Product ID',
  `link_hash` varchar(255) DEFAULT NULL COMMENT 'Link hash',
  `number_of_downloads_bought` int(10) UNSIGNED NOT NULL DEFAULT '0' COMMENT 'Number of downloads bought',
  `number_of_downloads_used` int(10) UNSIGNED NOT NULL DEFAULT '0' COMMENT 'Number of downloads used',
  `link_id` int(10) UNSIGNED NOT NULL DEFAULT '0' COMMENT 'Link ID',
  `link_title` varchar(255) DEFAULT NULL COMMENT 'Link Title',
  `is_shareable` smallint(5) UNSIGNED NOT NULL DEFAULT '0' COMMENT 'Shareable Flag',
  `link_url` varchar(255) DEFAULT NULL COMMENT 'Link Url',
  `link_file` varchar(255) DEFAULT NULL COMMENT 'Link File',
  `link_type` varchar(255) DEFAULT NULL COMMENT 'Link Type',
  `status` varchar(50) DEFAULT NULL COMMENT 'Status',
  `created_at` timestamp NOT NULL DEFAULT '0000-00-00 00:00:00' COMMENT 'Creation Time',
  `updated_at` timestamp NOT NULL DEFAULT '0000-00-00 00:00:00' COMMENT 'Update Time'
) ENGINE=InnoDB DEFAULT CHARSET=utf8 COMMENT='Downloadable Link Purchased Item Table';

-- --------------------------------------------------------

--
-- Table structure for table `downloadable_link_title`
--

CREATE TABLE `downloadable_link_title` (
  `title_id` int(10) UNSIGNED NOT NULL COMMENT 'Title ID',
  `link_id` int(10) UNSIGNED NOT NULL DEFAULT '0' COMMENT 'Link ID',
  `store_id` smallint(5) UNSIGNED NOT NULL DEFAULT '0' COMMENT 'Store ID',
  `title` varchar(255) DEFAULT NULL COMMENT 'Title'
) ENGINE=InnoDB DEFAULT CHARSET=utf8 COMMENT='Link Title Table';

-- --------------------------------------------------------

--
-- Table structure for table `downloadable_sample`
--

CREATE TABLE `downloadable_sample` (
  `sample_id` int(10) UNSIGNED NOT NULL COMMENT 'Sample ID',
  `product_id` int(10) UNSIGNED NOT NULL DEFAULT '0' COMMENT 'Product ID',
  `sample_url` varchar(255) DEFAULT NULL COMMENT 'Sample URL',
  `sample_file` varchar(255) DEFAULT NULL COMMENT 'Sample file',
  `sample_type` varchar(20) DEFAULT NULL COMMENT 'Sample Type',
  `sort_order` int(10) UNSIGNED NOT NULL DEFAULT '0' COMMENT 'Sort Order'
) ENGINE=InnoDB DEFAULT CHARSET=utf8 COMMENT='Downloadable Sample Table';

-- --------------------------------------------------------

--
-- Table structure for table `downloadable_sample_title`
--

CREATE TABLE `downloadable_sample_title` (
  `title_id` int(10) UNSIGNED NOT NULL COMMENT 'Title ID',
  `sample_id` int(10) UNSIGNED NOT NULL DEFAULT '0' COMMENT 'Sample ID',
  `store_id` smallint(5) UNSIGNED NOT NULL DEFAULT '0' COMMENT 'Store ID',
  `title` varchar(255) DEFAULT NULL COMMENT 'Title'
) ENGINE=InnoDB DEFAULT CHARSET=utf8 COMMENT='Downloadable Sample Title Table';

-- --------------------------------------------------------

--
-- Table structure for table `eav_attribute`
--

CREATE TABLE `eav_attribute` (
  `attribute_id` smallint(5) UNSIGNED NOT NULL COMMENT 'Attribute Id',
  `entity_type_id` smallint(5) UNSIGNED NOT NULL DEFAULT '0' COMMENT 'Entity Type Id',
  `attribute_code` varchar(255) DEFAULT NULL COMMENT 'Attribute Code',
  `attribute_model` varchar(255) DEFAULT NULL COMMENT 'Attribute Model',
  `backend_model` varchar(255) DEFAULT NULL COMMENT 'Backend Model',
  `backend_type` varchar(8) NOT NULL DEFAULT 'static' COMMENT 'Backend Type',
  `backend_table` varchar(255) DEFAULT NULL COMMENT 'Backend Table',
  `frontend_model` varchar(255) DEFAULT NULL COMMENT 'Frontend Model',
  `frontend_input` varchar(50) DEFAULT NULL COMMENT 'Frontend Input',
  `frontend_label` varchar(255) DEFAULT NULL COMMENT 'Frontend Label',
  `frontend_class` varchar(255) DEFAULT NULL COMMENT 'Frontend Class',
  `source_model` varchar(255) DEFAULT NULL COMMENT 'Source Model',
  `is_required` smallint(5) UNSIGNED NOT NULL DEFAULT '0' COMMENT 'Defines Is Required',
  `is_user_defined` smallint(5) UNSIGNED NOT NULL DEFAULT '0' COMMENT 'Defines Is User Defined',
  `default_value` text COMMENT 'Default Value',
  `is_unique` smallint(5) UNSIGNED NOT NULL DEFAULT '0' COMMENT 'Defines Is Unique',
  `note` varchar(255) DEFAULT NULL COMMENT 'Note'
) ENGINE=InnoDB DEFAULT CHARSET=utf8 COMMENT='Eav Attribute';

--
-- Dumping data for table `eav_attribute`
--

INSERT INTO `eav_attribute` (`attribute_id`, `entity_type_id`, `attribute_code`, `attribute_model`, `backend_model`, `backend_type`, `backend_table`, `frontend_model`, `frontend_input`, `frontend_label`, `frontend_class`, `source_model`, `is_required`, `is_user_defined`, `default_value`, `is_unique`, `note`) VALUES
(1, 1, 'website_id', NULL, 'customer/customer_attribute_backend_website', 'static', NULL, NULL, 'select', 'Associate to Website', NULL, 'customer/customer_attribute_source_website', 1, 0, NULL, 0, NULL),
(2, 1, 'store_id', NULL, 'customer/customer_attribute_backend_store', 'static', NULL, NULL, 'select', 'Create In', NULL, 'customer/customer_attribute_source_store', 1, 0, NULL, 0, NULL),
(3, 1, 'created_in', NULL, NULL, 'varchar', NULL, NULL, 'text', 'Created From', NULL, NULL, 0, 0, NULL, 0, NULL),
(4, 1, 'prefix', NULL, NULL, 'varchar', NULL, NULL, 'text', 'Prefix', NULL, NULL, 0, 0, NULL, 0, NULL),
(5, 1, 'firstname', NULL, NULL, 'varchar', NULL, NULL, 'text', 'First Name', NULL, NULL, 1, 0, NULL, 0, NULL),
(6, 1, 'middlename', NULL, NULL, 'varchar', NULL, NULL, 'text', 'Middle Name/Initial', NULL, NULL, 0, 0, NULL, 0, NULL),
(7, 1, 'lastname', NULL, NULL, 'varchar', NULL, NULL, 'text', 'Last Name', NULL, NULL, 1, 0, NULL, 0, NULL),
(8, 1, 'suffix', NULL, NULL, 'varchar', NULL, NULL, 'text', 'Suffix', NULL, NULL, 0, 0, NULL, 0, NULL),
(9, 1, 'email', NULL, NULL, 'static', NULL, NULL, 'text', 'Email', NULL, NULL, 1, 0, NULL, 0, NULL),
(10, 1, 'group_id', NULL, NULL, 'static', NULL, NULL, 'select', 'Group', NULL, 'customer/customer_attribute_source_group', 1, 0, NULL, 0, NULL),
(11, 1, 'dob', NULL, 'eav/entity_attribute_backend_datetime', 'datetime', NULL, 'eav/entity_attribute_frontend_datetime', 'date', 'Date Of Birth', NULL, NULL, 0, 0, NULL, 0, NULL),
(12, 1, 'password_hash', NULL, 'customer/customer_attribute_backend_password', 'varchar', NULL, NULL, 'hidden', NULL, NULL, NULL, 0, 0, NULL, 0, NULL),
(13, 1, 'default_billing', NULL, 'customer/customer_attribute_backend_billing', 'int', NULL, NULL, 'text', 'Default Billing Address', NULL, NULL, 0, 0, NULL, 0, NULL),
(14, 1, 'default_shipping', NULL, 'customer/customer_attribute_backend_shipping', 'int', NULL, NULL, 'text', 'Default Shipping Address', NULL, NULL, 0, 0, NULL, 0, NULL),
(15, 1, 'taxvat', NULL, NULL, 'varchar', NULL, NULL, 'text', 'Tax/VAT Number', NULL, NULL, 0, 0, NULL, 0, NULL),
(16, 1, 'confirmation', NULL, NULL, 'varchar', NULL, NULL, 'text', 'Is Confirmed', NULL, NULL, 0, 0, NULL, 0, NULL),
(17, 1, 'created_at', NULL, NULL, 'static', NULL, NULL, 'datetime', 'Created At', NULL, NULL, 0, 0, NULL, 0, NULL),
(18, 1, 'gender', NULL, NULL, 'int', NULL, NULL, 'select', 'Gender', NULL, 'eav/entity_attribute_source_table', 0, 0, NULL, 0, NULL),
(19, 2, 'prefix', NULL, NULL, 'varchar', NULL, NULL, 'text', 'Prefix', NULL, NULL, 0, 0, NULL, 0, NULL),
(20, 2, 'firstname', NULL, NULL, 'varchar', NULL, NULL, 'text', 'First Name', NULL, NULL, 1, 0, NULL, 0, NULL),
(21, 2, 'middlename', NULL, NULL, 'varchar', NULL, NULL, 'text', 'Middle Name/Initial', NULL, NULL, 0, 0, NULL, 0, NULL),
(22, 2, 'lastname', NULL, NULL, 'varchar', NULL, NULL, 'text', 'Last Name', NULL, NULL, 1, 0, NULL, 0, NULL),
(23, 2, 'suffix', NULL, NULL, 'varchar', NULL, NULL, 'text', 'Suffix', NULL, NULL, 0, 0, NULL, 0, NULL),
(24, 2, 'company', NULL, NULL, 'varchar', NULL, NULL, 'text', 'Company', NULL, NULL, 0, 0, NULL, 0, NULL),
(25, 2, 'street', NULL, 'customer/entity_address_attribute_backend_street', 'text', NULL, NULL, 'multiline', 'Street Address', NULL, NULL, 1, 0, NULL, 0, NULL),
(26, 2, 'city', NULL, NULL, 'varchar', NULL, NULL, 'text', 'City', NULL, NULL, 1, 0, NULL, 0, NULL),
(27, 2, 'country_id', NULL, NULL, 'varchar', NULL, NULL, 'select', 'Country', NULL, 'customer/entity_address_attribute_source_country', 1, 0, NULL, 0, NULL),
(28, 2, 'region', NULL, 'customer/entity_address_attribute_backend_region', 'varchar', NULL, NULL, 'text', 'State/Province', NULL, NULL, 0, 0, NULL, 0, NULL),
(29, 2, 'region_id', NULL, NULL, 'int', NULL, NULL, 'hidden', 'State/Province', NULL, 'customer/entity_address_attribute_source_region', 0, 0, NULL, 0, NULL),
(30, 2, 'postcode', NULL, NULL, 'varchar', NULL, NULL, 'text', 'Zip/Postal Code', NULL, NULL, 1, 0, NULL, 0, NULL),
(31, 2, 'telephone', NULL, NULL, 'varchar', NULL, NULL, 'text', 'Telephone', NULL, NULL, 1, 0, NULL, 0, NULL),
(32, 2, 'fax', NULL, NULL, 'varchar', NULL, NULL, 'text', 'Fax', NULL, NULL, 0, 0, NULL, 0, NULL),
(33, 1, 'rp_token', NULL, NULL, 'varchar', NULL, NULL, 'hidden', NULL, NULL, NULL, 0, 0, NULL, 0, NULL),
(34, 1, 'rp_token_created_at', NULL, NULL, 'datetime', NULL, NULL, 'date', NULL, NULL, NULL, 0, 0, NULL, 0, NULL),
(35, 1, 'disable_auto_group_change', NULL, 'customer/attribute_backend_data_boolean', 'static', NULL, NULL, 'boolean', 'Disable Automatic Group Change Based on VAT ID', NULL, NULL, 0, 0, NULL, 0, NULL),
(36, 2, 'vat_id', NULL, NULL, 'varchar', NULL, NULL, 'text', 'VAT number', NULL, NULL, 0, 0, NULL, 0, NULL),
(37, 2, 'vat_is_valid', NULL, NULL, 'int', NULL, NULL, 'text', 'VAT number validity', NULL, NULL, 0, 0, NULL, 0, NULL),
(38, 2, 'vat_request_id', NULL, NULL, 'varchar', NULL, NULL, 'text', 'VAT number validation request ID', NULL, NULL, 0, 0, NULL, 0, NULL),
(39, 2, 'vat_request_date', NULL, NULL, 'varchar', NULL, NULL, 'text', 'VAT number validation request date', NULL, NULL, 0, 0, NULL, 0, NULL),
(40, 2, 'vat_request_success', NULL, NULL, 'int', NULL, NULL, 'text', 'VAT number validation request success', NULL, NULL, 0, 0, NULL, 0, NULL),
(41, 3, 'name', NULL, NULL, 'varchar', NULL, NULL, 'text', 'Name', NULL, NULL, 1, 0, NULL, 0, NULL),
(42, 3, 'is_active', NULL, NULL, 'int', NULL, NULL, 'select', 'Is Active', NULL, 'eav/entity_attribute_source_boolean', 1, 0, NULL, 0, NULL),
(43, 3, 'url_key', NULL, 'catalog/category_attribute_backend_urlkey', 'varchar', NULL, NULL, 'text', 'URL Key', NULL, NULL, 0, 0, NULL, 0, NULL),
(44, 3, 'description', NULL, NULL, 'text', NULL, NULL, 'textarea', 'Description', NULL, NULL, 0, 0, NULL, 0, NULL),
(45, 3, 'image', NULL, 'catalog/category_attribute_backend_image', 'varchar', NULL, NULL, 'image', 'Image', NULL, NULL, 0, 0, NULL, 0, NULL),
(46, 3, 'meta_title', NULL, NULL, 'varchar', NULL, NULL, 'text', 'Page Title', NULL, NULL, 0, 0, NULL, 0, NULL),
(47, 3, 'meta_keywords', NULL, NULL, 'text', NULL, NULL, 'textarea', 'Meta Keywords', NULL, NULL, 0, 0, NULL, 0, NULL),
(48, 3, 'meta_description', NULL, NULL, 'text', NULL, NULL, 'textarea', 'Meta Description', NULL, NULL, 0, 0, NULL, 0, NULL),
(49, 3, 'display_mode', NULL, NULL, 'varchar', NULL, NULL, 'select', 'Display Mode', NULL, 'catalog/category_attribute_source_mode', 0, 0, NULL, 0, NULL),
(50, 3, 'landing_page', NULL, NULL, 'int', NULL, NULL, 'select', 'CMS Block', NULL, 'catalog/category_attribute_source_page', 0, 0, NULL, 0, NULL),
(51, 3, 'is_anchor', NULL, NULL, 'int', NULL, NULL, 'select', 'Is Anchor', NULL, 'eav/entity_attribute_source_boolean', 0, 0, NULL, 0, NULL),
(52, 3, 'path', NULL, NULL, 'static', NULL, NULL, 'text', 'Path', NULL, NULL, 0, 0, NULL, 0, NULL),
(53, 3, 'position', NULL, NULL, 'static', NULL, NULL, 'text', 'Position', NULL, NULL, 0, 0, NULL, 0, NULL),
(54, 3, 'all_children', NULL, NULL, 'text', NULL, NULL, 'text', NULL, NULL, NULL, 0, 0, NULL, 0, NULL),
(55, 3, 'path_in_store', NULL, NULL, 'text', NULL, NULL, 'text', NULL, NULL, NULL, 0, 0, NULL, 0, NULL),
(56, 3, 'children', NULL, NULL, 'text', NULL, NULL, 'text', NULL, NULL, NULL, 0, 0, NULL, 0, NULL),
(57, 3, 'url_path', NULL, NULL, 'varchar', NULL, NULL, 'text', NULL, NULL, NULL, 0, 0, NULL, 0, NULL),
(58, 3, 'custom_design', NULL, NULL, 'varchar', NULL, NULL, 'select', 'Custom Design', NULL, 'core/design_source_design', 0, 0, NULL, 0, NULL),
(59, 3, 'custom_design_from', NULL, 'eav/entity_attribute_backend_datetime', 'datetime', NULL, NULL, 'date', 'Active From', NULL, NULL, 0, 0, NULL, 0, NULL),
(60, 3, 'custom_design_to', NULL, 'eav/entity_attribute_backend_datetime', 'datetime', NULL, NULL, 'date', 'Active To', NULL, NULL, 0, 0, NULL, 0, NULL),
(61, 3, 'page_layout', NULL, NULL, 'varchar', NULL, NULL, 'select', 'Page Layout', NULL, 'catalog/category_attribute_source_layout', 0, 0, NULL, 0, NULL),
(62, 3, 'custom_layout_update', NULL, 'catalog/attribute_backend_customlayoutupdate', 'text', NULL, NULL, 'textarea', 'Custom Layout Update', NULL, NULL, 0, 0, NULL, 0, NULL),
(63, 3, 'level', NULL, NULL, 'static', NULL, NULL, 'text', 'Level', NULL, NULL, 0, 0, NULL, 0, NULL),
(64, 3, 'children_count', NULL, NULL, 'static', NULL, NULL, 'text', 'Children Count', NULL, NULL, 0, 0, NULL, 0, NULL),
(65, 3, 'available_sort_by', NULL, 'catalog/category_attribute_backend_sortby', 'text', NULL, NULL, 'multiselect', 'Available Product Listing Sort By', NULL, 'catalog/category_attribute_source_sortby', 1, 0, NULL, 0, NULL),
(66, 3, 'default_sort_by', NULL, 'catalog/category_attribute_backend_sortby', 'varchar', NULL, NULL, 'select', 'Default Product Listing Sort By', NULL, 'catalog/category_attribute_source_sortby', 1, 0, NULL, 0, NULL),
(67, 3, 'include_in_menu', NULL, NULL, 'int', NULL, NULL, 'select', 'Include in Navigation Menu', NULL, 'eav/entity_attribute_source_boolean', 1, 0, '1', 0, NULL),
(68, 3, 'custom_use_parent_settings', NULL, NULL, 'int', NULL, NULL, 'select', 'Use Parent Category Settings', NULL, 'eav/entity_attribute_source_boolean', 0, 0, NULL, 0, NULL),
(69, 3, 'custom_apply_to_products', NULL, NULL, 'int', NULL, NULL, 'select', 'Apply To Products', NULL, 'eav/entity_attribute_source_boolean', 0, 0, NULL, 0, NULL),
(70, 3, 'filter_price_range', NULL, NULL, 'decimal', NULL, NULL, 'text', 'Layered Navigation Price Step', NULL, NULL, 0, 0, NULL, 0, NULL),
(71, 4, 'name', NULL, NULL, 'varchar', NULL, NULL, 'text', 'Name', NULL, NULL, 1, 0, NULL, 0, NULL),
(72, 4, 'description', NULL, NULL, 'text', NULL, NULL, 'textarea', 'Description', NULL, NULL, 1, 0, NULL, 0, NULL),
(73, 4, 'short_description', NULL, NULL, 'text', NULL, NULL, 'textarea', 'Short Description', NULL, NULL, 1, 0, NULL, 0, NULL),
(74, 4, 'sku', NULL, 'catalog/product_attribute_backend_sku', 'static', NULL, NULL, 'text', 'SKU', NULL, NULL, 1, 0, NULL, 1, NULL),
(75, 4, 'price', NULL, 'catalog/product_attribute_backend_price', 'decimal', NULL, NULL, 'price', 'Price', NULL, NULL, 1, 0, NULL, 0, NULL),
(76, 4, 'special_price', NULL, 'catalog/product_attribute_backend_price', 'decimal', NULL, NULL, 'price', 'Special Price', NULL, NULL, 0, 0, NULL, 0, 'The Special Price is active only when lower than the Actual Price'),
(77, 4, 'special_from_date', NULL, 'catalog/product_attribute_backend_startdate_specialprice', 'datetime', NULL, NULL, 'date', 'Special Price From Date', NULL, NULL, 0, 0, NULL, 0, NULL),
(78, 4, 'special_to_date', NULL, 'eav/entity_attribute_backend_datetime', 'datetime', NULL, NULL, 'date', 'Special Price To Date', NULL, NULL, 0, 0, NULL, 0, NULL),
(79, 4, 'cost', NULL, 'catalog/product_attribute_backend_price', 'decimal', NULL, NULL, 'price', 'Cost', NULL, NULL, 0, 1, NULL, 0, NULL),
(80, 4, 'weight', NULL, NULL, 'decimal', NULL, NULL, 'weight', 'Weight', NULL, NULL, 1, 0, NULL, 0, NULL),
(81, 4, 'manufacturer', NULL, NULL, 'int', NULL, NULL, 'select', 'Manufacturer', NULL, NULL, 0, 1, NULL, 0, NULL),
(82, 4, 'meta_title', NULL, NULL, 'varchar', NULL, NULL, 'text', 'Meta Title', NULL, NULL, 0, 0, NULL, 0, NULL),
(83, 4, 'meta_keyword', NULL, NULL, 'text', NULL, NULL, 'textarea', 'Meta Keywords', NULL, NULL, 0, 0, NULL, 0, NULL),
(84, 4, 'meta_description', NULL, NULL, 'varchar', NULL, NULL, 'textarea', 'Meta Description', NULL, NULL, 0, 0, NULL, 0, 'Maximum 255 chars'),
(85, 4, 'image', NULL, NULL, 'varchar', NULL, 'catalog/product_attribute_frontend_image', 'media_image', 'Base Image', NULL, NULL, 0, 0, NULL, 0, NULL),
(86, 4, 'small_image', NULL, NULL, 'varchar', NULL, 'catalog/product_attribute_frontend_image', 'media_image', 'Small Image', NULL, NULL, 0, 0, NULL, 0, NULL),
(87, 4, 'thumbnail', NULL, NULL, 'varchar', NULL, 'catalog/product_attribute_frontend_image', 'media_image', 'Thumbnail', NULL, NULL, 0, 0, NULL, 0, NULL),
(88, 4, 'media_gallery', NULL, 'catalog/product_attribute_backend_media', 'varchar', NULL, NULL, 'gallery', 'Media Gallery', NULL, NULL, 0, 0, NULL, 0, NULL),
(89, 4, 'old_id', NULL, NULL, 'int', NULL, NULL, 'text', NULL, NULL, NULL, 0, 0, NULL, 0, NULL),
(90, 4, 'group_price', NULL, 'catalog/product_attribute_backend_groupprice', 'decimal', NULL, NULL, 'text', 'Group Price', NULL, NULL, 0, 0, NULL, 0, NULL),
(91, 4, 'tier_price', NULL, 'catalog/product_attribute_backend_tierprice', 'decimal', NULL, NULL, 'text', 'Tier Price', NULL, NULL, 0, 0, NULL, 0, NULL),
(92, 4, 'color', NULL, NULL, 'int', NULL, NULL, 'select', 'Color', NULL, NULL, 0, 1, '', 0, NULL),
(93, 4, 'news_from_date', NULL, 'catalog/product_attribute_backend_startdate', 'datetime', NULL, NULL, 'date', 'Set Product as New from Date', NULL, NULL, 0, 0, NULL, 0, NULL),
(94, 4, 'news_to_date', NULL, 'eav/entity_attribute_backend_datetime', 'datetime', NULL, NULL, 'date', 'Set Product as New to Date', NULL, NULL, 0, 0, NULL, 0, NULL),
(95, 4, 'gallery', NULL, NULL, 'varchar', NULL, NULL, 'gallery', 'Image Gallery', NULL, NULL, 0, 0, NULL, 0, NULL),
(96, 4, 'status', NULL, NULL, 'int', NULL, NULL, 'select', 'Status', NULL, 'catalog/product_status', 1, 0, NULL, 0, NULL),
(97, 4, 'url_key', NULL, 'catalog/product_attribute_backend_urlkey', 'varchar', NULL, NULL, 'text', 'URL Key', NULL, NULL, 0, 0, NULL, 0, NULL),
(98, 4, 'url_path', NULL, NULL, 'varchar', NULL, NULL, 'text', NULL, NULL, NULL, 0, 0, NULL, 0, NULL),
(99, 4, 'minimal_price', NULL, NULL, 'decimal', NULL, NULL, 'price', 'Minimal Price', NULL, NULL, 0, 0, NULL, 0, NULL),
(100, 4, 'is_recurring', NULL, NULL, 'int', NULL, NULL, 'select', 'Enable Recurring Profile', NULL, 'eav/entity_attribute_source_boolean', 0, 0, NULL, 0, 'Products with recurring profile participate in catalog as nominal items.'),
(101, 4, 'recurring_profile', NULL, 'catalog/product_attribute_backend_recurring', 'text', NULL, NULL, 'text', 'Recurring Payment Profile', NULL, NULL, 0, 0, NULL, 0, NULL),
(102, 4, 'visibility', NULL, NULL, 'int', NULL, NULL, 'select', 'Visibility', NULL, 'catalog/product_visibility', 1, 0, '4', 0, NULL),
(103, 4, 'custom_design', NULL, NULL, 'varchar', NULL, NULL, 'select', 'Custom Design', NULL, 'core/design_source_design', 0, 0, NULL, 0, NULL),
(104, 4, 'custom_design_from', NULL, 'catalog/product_attribute_backend_startdate', 'datetime', NULL, NULL, 'date', 'Active From', NULL, NULL, 0, 0, NULL, 0, NULL),
(105, 4, 'custom_design_to', NULL, 'eav/entity_attribute_backend_datetime', 'datetime', NULL, NULL, 'date', 'Active To', NULL, NULL, 0, 0, NULL, 0, NULL),
(106, 4, 'custom_layout_update', NULL, 'catalog/attribute_backend_customlayoutupdate', 'text', NULL, NULL, 'textarea', 'Custom Layout Update', NULL, NULL, 0, 0, NULL, 0, NULL),
(107, 4, 'page_layout', NULL, NULL, 'varchar', NULL, NULL, 'select', 'Page Layout', NULL, 'catalog/product_attribute_source_layout', 0, 0, NULL, 0, NULL),
(108, 4, 'category_ids', NULL, NULL, 'static', NULL, NULL, 'text', NULL, NULL, NULL, 0, 0, NULL, 0, NULL),
(109, 4, 'options_container', NULL, NULL, 'varchar', NULL, NULL, 'select', 'Display Product Options In', NULL, 'catalog/entity_product_attribute_design_options_container', 0, 0, 'container1', 0, NULL),
(110, 4, 'required_options', NULL, NULL, 'static', NULL, NULL, 'text', NULL, NULL, NULL, 0, 0, NULL, 0, NULL),
(111, 4, 'has_options', NULL, NULL, 'static', NULL, NULL, 'text', NULL, NULL, NULL, 0, 0, NULL, 0, NULL),
(112, 4, 'image_label', NULL, NULL, 'varchar', NULL, NULL, 'text', 'Image Label', NULL, NULL, 0, 0, NULL, 0, NULL),
(113, 4, 'small_image_label', NULL, NULL, 'varchar', NULL, NULL, 'text', 'Small Image Label', NULL, NULL, 0, 0, NULL, 0, NULL),
(114, 4, 'thumbnail_label', NULL, NULL, 'varchar', NULL, NULL, 'text', 'Thumbnail Label', NULL, NULL, 0, 0, NULL, 0, NULL),
(115, 4, 'created_at', NULL, 'eav/entity_attribute_backend_time_created', 'static', NULL, NULL, 'text', NULL, NULL, NULL, 1, 0, NULL, 0, NULL),
(116, 4, 'updated_at', NULL, 'eav/entity_attribute_backend_time_updated', 'static', NULL, NULL, 'text', NULL, NULL, NULL, 1, 0, NULL, 0, NULL),
(117, 4, 'country_of_manufacture', NULL, NULL, 'varchar', NULL, NULL, 'select', 'Country of Manufacture', NULL, 'catalog/product_attribute_source_countryofmanufacture', 0, 0, NULL, 0, NULL),
(118, 4, 'msrp_enabled', NULL, 'catalog/product_attribute_backend_msrp', 'varchar', NULL, NULL, 'select', 'Apply MAP', NULL, 'catalog/product_attribute_source_msrp_type_enabled', 0, 0, '2', 0, NULL),
(119, 4, 'msrp_display_actual_price_type', NULL, 'catalog/product_attribute_backend_boolean', 'varchar', NULL, NULL, 'select', 'Display Actual Price', NULL, 'catalog/product_attribute_source_msrp_type_price', 0, 0, '4', 0, NULL),
(120, 4, 'msrp', NULL, 'catalog/product_attribute_backend_price', 'decimal', NULL, NULL, 'price', 'Manufacturer\'s Suggested Retail Price', NULL, NULL, 0, 0, NULL, 0, NULL),
(121, 4, 'tax_class_id', NULL, NULL, 'int', NULL, NULL, 'select', 'Tax Class', NULL, 'tax/class_source_product', 1, 0, NULL, 0, NULL),
(122, 4, 'gift_message_available', NULL, 'catalog/product_attribute_backend_boolean', 'varchar', NULL, NULL, 'select', 'Allow Gift Message', NULL, 'eav/entity_attribute_source_boolean', 0, 0, NULL, 0, NULL),
(123, 4, 'price_type', NULL, NULL, 'int', NULL, NULL, NULL, NULL, NULL, NULL, 1, 0, NULL, 0, NULL),
(124, 4, 'sku_type', NULL, NULL, 'int', NULL, NULL, NULL, NULL, NULL, NULL, 1, 0, NULL, 0, NULL),
(125, 4, 'weight_type', NULL, NULL, 'int', NULL, NULL, NULL, NULL, NULL, NULL, 1, 0, NULL, 0, NULL),
(126, 4, 'price_view', NULL, NULL, 'int', NULL, NULL, 'select', 'Price View', NULL, 'bundle/product_attribute_source_price_view', 1, 0, NULL, 0, NULL),
(127, 4, 'shipment_type', NULL, NULL, 'int', NULL, NULL, NULL, 'Shipment', NULL, NULL, 1, 0, NULL, 0, NULL),
(128, 4, 'links_purchased_separately', NULL, NULL, 'int', NULL, NULL, NULL, 'Links can be purchased separately', NULL, NULL, 1, 0, NULL, 0, NULL),
(129, 4, 'samples_title', NULL, NULL, 'varchar', NULL, NULL, NULL, 'Samples title', NULL, NULL, 1, 0, NULL, 0, NULL),
(130, 4, 'links_title', NULL, NULL, 'varchar', NULL, NULL, NULL, 'Links title', NULL, NULL, 1, 0, NULL, 0, NULL),
(131, 4, 'links_exist', NULL, NULL, 'int', NULL, NULL, NULL, NULL, NULL, NULL, 0, 0, '0', 0, NULL),
(132, 4, 'em_featured', NULL, NULL, 'int', NULL, NULL, 'boolean', 'Featured Product', NULL, NULL, 0, 1, '0', 0, NULL),
(133, 4, 'em_deal', NULL, NULL, 'int', NULL, NULL, 'boolean', 'Special Deal', NULL, NULL, 0, 1, '0', 0, NULL),
(134, 4, 'em_hot', NULL, NULL, 'int', NULL, NULL, 'boolean', 'Hot Product', NULL, NULL, 0, 1, '0', 0, NULL),
(135, 9, 'name', NULL, NULL, 'varchar', NULL, NULL, 'text', 'Label Name', NULL, NULL, 1, 0, NULL, 0, NULL),
(136, 9, 'image', NULL, 'productlabels/productlabels_attribute_backend_image', 'varchar', NULL, NULL, 'image', 'Image', NULL, NULL, 0, 0, NULL, 0, NULL),
(137, 9, 'background', NULL, 'productlabels/productlabels_attribute_backend_image', 'varchar', NULL, NULL, 'image', 'Background', NULL, NULL, 0, 0, NULL, 0, NULL),
(138, 9, 'texthtml', NULL, NULL, 'text', NULL, NULL, 'textarea', 'Text', NULL, NULL, 0, 0, NULL, 0, NULL),
(139, 9, 'css_class', NULL, NULL, 'varchar', NULL, NULL, 'text', 'Css class', NULL, NULL, 0, 0, NULL, 0, 'The name of often used css.(Bestseller Product Label: bestseller; New Product Label: new; Sale Product Label: special)'),
(140, 9, 'status', NULL, NULL, 'int', NULL, NULL, 'select', 'Enable', NULL, 'eav/entity_attribute_source_boolean', 1, 0, NULL, 0, NULL),
(141, 9, 'actions', NULL, NULL, 'text', NULL, NULL, 'textarea', 'Actions', NULL, NULL, 0, 0, NULL, 0, NULL),
(142, 9, 'created_at', NULL, 'eav/entity_attribute_backend_time_created', 'static', NULL, NULL, 'text', NULL, NULL, NULL, 1, 0, NULL, 0, NULL),
(143, 9, 'updated_at', NULL, 'eav/entity_attribute_backend_time_updated', 'static', NULL, NULL, 'text', NULL, NULL, NULL, 1, 0, NULL, 0, NULL),
(144, 10, 'content', NULL, NULL, 'text', NULL, NULL, 'textarea', 'Css Content', NULL, NULL, 0, 0, NULL, 0, NULL),
(145, 3, 'creareseo_heading', NULL, NULL, 'varchar', NULL, NULL, 'text', 'Category Heading', NULL, NULL, 0, 1, NULL, 0, NULL),
(146, 4, 'creareseo_discontinued', NULL, 'eav/entity_attribute_backend_array', 'varchar', NULL, NULL, 'select', 'Discontinued', NULL, NULL, 0, 1, NULL, 0, NULL),
(147, 4, 'creareseo_discontinued_product', NULL, NULL, 'varchar', NULL, NULL, 'text', 'Redirect to Product SKU', NULL, NULL, 0, 1, NULL, 0, NULL),
(148, 4, 'material', NULL, NULL, 'int', NULL, NULL, 'select', 'Material', NULL, 'eav/entity_attribute_source_table', 0, 1, '', 0, NULL),
(149, 4, 'size', NULL, NULL, 'int', NULL, NULL, 'select', 'Size', NULL, 'eav/entity_attribute_source_table', 0, 1, '', 0, NULL),
(150, 4, 'printedbanner', NULL, NULL, 'int', NULL, NULL, 'select', 'Printed Banner', NULL, 'eav/entity_attribute_source_table', 0, 1, '', 0, NULL),
(151, 4, 'product_video', NULL, NULL, 'text', NULL, NULL, 'textarea', 'Product Video', NULL, NULL, 0, 1, NULL, 0, NULL),
(152, 4, 'product_pdf', NULL, NULL, 'varchar', NULL, NULL, 'text', 'Product Artwork PDF', NULL, NULL, 0, 1, NULL, 0, NULL),
(153, 11, 'event_name', NULL, NULL, 'varchar', NULL, NULL, 'text', 'Event Name', NULL, NULL, 1, 0, NULL, 0, NULL),
(154, 11, 'from_date', NULL, 'eav/entity_attribute_backend_datetime', 'datetime', NULL, NULL, 'date', 'From Date', NULL, NULL, 1, 1, NULL, 0, NULL),
(155, 11, 'from_time', NULL, NULL, 'varchar', NULL, NULL, 'text', 'From Time', NULL, NULL, 1, 1, NULL, 0, NULL),
(156, 11, 'end_date', NULL, 'eav/entity_attribute_backend_datetime', 'datetime', NULL, NULL, 'date', 'End Date', NULL, NULL, 1, 1, NULL, 0, NULL),
(157, 11, 'end_time', NULL, NULL, 'varchar', NULL, NULL, 'text', 'End Time', NULL, NULL, 1, 1, NULL, 0, NULL),
(158, 11, 'description', NULL, NULL, 'text', NULL, NULL, 'textarea', 'Description', NULL, NULL, 1, 1, NULL, 0, NULL),
(159, 11, 'thumbnail', NULL, 'tpl_eventsmanager/event_attribute_backend_image', 'varchar', NULL, NULL, 'image', 'Thumbnail', NULL, NULL, 0, 1, NULL, 0, NULL),
(160, 11, 'banner', NULL, 'tpl_eventsmanager/event_attribute_backend_image', 'varchar', NULL, NULL, 'image', 'Banner Image', NULL, NULL, 0, 1, NULL, 0, NULL),
(161, 11, 'color', NULL, NULL, 'varchar', NULL, NULL, 'text', 'Color', NULL, NULL, 1, 1, NULL, 0, NULL),
(162, 11, 'event_level', NULL, NULL, 'int', NULL, NULL, 'select', 'Event Level', NULL, 'eav/entity_attribute_source_table', 1, 1, '265', 0, NULL),
(163, 11, 'event_type', NULL, NULL, 'int', NULL, NULL, 'select', 'Event Type', NULL, 'eav/entity_attribute_source_table', 1, 1, NULL, 0, NULL),
(164, 11, 'group_id', NULL, NULL, 'varchar', NULL, NULL, 'text', 'Select Group', NULL, NULL, 0, 1, NULL, 0, NULL),
(165, 11, 'user_email', NULL, NULL, 'varchar', NULL, NULL, 'text', 'User Email', NULL, NULL, 0, 1, NULL, 0, NULL),
(166, 11, 'is_invitable', NULL, NULL, 'int', NULL, NULL, 'select', 'Allow Invitation', NULL, 'eav/entity_attribute_source_boolean', 1, 1, NULL, 0, NULL),
(167, 11, 'product_launch_date', NULL, 'eav/entity_attribute_backend_datetime', 'datetime', NULL, NULL, 'date', 'Product Launch Date', NULL, NULL, 0, 1, NULL, 0, NULL),
(168, 11, 'product_launch_time', NULL, NULL, 'varchar', NULL, NULL, 'text', 'Product Launch Time', NULL, NULL, 0, 1, NULL, 0, NULL),
(169, 11, 'address', NULL, NULL, 'varchar', NULL, NULL, 'text', 'Address ', NULL, NULL, 0, 1, NULL, 0, NULL),
(170, 11, 'city', NULL, NULL, 'varchar', NULL, NULL, 'text', 'City', NULL, NULL, 0, 1, NULL, 0, NULL),
(171, 11, 'state', NULL, NULL, 'varchar', NULL, NULL, 'text', 'State', NULL, NULL, 0, 1, NULL, 0, NULL),
(172, 11, 'country', NULL, NULL, 'varchar', NULL, NULL, 'text', 'Country', NULL, NULL, 0, 1, NULL, 0, NULL),
(173, 11, 'contact_number', NULL, NULL, 'varchar', NULL, NULL, 'text', 'Contact Number', NULL, NULL, 0, 1, NULL, 0, NULL),
(174, 11, 'contact_email', NULL, NULL, 'varchar', NULL, NULL, 'text', 'Contact Email', NULL, NULL, 0, 1, NULL, 0, NULL),
(175, 11, 'pin_code', NULL, NULL, 'varchar', NULL, NULL, 'text', 'Postal Code / PIN / Area Code', NULL, NULL, 0, 1, NULL, 0, NULL),
(176, 11, 'cancel_event', NULL, NULL, 'int', NULL, NULL, 'select', 'Cancel Event', NULL, 'eav/entity_attribute_source_boolean', 1, 1, NULL, 0, NULL),
(177, 11, 'status', NULL, NULL, 'int', NULL, NULL, 'select', 'Enabled', NULL, 'eav/entity_attribute_source_boolean', 0, 0, '1', 0, NULL),
(178, 11, 'url_key', NULL, 'tpl_eventsmanager/event_attribute_backend_urlkey', 'varchar', NULL, NULL, 'text', 'URL key', NULL, NULL, 0, 0, NULL, 0, NULL),
(179, 11, 'in_rss', NULL, NULL, 'int', NULL, NULL, 'select', 'In RSS', NULL, 'eav/entity_attribute_source_boolean', 0, 0, '1', 0, NULL),
(180, 11, 'meta_title', NULL, NULL, 'varchar', NULL, NULL, 'text', 'Meta title', NULL, NULL, 0, 0, NULL, 0, NULL),
(181, 11, 'meta_keywords', NULL, NULL, 'text', NULL, NULL, 'textarea', 'Meta keywords', NULL, NULL, 0, 0, NULL, 0, NULL),
(182, 11, 'meta_description', NULL, NULL, 'text', NULL, NULL, 'textarea', 'Meta description', NULL, NULL, 0, 0, NULL, 0, NULL),
(183, 11, 'allow_comment', NULL, NULL, 'int', NULL, NULL, 'select', 'Allow Comment', NULL, 'tpl_eventsmanager/adminhtml_source_yesnodefault', 0, 0, '2', 0, NULL),
(184, 12, 'event_id', NULL, NULL, 'varchar', NULL, NULL, 'text', 'Event Id', NULL, NULL, 1, 1, NULL, 0, NULL),
(185, 12, 'event_name', NULL, NULL, 'varchar', NULL, NULL, 'text', 'Event Name', NULL, NULL, 1, 0, NULL, 0, NULL),
(186, 12, 'customer_name', NULL, NULL, 'varchar', NULL, NULL, 'text', 'Customer Name', NULL, NULL, 0, 1, NULL, 0, NULL),
(187, 12, 'customer_email', NULL, NULL, 'varchar', NULL, NULL, 'text', 'Customer Email', NULL, NULL, 1, 1, NULL, 0, NULL),
(188, 12, 'customer_address', NULL, NULL, 'varchar', NULL, NULL, 'text', 'Customer Address', NULL, NULL, 0, 1, NULL, 0, NULL),
(189, 12, 'customer_contact_number', NULL, NULL, 'varchar', NULL, NULL, 'text', 'Customer Contact Number', NULL, NULL, 0, 1, NULL, 0, NULL),
(190, 12, 'event_invitation_status', NULL, NULL, 'int', NULL, NULL, 'select', 'Invitation Status', NULL, 'eav/entity_attribute_source_table', 1, 1, NULL, 0, NULL),
(191, 12, 'status', NULL, NULL, 'int', NULL, NULL, 'select', 'Enabled', NULL, 'eav/entity_attribute_source_boolean', 0, 0, '1', 0, NULL),
(192, 12, 'url_key', NULL, 'tpl_eventsmanager/invitationstatus_attribute_backend_urlkey', 'varchar', NULL, NULL, 'text', 'URL key', NULL, NULL, 0, 0, NULL, 0, NULL),
(193, 12, 'in_rss', NULL, NULL, 'int', NULL, NULL, 'select', 'In RSS', NULL, 'eav/entity_attribute_source_boolean', 0, 0, '1', 0, NULL),
(194, 12, 'meta_title', NULL, NULL, 'varchar', NULL, NULL, 'text', 'Meta title', NULL, NULL, 0, 0, NULL, 0, NULL),
(195, 12, 'meta_keywords', NULL, NULL, 'text', NULL, NULL, 'textarea', 'Meta keywords', NULL, NULL, 0, 0, NULL, 0, NULL),
(196, 12, 'meta_description', NULL, NULL, 'text', NULL, NULL, 'textarea', 'Meta description', NULL, NULL, 0, 0, NULL, 0, NULL),
(197, 12, 'allow_comment', NULL, NULL, 'int', NULL, NULL, 'select', 'Allow Comment', NULL, 'tpl_eventsmanager/adminhtml_source_yesnodefault', 0, 0, '2', 0, NULL);

-- --------------------------------------------------------

--
-- Table structure for table `eav_attribute_group`
--

CREATE TABLE `eav_attribute_group` (
  `attribute_group_id` smallint(5) UNSIGNED NOT NULL COMMENT 'Attribute Group Id',
  `attribute_set_id` smallint(5) UNSIGNED NOT NULL DEFAULT '0' COMMENT 'Attribute Set Id',
  `attribute_group_name` varchar(255) DEFAULT NULL COMMENT 'Attribute Group Name',
  `sort_order` smallint(6) NOT NULL DEFAULT '0' COMMENT 'Sort Order',
  `default_id` smallint(5) UNSIGNED DEFAULT '0' COMMENT 'Default Id'
) ENGINE=InnoDB DEFAULT CHARSET=utf8 COMMENT='Eav Attribute Group';

--
-- Dumping data for table `eav_attribute_group`
--

INSERT INTO `eav_attribute_group` (`attribute_group_id`, `attribute_set_id`, `attribute_group_name`, `sort_order`, `default_id`) VALUES
(1, 1, 'General', 1, 1),
(2, 2, 'General', 1, 1),
(3, 3, 'General', 10, 1),
(4, 3, 'General Information', 2, 0),
(5, 3, 'Display Settings', 20, 0),
(6, 3, 'Custom Design', 30, 0),
(7, 4, 'General', 1, 1),
(8, 4, 'Prices', 2, 0),
(9, 4, 'Meta Information', 3, 0),
(10, 4, 'Images', 4, 0),
(11, 4, 'Recurring Profile', 5, 0),
(12, 4, 'Design', 6, 0),
(13, 5, 'General', 1, 1),
(14, 6, 'General', 1, 1),
(15, 7, 'General', 1, 1),
(16, 8, 'General', 1, 1),
(17, 4, 'Gift Options', 7, 0),
(18, 9, 'General', 1, 1),
(19, 10, 'General', 1, 1),
(20, 11, 'General', 1, 1),
(21, 12, 'General', 1, 1);

-- --------------------------------------------------------

--
-- Table structure for table `eav_attribute_label`
--

CREATE TABLE `eav_attribute_label` (
  `attribute_label_id` int(10) UNSIGNED NOT NULL COMMENT 'Attribute Label Id',
  `attribute_id` smallint(5) UNSIGNED NOT NULL DEFAULT '0' COMMENT 'Attribute Id',
  `store_id` smallint(5) UNSIGNED NOT NULL DEFAULT '0' COMMENT 'Store Id',
  `value` varchar(255) DEFAULT NULL COMMENT 'Value'
) ENGINE=InnoDB DEFAULT CHARSET=utf8 COMMENT='Eav Attribute Label';

-- --------------------------------------------------------

--
-- Table structure for table `eav_attribute_option`
--

CREATE TABLE `eav_attribute_option` (
  `option_id` int(10) UNSIGNED NOT NULL COMMENT 'Option Id',
  `attribute_id` smallint(5) UNSIGNED NOT NULL DEFAULT '0' COMMENT 'Attribute Id',
  `sort_order` smallint(5) UNSIGNED NOT NULL DEFAULT '0' COMMENT 'Sort Order'
) ENGINE=InnoDB DEFAULT CHARSET=utf8 COMMENT='Eav Attribute Option';

--
-- Dumping data for table `eav_attribute_option`
--

INSERT INTO `eav_attribute_option` (`option_id`, `attribute_id`, `sort_order`) VALUES
(1, 18, 0),
(2, 18, 1),
(3, 146, 0),
(4, 146, 0),
(5, 146, 0),
(6, 146, 0),
(7, 148, 0),
(8, 149, 0),
(9, 148, 0),
(10, 149, 0),
(11, 148, 0),
(12, 149, 0),
(13, 149, 0),
(14, 149, 0),
(15, 149, 0),
(16, 149, 0),
(17, 149, 0),
(18, 149, 0),
(19, 149, 0),
(20, 149, 0),
(21, 149, 0),
(22, 149, 0),
(23, 149, 0),
(24, 149, 0),
(25, 149, 0),
(26, 149, 0),
(27, 149, 0),
(28, 149, 0),
(29, 149, 0),
(30, 149, 0),
(31, 149, 0),
(32, 149, 0),
(33, 149, 0),
(34, 149, 0),
(35, 149, 0),
(36, 149, 0),
(37, 149, 0),
(38, 149, 0),
(39, 149, 0),
(40, 149, 0),
(41, 149, 0),
(42, 149, 0),
(43, 149, 0),
(44, 149, 0),
(45, 149, 0),
(46, 149, 0),
(47, 149, 0),
(48, 149, 0),
(49, 149, 0),
(50, 149, 0),
(51, 149, 0),
(52, 149, 0),
(53, 149, 0),
(54, 149, 0),
(55, 148, 0),
(56, 148, 0),
(57, 148, 0),
(58, 149, 0),
(59, 149, 0),
(60, 149, 0),
(61, 149, 0),
(62, 149, 0),
(63, 149, 0),
(64, 149, 0),
(65, 149, 0),
(66, 149, 0),
(67, 149, 0),
(68, 149, 0),
(69, 149, 0),
(70, 149, 0),
(71, 149, 0),
(72, 149, 0),
(73, 149, 0),
(74, 149, 0),
(75, 149, 0),
(76, 149, 0),
(77, 149, 0),
(78, 149, 0),
(79, 149, 0),
(80, 149, 0),
(81, 149, 0),
(82, 149, 0),
(83, 149, 0),
(84, 149, 0),
(85, 149, 0),
(86, 149, 0),
(87, 149, 0),
(88, 149, 0),
(89, 149, 0),
(90, 149, 0),
(91, 149, 0),
(92, 149, 0),
(93, 149, 0),
(94, 149, 0),
(95, 149, 0),
(96, 149, 0),
(97, 149, 0),
(98, 149, 0),
(99, 149, 0),
(100, 149, 0),
(101, 149, 0),
(102, 149, 0),
(103, 149, 0),
(104, 149, 0),
(105, 149, 0),
(106, 149, 0),
(107, 149, 0),
(108, 148, 0),
(109, 149, 0),
(110, 149, 0),
(111, 148, 0),
(112, 149, 0),
(113, 148, 0),
(114, 149, 0),
(115, 149, 0),
(116, 149, 0),
(117, 149, 0),
(118, 149, 0),
(119, 149, 0),
(120, 149, 0),
(121, 149, 0),
(122, 149, 0),
(123, 149, 0),
(124, 149, 0),
(125, 149, 0),
(126, 149, 0),
(127, 149, 0),
(128, 149, 0),
(129, 149, 0),
(130, 149, 0),
(131, 149, 0),
(132, 149, 0),
(133, 149, 0),
(134, 149, 0),
(135, 149, 0),
(136, 149, 0),
(137, 149, 0),
(138, 149, 0),
(139, 149, 0),
(140, 149, 0),
(141, 149, 0),
(142, 149, 0),
(143, 149, 0),
(144, 149, 0),
(145, 149, 0),
(146, 149, 0),
(147, 149, 0),
(148, 149, 0),
(149, 149, 0),
(150, 149, 0),
(151, 149, 0),
(152, 149, 0),
(153, 149, 0),
(154, 149, 0),
(155, 149, 0),
(156, 149, 0),
(157, 149, 0),
(158, 149, 0),
(159, 149, 0),
(160, 149, 0),
(161, 149, 0),
(162, 148, 0),
(163, 149, 0),
(164, 149, 0),
(165, 149, 0),
(166, 149, 0),
(167, 149, 0),
(168, 149, 0),
(169, 149, 0),
(170, 149, 0),
(171, 149, 0),
(172, 149, 0),
(173, 149, 0),
(174, 149, 0),
(175, 149, 0),
(176, 149, 0),
(177, 149, 0),
(178, 149, 0),
(179, 149, 0),
(180, 149, 0),
(181, 149, 0),
(182, 149, 0),
(183, 149, 0),
(184, 149, 0),
(185, 149, 0),
(186, 149, 0),
(187, 149, 0),
(188, 149, 0),
(189, 149, 0),
(190, 149, 0),
(191, 149, 0),
(192, 149, 0),
(193, 149, 0),
(194, 149, 0),
(195, 149, 0),
(196, 149, 0),
(197, 149, 0),
(198, 149, 0),
(199, 149, 0),
(200, 149, 0),
(201, 149, 0),
(202, 149, 0),
(203, 149, 0),
(204, 149, 0),
(205, 149, 0),
(206, 149, 0),
(207, 148, 0),
(208, 149, 0),
(209, 149, 0),
(210, 149, 0),
(211, 149, 0),
(212, 149, 0),
(213, 149, 0),
(214, 149, 0),
(215, 149, 0),
(216, 149, 0),
(217, 149, 0),
(218, 149, 0),
(219, 149, 0),
(220, 149, 0),
(221, 149, 0),
(222, 149, 0),
(223, 149, 0),
(224, 149, 0),
(225, 149, 0),
(226, 149, 0),
(227, 149, 0),
(228, 149, 0),
(229, 149, 0),
(230, 149, 0),
(231, 149, 0),
(232, 149, 0),
(233, 149, 0),
(234, 149, 0),
(235, 149, 0),
(236, 149, 0),
(237, 149, 0),
(238, 149, 0),
(239, 149, 0),
(240, 149, 0),
(241, 149, 0),
(242, 149, 0),
(243, 149, 0),
(244, 149, 0),
(245, 149, 0),
(246, 149, 0),
(247, 149, 0),
(248, 149, 0),
(251, 148, 0),
(252, 148, 0),
(253, 92, 0),
(254, 92, 0),
(255, 92, 0),
(256, 148, 0),
(257, 148, 0),
(258, 150, 0),
(259, 150, 0),
(260, 149, 0),
(261, 149, 0),
(262, 149, 0),
(263, 92, 0),
(264, 92, 0),
(265, 162, 0),
(266, 162, 1),
(267, 162, 2),
(268, 162, 3),
(269, 163, 0),
(270, 163, 1),
(271, 163, 2),
(272, 163, 3),
(273, 190, 0),
(274, 190, 1),
(275, 149, 0),
(276, 149, 0),
(277, 149, 0),
(278, 149, 0);

-- --------------------------------------------------------

--
-- Table structure for table `eav_attribute_option_value`
--

CREATE TABLE `eav_attribute_option_value` (
  `value_id` int(10) UNSIGNED NOT NULL COMMENT 'Value Id',
  `option_id` int(10) UNSIGNED NOT NULL DEFAULT '0' COMMENT 'Option Id',
  `store_id` smallint(5) UNSIGNED NOT NULL DEFAULT '0' COMMENT 'Store Id',
  `value` varchar(255) DEFAULT NULL COMMENT 'Value'
) ENGINE=InnoDB DEFAULT CHARSET=utf8 COMMENT='Eav Attribute Option Value';

--
-- Dumping data for table `eav_attribute_option_value`
--

INSERT INTO `eav_attribute_option_value` (`value_id`, `option_id`, `store_id`, `value`) VALUES
(1, 1, 0, 'Male'),
(2, 2, 0, 'Female'),
(3, 3, 0, 'No Redirect (404)'),
(4, 4, 0, '301 Redirect to Category'),
(5, 5, 0, '301 Redirect to Homepage'),
(6, 6, 0, '301 Redirect to Product SKU'),
(271, 256, 0, 'Velvet Rope'),
(272, 257, 0, 'Twisted Rope'),
(273, 9, 0, 'Acrylic'),
(274, 55, 0, 'Black'),
(275, 251, 0, 'Blue/Grey Colour'),
(276, 207, 0, 'Chrome'),
(277, 11, 0, 'Matt'),
(278, 162, 0, 'Polished stainless steel'),
(279, 252, 0, 'Red/Black Colour'),
(280, 56, 0, 'Silver'),
(281, 108, 0, 'Silver frame/black base'),
(282, 111, 0, 'Silver frame/grey base'),
(283, 57, 0, 'White'),
(284, 113, 0, 'White frame/ black base'),
(285, 7, 0, 'Wood'),
(524, 263, 0, 'White'),
(525, 264, 0, 'Silver'),
(526, 254, 0, 'Black'),
(527, 255, 0, 'Blue'),
(528, 253, 0, 'Red'),
(529, 265, 0, 'Global Event'),
(530, 266, 0, 'Global Event ( Only visible Logged In Customers )'),
(531, 267, 0, 'User Level Event'),
(532, 268, 0, 'Group Level Event'),
(533, 269, 0, 'Sale Event'),
(534, 270, 0, 'Product Launch Event'),
(535, 271, 0, 'Local Exhibition Event'),
(536, 272, 0, 'Notification Event'),
(537, 273, 0, 'Accepted'),
(538, 274, 0, 'Rejected'),
(1014, 258, 0, 'With Printed Banner'),
(1015, 259, 0, 'Hardware Only'),
(1016, 187, 0, '1/3 A4'),
(1017, 154, 0, '1/3 A4 (DL)'),
(1018, 157, 0, '1/3 A4 Portrait'),
(1019, 18, 0, '100'),
(1020, 42, 0, '100 CM'),
(1021, 71, 0, '100 X 100'),
(1022, 79, 0, '100 X 150'),
(1023, 47, 0, '100 X 230'),
(1024, 87, 0, '100 X 250'),
(1025, 90, 0, '100 X 300'),
(1026, 131, 0, '1000mm'),
(1027, 132, 0, '1016mm'),
(1028, 241, 0, '105 x 250'),
(1029, 137, 0, '105 x 250 poster'),
(1030, 225, 0, '10x A4'),
(1031, 21, 0, '11'),
(1032, 205, 0, '110 (dia.) x 30mm (h)'),
(1033, 237, 0, '12'),
(1034, 19, 0, '120'),
(1035, 46, 0, '120 CM'),
(1036, 133, 0, '1200mm'),
(1037, 260, 0, '1200MM Wide'),
(1038, 121, 0, '12x A4'),
(1039, 242, 0, '148 x 300'),
(1040, 138, 0, '148 x 300 poster'),
(1041, 69, 0, '150'),
(1042, 94, 0, '150 CM'),
(1043, 72, 0, '150 X 100'),
(1044, 80, 0, '150 X 150'),
(1045, 48, 0, '150 X 230'),
(1046, 88, 0, '150 X 250'),
(1047, 91, 0, '150 X 300'),
(1048, 261, 0, '1500MM Wide'),
(1049, 226, 0, '15x A4'),
(1050, 230, 0, '16.5'),
(1051, 22, 0, '16.5 A5'),
(1052, 262, 0, '1800MM Wide'),
(1053, 180, 0, '1x 900x600mm panel 2x 450x600mm panels 1x 900x250mm header'),
(1054, 122, 0, '1x A4'),
(1055, 200, 0, '2 x A4 portrait 1 x A3 landscape'),
(1056, 174, 0, '2.1m'),
(1057, 117, 0, '20 \" x 30\"'),
(1058, 278, 0, '20 X 40 CM'),
(1059, 101, 0, '20\" x 30\"'),
(1060, 105, 0, '20\"x30\"'),
(1061, 95, 0, '200 CM'),
(1062, 73, 0, '200 X 100'),
(1063, 81, 0, '200 X 150'),
(1064, 49, 0, '200 X 230'),
(1065, 89, 0, '200 X 250'),
(1066, 92, 0, '200 X 300'),
(1067, 227, 0, '2000'),
(1068, 26, 0, '205'),
(1069, 231, 0, '23'),
(1070, 23, 0, '23 A4'),
(1071, 70, 0, '230'),
(1072, 33, 0, '235 CM'),
(1073, 58, 0, '23C'),
(1074, 62, 0, '23S'),
(1075, 38, 0, '240 CM'),
(1076, 74, 0, '250 X 100'),
(1077, 82, 0, '250 X 150'),
(1078, 50, 0, '250 X 230'),
(1079, 27, 0, '255'),
(1080, 34, 0, '290 CM'),
(1081, 124, 0, '2x A4H'),
(1082, 123, 0, '2x A4V'),
(1083, 275, 0, '30 X 40 CM (Small)'),
(1084, 112, 0, '30\" x 40\"'),
(1085, 109, 0, '30\"x 40\"'),
(1086, 75, 0, '300 X 100'),
(1087, 83, 0, '300 X 150'),
(1088, 51, 0, '300 X 230'),
(1089, 228, 0, '3000'),
(1090, 125, 0, '300mm'),
(1091, 28, 0, '310'),
(1092, 194, 0, '325 x 570mm'),
(1093, 193, 0, '330 x 385mm'),
(1094, 59, 0, '33C'),
(1095, 63, 0, '33S'),
(1096, 35, 0, '345 CM'),
(1097, 39, 0, '350 CM'),
(1098, 29, 0, '360'),
(1099, 171, 0, '3m'),
(1100, 153, 0, '3x 15mm nib (large)'),
(1101, 179, 0, '3x 600x900mm panels 1x 600x250mm header'),
(1102, 224, 0, '3x A4 portrait'),
(1103, 234, 0, '4'),
(1104, 175, 0, '4.2m'),
(1105, 110, 0, '40\" x 60\"'),
(1106, 36, 0, '400 CM'),
(1107, 76, 0, '400 X 100'),
(1108, 84, 0, '400 X 150'),
(1109, 52, 0, '400 X 230'),
(1110, 229, 0, '4000'),
(1111, 148, 0, '400mm'),
(1112, 189, 0, '410 x 763mm'),
(1113, 30, 0, '415'),
(1114, 126, 0, '420mm'),
(1115, 210, 0, '430 x 355 x 560mm'),
(1116, 96, 0, '430 x 625mm'),
(1117, 97, 0, '430 x 750mm'),
(1118, 60, 0, '43C'),
(1119, 64, 0, '43S'),
(1120, 276, 0, '45 X 60 CM (Medium)'),
(1121, 40, 0, '460 CM'),
(1122, 190, 0, '460 x 818mm'),
(1123, 31, 0, '465'),
(1124, 103, 0, '480 x 815mm'),
(1125, 168, 0, '495mm diameter'),
(1126, 172, 0, '4m'),
(1127, 118, 0, '4x A4'),
(1128, 77, 0, '500 X 100'),
(1129, 85, 0, '500 X 150'),
(1130, 144, 0, '500 x 1700mm'),
(1131, 53, 0, '500 X 230'),
(1132, 243, 0, '500 x 700mm'),
(1133, 98, 0, '500 x 750mm'),
(1134, 169, 0, '500(w) x 400(h)mm'),
(1135, 127, 0, '500mm'),
(1136, 238, 0, '52 x 150'),
(1137, 134, 0, '52 x 150 poster'),
(1138, 239, 0, '52 x 300'),
(1139, 135, 0, '52 x 300 poster'),
(1140, 32, 0, '520'),
(1141, 37, 0, '520 CM'),
(1142, 61, 0, '53C'),
(1143, 65, 0, '53S'),
(1144, 191, 0, '540 x 917mm'),
(1145, 170, 0, '575(w) x 417(h)mm'),
(1146, 192, 0, '583 x 775mm'),
(1147, 100, 0, '588 x 917mm'),
(1148, 173, 0, '5m'),
(1149, 152, 0, '5x 5mm nib (small)'),
(1150, 223, 0, '5x A4'),
(1151, 235, 0, '6'),
(1152, 16, 0, '60'),
(1153, 44, 0, '60 CM'),
(1154, 277, 0, '60 X 80 CM (Large)'),
(1155, 78, 0, '600 X 100'),
(1156, 86, 0, '600 X 150'),
(1157, 217, 0, '600 x 1600mm'),
(1158, 181, 0, '600 x 1980mm'),
(1159, 54, 0, '600 X 230'),
(1160, 128, 0, '600mm'),
(1161, 176, 0, '6x 600x900mm panels 1x 600x250mm header'),
(1162, 119, 0, '6x A4'),
(1163, 201, 0, '700 x 1700mm'),
(1164, 130, 0, '700mm'),
(1165, 240, 0, '74 x 150'),
(1166, 136, 0, '74 x 150 poster'),
(1167, 177, 0, '7x 600x900mm panels 1x 600x250mm header'),
(1168, 222, 0, '8 (4x 2) x A4'),
(1169, 17, 0, '80'),
(1170, 41, 0, '80 CM'),
(1171, 45, 0, '80 X 200 CM'),
(1172, 182, 0, '800 x 1980mm'),
(1173, 183, 0, '800 x 1985mm'),
(1174, 93, 0, '85'),
(1175, 43, 0, '85 CM'),
(1176, 184, 0, '850 x 1985mm'),
(1177, 216, 0, '850 x variable height'),
(1178, 129, 0, '850mm'),
(1179, 178, 0, '8x 600x900mm panels 2x 600x250mm header'),
(1180, 236, 0, '9'),
(1181, 20, 0, '9.5'),
(1182, 196, 0, '90 x 45 x 48mm'),
(1183, 120, 0, '9x A4'),
(1184, 104, 0, 'A0'),
(1185, 102, 0, 'A1'),
(1186, 143, 0, 'A1 (x2)'),
(1187, 99, 0, 'A2'),
(1188, 147, 0, 'A2 portrait'),
(1189, 14, 0, 'A3'),
(1190, 161, 0, 'A3 landscape / portrait'),
(1191, 146, 0, 'A3 portrait'),
(1192, 13, 0, 'A4'),
(1193, 188, 0, 'A4 landscape'),
(1194, 160, 0, 'A4 landscape / portrait'),
(1195, 145, 0, 'A4 portrait'),
(1196, 158, 0, 'A4 Portrait'),
(1197, 15, 0, 'A4A'),
(1198, 116, 0, 'A5'),
(1199, 156, 0, 'A5 Portrait'),
(1200, 159, 0, 'A6 or 4\" x 6\"'),
(1201, 155, 0, 'A6 Portrait'),
(1202, 10, 0, 'Acrylic'),
(1203, 246, 0, 'Banner width'),
(1204, 186, 0, 'Banner width: Up to 1000mm'),
(1205, 185, 0, 'Banner width: Up to 800mm'),
(1206, 198, 0, 'Base: 450 (dia.) x 35 (h) mmO/A height: 1920mm'),
(1207, 199, 0, 'Base: 450 x 35 x 450mm O/A height: 1920mm'),
(1208, 248, 0, 'Black'),
(1209, 221, 0, 'Convex'),
(1210, 25, 0, 'Double'),
(1211, 142, 0, 'Double-sided (4x A4)'),
(1212, 140, 0, 'Double-sided A1'),
(1213, 209, 0, 'For display flag: 430 x 355 x 560mm'),
(1214, 220, 0, 'Front: 980 x 878 (x1)Sides: 430 x 878 (x2)'),
(1215, 218, 0, 'Header: 700 x 300mm Counter: 1584 x 824mm'),
(1216, 219, 0, 'Header: 830 x 350mm Counter: 1976 x 810mm'),
(1217, 203, 0, 'Height: 66mm Diameter: 360mm'),
(1218, 204, 0, 'Height: 881mm Pole dia: 51mm'),
(1219, 67, 0, 'L'),
(1220, 233, 0, 'Large'),
(1221, 151, 0, 'Large: 500 x 800'),
(1222, 107, 0, 'Large: 709 x 1049'),
(1223, 115, 0, 'Large: 996 x 1505mm'),
(1224, 245, 0, 'Length'),
(1225, 167, 0, 'Length: 1.5m Diameter: 30mm'),
(1226, 166, 0, 'Length: 1.5m Diameter: 35mm'),
(1227, 206, 0, 'Length: 100mm'),
(1228, 163, 0, 'Length: 1200*'),
(1229, 164, 0, 'Length: 1500*'),
(1230, 165, 0, 'Length: 1800*'),
(1231, 197, 0, 'Length: 5m x 13mm'),
(1232, 66, 0, 'M'),
(1233, 12, 0, 'Matt'),
(1234, 244, 0, 'Medium'),
(1235, 150, 0, 'Medium: 310 x 510'),
(1236, 211, 0, 'O/A: 1150 x 5400 x800mm'),
(1237, 195, 0, 'O/A: 225 x 1220 x 225mm'),
(1238, 208, 0, 'O/A: 40 x 40 x 35mm'),
(1239, 215, 0, 'O/A: 480 x 35 x 520mm'),
(1240, 214, 0, 'O/A: 500mm'),
(1241, 213, 0, 'O/A: 540mm diameter'),
(1242, 202, 0, 'O/A: 648 x 256 x 226mm'),
(1243, 212, 0, 'O/A: 840 x 60mm'),
(1244, 247, 0, 'Silver'),
(1245, 24, 0, 'Single'),
(1246, 141, 0, 'Single-sided (2x A4)'),
(1247, 139, 0, 'Single-sided A1'),
(1248, 232, 0, 'Small'),
(1249, 149, 0, 'Small: 250 x 350'),
(1250, 106, 0, 'Small: 542 x 813'),
(1251, 114, 0, 'Small: 742 x 996mm'),
(1252, 8, 0, 'Wood'),
(1253, 68, 0, 'XL');

-- --------------------------------------------------------

--
