-- Table structure for table `catalog_product_index_price_bundle_idx`
--

CREATE TABLE `catalog_product_index_price_bundle_idx` (
  `entity_id` int(10) UNSIGNED NOT NULL COMMENT 'Entity Id',
  `customer_group_id` smallint(5) UNSIGNED NOT NULL COMMENT 'Customer Group Id',
  `website_id` smallint(5) UNSIGNED NOT NULL COMMENT 'Website Id',
  `tax_class_id` smallint(5) UNSIGNED DEFAULT '0' COMMENT 'Tax Class Id',
  `price_type` smallint(5) UNSIGNED NOT NULL COMMENT 'Price Type',
  `special_price` decimal(12,4) DEFAULT NULL COMMENT 'Special Price',
  `tier_percent` decimal(12,4) DEFAULT NULL COMMENT 'Tier Percent',
  `orig_price` decimal(12,4) DEFAULT NULL COMMENT 'Orig Price',
  `price` decimal(12,4) DEFAULT NULL COMMENT 'Price',
  `min_price` decimal(12,4) DEFAULT NULL COMMENT 'Min Price',
  `max_price` decimal(12,4) DEFAULT NULL COMMENT 'Max Price',
  `tier_price` decimal(12,4) DEFAULT NULL COMMENT 'Tier Price',
  `base_tier` decimal(12,4) DEFAULT NULL COMMENT 'Base Tier',
  `group_price` decimal(12,4) DEFAULT NULL COMMENT 'Group price',
  `base_group_price` decimal(12,4) DEFAULT NULL COMMENT 'Base Group Price',
  `group_price_percent` decimal(12,4) DEFAULT NULL COMMENT 'Group Price Percent'
) ENGINE=InnoDB DEFAULT CHARSET=utf8 COMMENT='Catalog Product Index Price Bundle Idx';

-- --------------------------------------------------------

--
-- Table structure for table `catalog_product_index_price_bundle_opt_idx`
--

CREATE TABLE `catalog_product_index_price_bundle_opt_idx` (
  `entity_id` int(10) UNSIGNED NOT NULL COMMENT 'Entity Id',
  `customer_group_id` smallint(5) UNSIGNED NOT NULL COMMENT 'Customer Group Id',
  `website_id` smallint(5) UNSIGNED NOT NULL COMMENT 'Website Id',
  `option_id` int(10) UNSIGNED NOT NULL DEFAULT '0' COMMENT 'Option Id',
  `min_price` decimal(12,4) DEFAULT NULL COMMENT 'Min Price',
  `alt_price` decimal(12,4) DEFAULT NULL COMMENT 'Alt Price',
  `max_price` decimal(12,4) DEFAULT NULL COMMENT 'Max Price',
  `tier_price` decimal(12,4) DEFAULT NULL COMMENT 'Tier Price',
  `alt_tier_price` decimal(12,4) DEFAULT NULL COMMENT 'Alt Tier Price',
  `group_price` decimal(12,4) DEFAULT NULL COMMENT 'Group price',
  `alt_group_price` decimal(12,4) DEFAULT NULL COMMENT 'Alt Group Price'
) ENGINE=InnoDB DEFAULT CHARSET=utf8 COMMENT='Catalog Product Index Price Bundle Opt Idx';

-- --------------------------------------------------------

--
-- Table structure for table `catalog_product_index_price_bundle_opt_tmp`
--

CREATE TABLE `catalog_product_index_price_bundle_opt_tmp` (
  `entity_id` int(10) UNSIGNED NOT NULL COMMENT 'Entity Id',
  `customer_group_id` smallint(5) UNSIGNED NOT NULL COMMENT 'Customer Group Id',
  `website_id` smallint(5) UNSIGNED NOT NULL COMMENT 'Website Id',
  `option_id` int(10) UNSIGNED NOT NULL DEFAULT '0' COMMENT 'Option Id',
  `min_price` decimal(12,4) DEFAULT NULL COMMENT 'Min Price',
  `alt_price` decimal(12,4) DEFAULT NULL COMMENT 'Alt Price',
  `max_price` decimal(12,4) DEFAULT NULL COMMENT 'Max Price',
  `tier_price` decimal(12,4) DEFAULT NULL COMMENT 'Tier Price',
  `alt_tier_price` decimal(12,4) DEFAULT NULL COMMENT 'Alt Tier Price',
  `group_price` decimal(12,4) DEFAULT NULL COMMENT 'Group price',
  `alt_group_price` decimal(12,4) DEFAULT NULL COMMENT 'Alt Group Price'
) ENGINE=MEMORY DEFAULT CHARSET=utf8 COMMENT='Catalog Product Index Price Bundle Opt Tmp';

-- --------------------------------------------------------

--
-- Table structure for table `catalog_product_index_price_bundle_sel_idx`
--

CREATE TABLE `catalog_product_index_price_bundle_sel_idx` (
  `entity_id` int(10) UNSIGNED NOT NULL COMMENT 'Entity Id',
  `customer_group_id` smallint(5) UNSIGNED NOT NULL COMMENT 'Customer Group Id',
  `website_id` smallint(5) UNSIGNED NOT NULL COMMENT 'Website Id',
  `option_id` int(10) UNSIGNED NOT NULL DEFAULT '0' COMMENT 'Option Id',
  `selection_id` int(10) UNSIGNED NOT NULL DEFAULT '0' COMMENT 'Selection Id',
  `group_type` smallint(5) UNSIGNED DEFAULT '0' COMMENT 'Group Type',
  `is_required` smallint(5) UNSIGNED DEFAULT '0' COMMENT 'Is Required',
  `price` decimal(12,4) DEFAULT NULL COMMENT 'Price',
  `tier_price` decimal(12,4) DEFAULT NULL COMMENT 'Tier Price',
  `group_price` decimal(12,4) DEFAULT NULL COMMENT 'Group price'
) ENGINE=InnoDB DEFAULT CHARSET=utf8 COMMENT='Catalog Product Index Price Bundle Sel Idx';

-- --------------------------------------------------------

--
-- Table structure for table `catalog_product_index_price_bundle_sel_tmp`
--

CREATE TABLE `catalog_product_index_price_bundle_sel_tmp` (
  `entity_id` int(10) UNSIGNED NOT NULL COMMENT 'Entity Id',
  `customer_group_id` smallint(5) UNSIGNED NOT NULL COMMENT 'Customer Group Id',
  `website_id` smallint(5) UNSIGNED NOT NULL COMMENT 'Website Id',
  `option_id` int(10) UNSIGNED NOT NULL DEFAULT '0' COMMENT 'Option Id',
  `selection_id` int(10) UNSIGNED NOT NULL DEFAULT '0' COMMENT 'Selection Id',
  `group_type` smallint(5) UNSIGNED DEFAULT '0' COMMENT 'Group Type',
  `is_required` smallint(5) UNSIGNED DEFAULT '0' COMMENT 'Is Required',
  `price` decimal(12,4) DEFAULT NULL COMMENT 'Price',
  `tier_price` decimal(12,4) DEFAULT NULL COMMENT 'Tier Price',
  `group_price` decimal(12,4) DEFAULT NULL COMMENT 'Group price'
) ENGINE=MEMORY DEFAULT CHARSET=utf8 COMMENT='Catalog Product Index Price Bundle Sel Tmp';

-- --------------------------------------------------------

--
-- Table structure for table `catalog_product_index_price_bundle_tmp`
--

CREATE TABLE `catalog_product_index_price_bundle_tmp` (
  `entity_id` int(10) UNSIGNED NOT NULL COMMENT 'Entity Id',
  `customer_group_id` smallint(5) UNSIGNED NOT NULL COMMENT 'Customer Group Id',
  `website_id` smallint(5) UNSIGNED NOT NULL COMMENT 'Website Id',
  `tax_class_id` smallint(5) UNSIGNED DEFAULT '0' COMMENT 'Tax Class Id',
  `price_type` smallint(5) UNSIGNED NOT NULL COMMENT 'Price Type',
  `special_price` decimal(12,4) DEFAULT NULL COMMENT 'Special Price',
  `tier_percent` decimal(12,4) DEFAULT NULL COMMENT 'Tier Percent',
  `orig_price` decimal(12,4) DEFAULT NULL COMMENT 'Orig Price',
  `price` decimal(12,4) DEFAULT NULL COMMENT 'Price',
  `min_price` decimal(12,4) DEFAULT NULL COMMENT 'Min Price',
  `max_price` decimal(12,4) DEFAULT NULL COMMENT 'Max Price',
  `tier_price` decimal(12,4) DEFAULT NULL COMMENT 'Tier Price',
  `base_tier` decimal(12,4) DEFAULT NULL COMMENT 'Base Tier',
  `group_price` decimal(12,4) DEFAULT NULL COMMENT 'Group price',
  `base_group_price` decimal(12,4) DEFAULT NULL COMMENT 'Base Group Price',
  `group_price_percent` decimal(12,4) DEFAULT NULL COMMENT 'Group Price Percent'
) ENGINE=MEMORY DEFAULT CHARSET=utf8 COMMENT='Catalog Product Index Price Bundle Tmp';

-- --------------------------------------------------------

--
-- Table structure for table `catalog_product_index_price_cfg_opt_agr_idx`
--

CREATE TABLE `catalog_product_index_price_cfg_opt_agr_idx` (
  `parent_id` int(10) UNSIGNED NOT NULL COMMENT 'Parent ID',
  `child_id` int(10) UNSIGNED NOT NULL COMMENT 'Child ID',
  `customer_group_id` smallint(5) UNSIGNED NOT NULL COMMENT 'Customer Group ID',
  `website_id` smallint(5) UNSIGNED NOT NULL COMMENT 'Website ID',
  `price` decimal(12,4) DEFAULT NULL COMMENT 'Price',
  `tier_price` decimal(12,4) DEFAULT NULL COMMENT 'Tier Price',
  `group_price` decimal(12,4) DEFAULT NULL COMMENT 'Group price'
) ENGINE=InnoDB DEFAULT CHARSET=utf8 COMMENT='Catalog Product Price Indexer Config Option Aggregate Index Table';

-- --------------------------------------------------------

--
-- Table structure for table `catalog_product_index_price_cfg_opt_agr_tmp`
--

CREATE TABLE `catalog_product_index_price_cfg_opt_agr_tmp` (
  `parent_id` int(10) UNSIGNED NOT NULL COMMENT 'Parent ID',
  `child_id` int(10) UNSIGNED NOT NULL COMMENT 'Child ID',
  `customer_group_id` smallint(5) UNSIGNED NOT NULL COMMENT 'Customer Group ID',
  `website_id` smallint(5) UNSIGNED NOT NULL COMMENT 'Website ID',
  `price` decimal(12,4) DEFAULT NULL COMMENT 'Price',
  `tier_price` decimal(12,4) DEFAULT NULL COMMENT 'Tier Price',
  `group_price` decimal(12,4) DEFAULT NULL COMMENT 'Group price'
) ENGINE=MEMORY DEFAULT CHARSET=utf8 COMMENT='Catalog Product Price Indexer Config Option Aggregate Temp Table';

-- --------------------------------------------------------

--
-- Table structure for table `catalog_product_index_price_cfg_opt_idx`
--

CREATE TABLE `catalog_product_index_price_cfg_opt_idx` (
  `entity_id` int(10) UNSIGNED NOT NULL COMMENT 'Entity ID',
  `customer_group_id` smallint(5) UNSIGNED NOT NULL COMMENT 'Customer Group ID',
  `website_id` smallint(5) UNSIGNED NOT NULL COMMENT 'Website ID',
  `min_price` decimal(12,4) DEFAULT NULL COMMENT 'Min Price',
  `max_price` decimal(12,4) DEFAULT NULL COMMENT 'Max Price',
  `tier_price` decimal(12,4) DEFAULT NULL COMMENT 'Tier Price',
  `group_price` decimal(12,4) DEFAULT NULL COMMENT 'Group price'
) ENGINE=InnoDB DEFAULT CHARSET=utf8 COMMENT='Catalog Product Price Indexer Config Option Index Table';

-- --------------------------------------------------------

--
-- Table structure for table `catalog_product_index_price_cfg_opt_tmp`
--

CREATE TABLE `catalog_product_index_price_cfg_opt_tmp` (
  `entity_id` int(10) UNSIGNED NOT NULL COMMENT 'Entity ID',
  `customer_group_id` smallint(5) UNSIGNED NOT NULL COMMENT 'Customer Group ID',
  `website_id` smallint(5) UNSIGNED NOT NULL COMMENT 'Website ID',
  `min_price` decimal(12,4) DEFAULT NULL COMMENT 'Min Price',
  `max_price` decimal(12,4) DEFAULT NULL COMMENT 'Max Price',
  `tier_price` decimal(12,4) DEFAULT NULL COMMENT 'Tier Price',
  `group_price` decimal(12,4) DEFAULT NULL COMMENT 'Group price'
) ENGINE=MEMORY DEFAULT CHARSET=utf8 COMMENT='Catalog Product Price Indexer Config Option Temp Table';

-- --------------------------------------------------------

--
-- Table structure for table `catalog_product_index_price_downlod_idx`
--

CREATE TABLE `catalog_product_index_price_downlod_idx` (
  `entity_id` int(10) UNSIGNED NOT NULL COMMENT 'Entity ID',
  `customer_group_id` smallint(5) UNSIGNED NOT NULL COMMENT 'Customer Group ID',
  `website_id` smallint(5) UNSIGNED NOT NULL COMMENT 'Website ID',
  `min_price` decimal(12,4) NOT NULL DEFAULT '0.0000' COMMENT 'Minimum price',
  `max_price` decimal(12,4) NOT NULL DEFAULT '0.0000' COMMENT 'Maximum price'
) ENGINE=InnoDB DEFAULT CHARSET=utf8 COMMENT='Indexer Table for price of downloadable products';

-- --------------------------------------------------------

--
-- Table structure for table `catalog_product_index_price_downlod_tmp`
--

CREATE TABLE `catalog_product_index_price_downlod_tmp` (
  `entity_id` int(10) UNSIGNED NOT NULL COMMENT 'Entity ID',
  `customer_group_id` smallint(5) UNSIGNED NOT NULL COMMENT 'Customer Group ID',
  `website_id` smallint(5) UNSIGNED NOT NULL COMMENT 'Website ID',
  `min_price` decimal(12,4) NOT NULL DEFAULT '0.0000' COMMENT 'Minimum price',
  `max_price` decimal(12,4) NOT NULL DEFAULT '0.0000' COMMENT 'Maximum price'
) ENGINE=MEMORY DEFAULT CHARSET=utf8 COMMENT='Temporary Indexer Table for price of downloadable products';

-- --------------------------------------------------------

--
-- Table structure for table `catalog_product_index_price_final_idx`
--

CREATE TABLE `catalog_product_index_price_final_idx` (
  `entity_id` int(10) UNSIGNED NOT NULL COMMENT 'Entity ID',
  `customer_group_id` smallint(5) UNSIGNED NOT NULL COMMENT 'Customer Group ID',
  `website_id` smallint(5) UNSIGNED NOT NULL COMMENT 'Website ID',
  `tax_class_id` smallint(5) UNSIGNED DEFAULT '0' COMMENT 'Tax Class ID',
  `orig_price` decimal(12,4) DEFAULT NULL COMMENT 'Original Price',
  `price` decimal(12,4) DEFAULT NULL COMMENT 'Price',
  `min_price` decimal(12,4) DEFAULT NULL COMMENT 'Min Price',
  `max_price` decimal(12,4) DEFAULT NULL COMMENT 'Max Price',
  `tier_price` decimal(12,4) DEFAULT NULL COMMENT 'Tier Price',
  `base_tier` decimal(12,4) DEFAULT NULL COMMENT 'Base Tier',
  `group_price` decimal(12,4) DEFAULT NULL COMMENT 'Group price',
  `base_group_price` decimal(12,4) DEFAULT NULL COMMENT 'Base Group Price'
) ENGINE=InnoDB DEFAULT CHARSET=utf8 COMMENT='Catalog Product Price Indexer Final Index Table';

-- --------------------------------------------------------

--
-- Table structure for table `catalog_product_index_price_final_tmp`
--

CREATE TABLE `catalog_product_index_price_final_tmp` (
  `entity_id` int(10) UNSIGNED NOT NULL COMMENT 'Entity ID',
  `customer_group_id` smallint(5) UNSIGNED NOT NULL COMMENT 'Customer Group ID',
  `website_id` smallint(5) UNSIGNED NOT NULL COMMENT 'Website ID',
  `tax_class_id` smallint(5) UNSIGNED DEFAULT '0' COMMENT 'Tax Class ID',
  `orig_price` decimal(12,4) DEFAULT NULL COMMENT 'Original Price',
  `price` decimal(12,4) DEFAULT NULL COMMENT 'Price',
  `min_price` decimal(12,4) DEFAULT NULL COMMENT 'Min Price',
  `max_price` decimal(12,4) DEFAULT NULL COMMENT 'Max Price',
  `tier_price` decimal(12,4) DEFAULT NULL COMMENT 'Tier Price',
  `base_tier` decimal(12,4) DEFAULT NULL COMMENT 'Base Tier',
  `group_price` decimal(12,4) DEFAULT NULL COMMENT 'Group price',
  `base_group_price` decimal(12,4) DEFAULT NULL COMMENT 'Base Group Price'
) ENGINE=MEMORY DEFAULT CHARSET=utf8 COMMENT='Catalog Product Price Indexer Final Temp Table';

-- --------------------------------------------------------

--
-- Table structure for table `catalog_product_index_price_idx`
--

CREATE TABLE `catalog_product_index_price_idx` (
  `entity_id` int(10) UNSIGNED NOT NULL COMMENT 'Entity ID',
  `customer_group_id` smallint(5) UNSIGNED NOT NULL COMMENT 'Customer Group ID',
  `website_id` smallint(5) UNSIGNED NOT NULL COMMENT 'Website ID',
  `tax_class_id` smallint(5) UNSIGNED DEFAULT '0' COMMENT 'Tax Class ID',
  `price` decimal(12,4) DEFAULT NULL COMMENT 'Price',
  `final_price` decimal(12,4) DEFAULT NULL COMMENT 'Final Price',
  `min_price` decimal(12,4) DEFAULT NULL COMMENT 'Min Price',
  `max_price` decimal(12,4) DEFAULT NULL COMMENT 'Max Price',
  `tier_price` decimal(12,4) DEFAULT NULL COMMENT 'Tier Price',
  `group_price` decimal(12,4) DEFAULT NULL COMMENT 'Group price'
) ENGINE=InnoDB DEFAULT CHARSET=utf8 COMMENT='Catalog Product Price Indexer Index Table';

--
-- Dumping data for table `catalog_product_index_price_idx`
--

INSERT INTO `catalog_product_index_price_idx` (`entity_id`, `customer_group_id`, `website_id`, `tax_class_id`, `price`, `final_price`, `min_price`, `max_price`, `tier_price`, `group_price`) VALUES
(1, 0, 1, 5, '77.0000', '69.3000', '69.3000', '69.3000', NULL, NULL),
(1, 1, 1, 5, '77.0000', '77.0000', '77.0000', '77.0000', NULL, NULL),
(1, 2, 1, 5, '77.0000', '77.0000', '77.0000', '77.0000', NULL, NULL),
(1, 3, 1, 5, '77.0000', '77.0000', '77.0000', '77.0000', NULL, NULL),
(2, 0, 1, 5, '77.0000', '69.3000', '69.3000', '69.3000', NULL, NULL),
(2, 1, 1, 5, '77.0000', '77.0000', '77.0000', '77.0000', NULL, NULL),
(2, 2, 1, 5, '77.0000', '77.0000', '77.0000', '77.0000', NULL, NULL),
(2, 3, 1, 5, '77.0000', '77.0000', '77.0000', '77.0000', NULL, NULL),
(3, 0, 1, 5, '77.0000', '69.3000', '69.3000', '69.3000', NULL, NULL),
(3, 1, 1, 5, '77.0000', '77.0000', '77.0000', '77.0000', NULL, NULL),
(3, 2, 1, 5, '77.0000', '77.0000', '77.0000', '77.0000', NULL, NULL),
(3, 3, 1, 5, '77.0000', '77.0000', '77.0000', '77.0000', NULL, NULL),
(4, 0, 1, 5, '77.0000', '69.3000', '69.3000', '69.3000', NULL, NULL),
(4, 1, 1, 5, '77.0000', '77.0000', '77.0000', '77.0000', NULL, NULL),
(4, 2, 1, 5, '77.0000', '77.0000', '77.0000', '77.0000', NULL, NULL),
(4, 3, 1, 5, '77.0000', '77.0000', '77.0000', '77.0000', NULL, NULL),
(5, 0, 1, 5, '50.0000', '45.0000', '45.0000', '45.0000', NULL, NULL),
(5, 1, 1, 5, '50.0000', '50.0000', '50.0000', '50.0000', NULL, NULL),
(5, 2, 1, 5, '50.0000', '50.0000', '50.0000', '50.0000', NULL, NULL),
(5, 3, 1, 5, '50.0000', '50.0000', '50.0000', '50.0000', NULL, NULL),
(6, 0, 1, 5, '52.0000', '46.8000', '46.8000', '46.8000', NULL, NULL),
(6, 1, 1, 5, '52.0000', '52.0000', '52.0000', '52.0000', NULL, NULL),
(6, 2, 1, 5, '52.0000', '52.0000', '52.0000', '52.0000', NULL, NULL),
(6, 3, 1, 5, '52.0000', '52.0000', '52.0000', '52.0000', NULL, NULL),
(7, 0, 1, 5, '52.0000', '46.8000', '46.8000', '46.8000', NULL, NULL),
(7, 1, 1, 5, '52.0000', '52.0000', '52.0000', '52.0000', NULL, NULL),
(7, 2, 1, 5, '52.0000', '52.0000', '52.0000', '52.0000', NULL, NULL),
(7, 3, 1, 5, '52.0000', '52.0000', '52.0000', '52.0000', NULL, NULL),
(8, 0, 1, 5, '11.0000', '9.9000', '9.9000', '11.9000', NULL, NULL),
(8, 1, 1, 5, '11.0000', '11.0000', '11.0000', '13.0000', NULL, NULL),
(8, 2, 1, 5, '11.0000', '11.0000', '11.0000', '13.0000', NULL, NULL),
(8, 3, 1, 5, '11.0000', '11.0000', '11.0000', '13.0000', NULL, NULL),
(9, 0, 1, 5, '11.0000', '9.9000', '9.9000', '9.9000', NULL, NULL),
(9, 1, 1, 5, '11.0000', '11.0000', '11.0000', '11.0000', NULL, NULL),
(9, 2, 1, 5, '11.0000', '11.0000', '11.0000', '11.0000', NULL, NULL),
(9, 3, 1, 5, '11.0000', '11.0000', '11.0000', '11.0000', NULL, NULL),
(10, 0, 1, 5, '12.0000', '10.8000', '10.8000', '10.8000', NULL, NULL),
(10, 1, 1, 5, '12.0000', '12.0000', '12.0000', '12.0000', NULL, NULL),
(10, 2, 1, 5, '12.0000', '12.0000', '12.0000', '12.0000', NULL, NULL),
(10, 3, 1, 5, '12.0000', '12.0000', '12.0000', '12.0000', NULL, NULL),
(11, 0, 1, 5, '19.0000', '17.1000', '17.1000', '17.1000', NULL, NULL),
(11, 1, 1, 5, '19.0000', '19.0000', '19.0000', '19.0000', NULL, NULL),
(11, 2, 1, 5, '19.0000', '19.0000', '19.0000', '19.0000', NULL, NULL),
(11, 3, 1, 5, '19.0000', '19.0000', '19.0000', '19.0000', NULL, NULL),
(12, 0, 1, 5, '20.0000', '18.0000', '18.0000', '18.0000', NULL, NULL),
(12, 1, 1, 5, '20.0000', '20.0000', '20.0000', '20.0000', NULL, NULL),
(12, 2, 1, 5, '20.0000', '20.0000', '20.0000', '20.0000', NULL, NULL),
(12, 3, 1, 5, '20.0000', '20.0000', '20.0000', '20.0000', NULL, NULL),
(13, 0, 1, 5, '11.0000', '9.9000', '9.9000', '18.9000', NULL, NULL),
(13, 1, 1, 5, '11.0000', '11.0000', '11.0000', '20.0000', NULL, NULL),
(13, 2, 1, 5, '11.0000', '11.0000', '11.0000', '20.0000', NULL, NULL),
(13, 3, 1, 5, '11.0000', '11.0000', '11.0000', '20.0000', NULL, NULL),
(14, 0, 1, 5, '9.0000', '8.1000', '8.1000', '8.1000', NULL, NULL),
(14, 1, 1, 5, '9.0000', '9.0000', '9.0000', '9.0000', NULL, NULL),
(14, 2, 1, 5, '9.0000', '9.0000', '9.0000', '9.0000', NULL, NULL),
(14, 3, 1, 5, '9.0000', '9.0000', '9.0000', '9.0000', NULL, NULL),
(15, 0, 1, 5, '11.0000', '9.9000', '9.9000', '9.9000', NULL, NULL),
(15, 1, 1, 5, '11.0000', '11.0000', '11.0000', '11.0000', NULL, NULL),
(15, 2, 1, 5, '11.0000', '11.0000', '11.0000', '11.0000', NULL, NULL),
(15, 3, 1, 5, '11.0000', '11.0000', '11.0000', '11.0000', NULL, NULL),
(16, 0, 1, 5, '11.0000', '9.9000', '9.9000', '9.9000', NULL, NULL),
(16, 1, 1, 5, '11.0000', '11.0000', '11.0000', '11.0000', NULL, NULL),
(16, 2, 1, 5, '11.0000', '11.0000', '11.0000', '11.0000', NULL, NULL),
(16, 3, 1, 5, '11.0000', '11.0000', '11.0000', '11.0000', NULL, NULL),
(17, 0, 1, 5, '14.0000', '12.6000', '12.6000', '12.6000', NULL, NULL),
(17, 1, 1, 5, '14.0000', '14.0000', '14.0000', '14.0000', NULL, NULL),
(17, 2, 1, 5, '14.0000', '14.0000', '14.0000', '14.0000', NULL, NULL),
(17, 3, 1, 5, '14.0000', '14.0000', '14.0000', '14.0000', NULL, NULL),
(18, 0, 1, 5, '9.0000', '8.1000', '8.1000', '10.1000', NULL, NULL),
(18, 1, 1, 5, '9.0000', '9.0000', '9.0000', '11.0000', NULL, NULL),
(18, 2, 1, 5, '9.0000', '9.0000', '9.0000', '11.0000', NULL, NULL),
(18, 3, 1, 5, '9.0000', '9.0000', '9.0000', '11.0000', NULL, NULL),
(19, 0, 1, 5, '27.0000', '24.3000', '24.3000', '24.3000', NULL, NULL),
(19, 1, 1, 5, '27.0000', '27.0000', '27.0000', '27.0000', NULL, NULL),
(19, 2, 1, 5, '27.0000', '27.0000', '27.0000', '27.0000', NULL, NULL),
(19, 3, 1, 5, '27.0000', '27.0000', '27.0000', '27.0000', NULL, NULL),
(20, 0, 1, 5, '32.0000', '28.8000', '28.8000', '28.8000', NULL, NULL),
(20, 1, 1, 5, '32.0000', '32.0000', '32.0000', '32.0000', NULL, NULL),
(20, 2, 1, 5, '32.0000', '32.0000', '32.0000', '32.0000', NULL, NULL),
(20, 3, 1, 5, '32.0000', '32.0000', '32.0000', '32.0000', NULL, NULL),
(21, 0, 1, 5, '27.0000', '24.3000', '24.3000', '29.3000', NULL, NULL),
(21, 1, 1, 5, '27.0000', '27.0000', '27.0000', '32.0000', NULL, NULL),
(21, 2, 1, 5, '27.0000', '27.0000', '27.0000', '32.0000', NULL, NULL),
(21, 3, 1, 5, '27.0000', '27.0000', '27.0000', '32.0000', NULL, NULL),
(22, 0, 1, 5, '17.0000', '15.3000', '15.3000', '15.3000', NULL, NULL),
(22, 1, 1, 5, '17.0000', '17.0000', '17.0000', '17.0000', NULL, NULL),
(22, 2, 1, 5, '17.0000', '17.0000', '17.0000', '17.0000', NULL, NULL),
(22, 3, 1, 5, '17.0000', '17.0000', '17.0000', '17.0000', NULL, NULL),
(23, 0, 1, 5, '20.0000', '18.0000', '18.0000', '18.0000', NULL, NULL),
(23, 1, 1, 5, '20.0000', '20.0000', '20.0000', '20.0000', NULL, NULL),
(23, 2, 1, 5, '20.0000', '20.0000', '20.0000', '20.0000', NULL, NULL),
(23, 3, 1, 5, '20.0000', '20.0000', '20.0000', '20.0000', NULL, NULL),
(24, 0, 1, 5, '22.0000', '19.8000', '19.8000', '19.8000', NULL, NULL),
(24, 1, 1, 5, '22.0000', '22.0000', '22.0000', '22.0000', NULL, NULL),
(24, 2, 1, 5, '22.0000', '22.0000', '22.0000', '22.0000', NULL, NULL),
(24, 3, 1, 5, '22.0000', '22.0000', '22.0000', '22.0000', NULL, NULL),
(25, 0, 1, 5, '23.0000', '20.7000', '20.7000', '20.7000', NULL, NULL),
(25, 1, 1, 5, '23.0000', '23.0000', '23.0000', '23.0000', NULL, NULL),
(25, 2, 1, 5, '23.0000', '23.0000', '23.0000', '23.0000', NULL, NULL),
(25, 3, 1, 5, '23.0000', '23.0000', '23.0000', '23.0000', NULL, NULL),
(26, 0, 1, 5, '26.0000', '23.4000', '23.4000', '23.4000', NULL, NULL),
(26, 1, 1, 5, '26.0000', '26.0000', '26.0000', '26.0000', NULL, NULL),
(26, 2, 1, 5, '26.0000', '26.0000', '26.0000', '26.0000', NULL, NULL),
(26, 3, 1, 5, '26.0000', '26.0000', '26.0000', '26.0000', NULL, NULL),
(27, 0, 1, 5, '28.0000', '25.2000', '25.2000', '25.2000', NULL, NULL),
(27, 1, 1, 5, '28.0000', '28.0000', '28.0000', '28.0000', NULL, NULL),
(27, 2, 1, 5, '28.0000', '28.0000', '28.0000', '28.0000', NULL, NULL),
(27, 3, 1, 5, '28.0000', '28.0000', '28.0000', '28.0000', NULL, NULL),
(28, 0, 1, 5, '30.0000', '27.0000', '27.0000', '27.0000', NULL, NULL),
(28, 1, 1, 5, '30.0000', '30.0000', '30.0000', '30.0000', NULL, NULL),
(28, 2, 1, 5, '30.0000', '30.0000', '30.0000', '30.0000', NULL, NULL),
(28, 3, 1, 5, '30.0000', '30.0000', '30.0000', '30.0000', NULL, NULL),
(29, 0, 1, 5, '17.0000', '15.3000', '15.3000', '28.3000', NULL, NULL),
(29, 1, 1, 5, '17.0000', '17.0000', '17.0000', '30.0000', NULL, NULL),
(29, 2, 1, 5, '17.0000', '17.0000', '17.0000', '30.0000', NULL, NULL),
(29, 3, 1, 5, '17.0000', '17.0000', '17.0000', '30.0000', NULL, NULL),
(30, 0, 1, 5, '21.0000', '18.9000', '18.9000', '18.9000', NULL, NULL),
(30, 1, 1, 5, '21.0000', '21.0000', '21.0000', '21.0000', NULL, NULL),
(30, 2, 1, 5, '21.0000', '21.0000', '21.0000', '21.0000', NULL, NULL),
(30, 3, 1, 5, '21.0000', '21.0000', '21.0000', '21.0000', NULL, NULL),
(31, 0, 1, 5, '23.0000', '20.7000', '20.7000', '20.7000', NULL, NULL),
(31, 1, 1, 5, '23.0000', '23.0000', '23.0000', '23.0000', NULL, NULL),
(31, 2, 1, 5, '23.0000', '23.0000', '23.0000', '23.0000', NULL, NULL),
(31, 3, 1, 5, '23.0000', '23.0000', '23.0000', '23.0000', NULL, NULL),
(32, 0, 1, 5, '24.0000', '21.6000', '21.6000', '21.6000', NULL, NULL),
(32, 1, 1, 5, '24.0000', '24.0000', '24.0000', '24.0000', NULL, NULL),
(32, 2, 1, 5, '24.0000', '24.0000', '24.0000', '24.0000', NULL, NULL),
(32, 3, 1, 5, '24.0000', '24.0000', '24.0000', '24.0000', NULL, NULL),
(33, 0, 1, 5, '27.0000', '24.3000', '24.3000', '24.3000', NULL, NULL),
(33, 1, 1, 5, '27.0000', '27.0000', '27.0000', '27.0000', NULL, NULL),
(33, 2, 1, 5, '27.0000', '27.0000', '27.0000', '27.0000', NULL, NULL),
(33, 3, 1, 5, '27.0000', '27.0000', '27.0000', '27.0000', NULL, NULL),
(34, 0, 1, 5, '33.0000', '29.7000', '29.7000', '29.7000', NULL, NULL),
(34, 1, 1, 5, '33.0000', '33.0000', '33.0000', '33.0000', NULL, NULL),
(34, 2, 1, 5, '33.0000', '33.0000', '33.0000', '33.0000', NULL, NULL),
(34, 3, 1, 5, '33.0000', '33.0000', '33.0000', '33.0000', NULL, NULL),
(35, 0, 1, 5, '21.0000', '18.9000', '18.9000', '30.9000', NULL, NULL),
(35, 1, 1, 5, '21.0000', '21.0000', '21.0000', '33.0000', NULL, NULL),
(35, 2, 1, 5, '21.0000', '21.0000', '21.0000', '33.0000', NULL, NULL),
(35, 3, 1, 5, '21.0000', '21.0000', '21.0000', '33.0000', NULL, NULL),
(36, 0, 1, 5, '23.0000', '20.7000', '20.7000', '20.7000', NULL, NULL),
(36, 1, 1, 5, '23.0000', '23.0000', '23.0000', '23.0000', NULL, NULL),
(36, 2, 1, 5, '23.0000', '23.0000', '23.0000', '23.0000', NULL, NULL),
(36, 3, 1, 5, '23.0000', '23.0000', '23.0000', '23.0000', NULL, NULL),
(37, 0, 1, 5, '27.0000', '24.3000', '24.3000', '24.3000', NULL, NULL),
(37, 1, 1, 5, '27.0000', '27.0000', '27.0000', '27.0000', NULL, NULL),
(37, 2, 1, 5, '27.0000', '27.0000', '27.0000', '27.0000', NULL, NULL),
(37, 3, 1, 5, '27.0000', '27.0000', '27.0000', '27.0000', NULL, NULL),
(38, 0, 1, 5, '36.0000', '32.4000', '32.4000', '32.4000', NULL, NULL),
(38, 1, 1, 5, '36.0000', '36.0000', '36.0000', '36.0000', NULL, NULL),
(38, 2, 1, 5, '36.0000', '36.0000', '36.0000', '36.0000', NULL, NULL),
(38, 3, 1, 5, '36.0000', '36.0000', '36.0000', '36.0000', NULL, NULL),
(39, 0, 1, 5, '23.0000', '20.7000', '20.7000', '33.7000', NULL, NULL),
(39, 1, 1, 5, '23.0000', '23.0000', '23.0000', '36.0000', NULL, NULL),
(39, 2, 1, 5, '23.0000', '23.0000', '23.0000', '36.0000', NULL, NULL),
(39, 3, 1, 5, '23.0000', '23.0000', '23.0000', '36.0000', NULL, NULL),
(40, 0, 1, 5, '18.0000', '16.2000', '16.2000', '16.2000', NULL, NULL),
(40, 1, 1, 5, '18.0000', '18.0000', '18.0000', '18.0000', NULL, NULL),
(40, 2, 1, 5, '18.0000', '18.0000', '18.0000', '18.0000', NULL, NULL),
(40, 3, 1, 5, '18.0000', '18.0000', '18.0000', '18.0000', NULL, NULL),
(41, 0, 1, 5, '22.0000', '19.8000', '19.8000', '19.8000', NULL, NULL),
(41, 1, 1, 5, '22.0000', '22.0000', '22.0000', '22.0000', NULL, NULL),
(41, 2, 1, 5, '22.0000', '22.0000', '22.0000', '22.0000', NULL, NULL),
(41, 3, 1, 5, '22.0000', '22.0000', '22.0000', '22.0000', NULL, NULL),
(42, 0, 1, 5, '18.0000', '16.2000', '16.2000', '20.2000', NULL, NULL),
(42, 1, 1, 5, '18.0000', '18.0000', '18.0000', '22.0000', NULL, NULL),
(42, 2, 1, 5, '18.0000', '18.0000', '18.0000', '22.0000', NULL, NULL),
(42, 3, 1, 5, '18.0000', '18.0000', '18.0000', '22.0000', NULL, NULL),
(43, 0, 1, 5, '26.0000', '23.4000', '23.4000', '23.4000', NULL, NULL),
(43, 1, 1, 5, '26.0000', '26.0000', '26.0000', '26.0000', NULL, NULL),
(43, 2, 1, 5, '26.0000', '26.0000', '26.0000', '26.0000', NULL, NULL),
(43, 3, 1, 5, '26.0000', '26.0000', '26.0000', '26.0000', NULL, NULL),
(44, 0, 1, 5, '27.0000', '24.3000', '24.3000', '24.3000', NULL, NULL),
(44, 1, 1, 5, '27.0000', '27.0000', '27.0000', '27.0000', NULL, NULL),
(44, 2, 1, 5, '27.0000', '27.0000', '27.0000', '27.0000', NULL, NULL),
(44, 3, 1, 5, '27.0000', '27.0000', '27.0000', '27.0000', NULL, NULL),
(45, 0, 1, 5, '30.0000', '27.0000', '27.0000', '27.0000', NULL, NULL),
(45, 1, 1, 5, '30.0000', '30.0000', '30.0000', '30.0000', NULL, NULL),
(45, 2, 1, 5, '30.0000', '30.0000', '30.0000', '30.0000', NULL, NULL),
(45, 3, 1, 5, '30.0000', '30.0000', '30.0000', '30.0000', NULL, NULL),
(46, 0, 1, 5, '26.0000', '23.4000', '23.4000', '27.4000', NULL, NULL),
(46, 1, 1, 5, '26.0000', '26.0000', '26.0000', '30.0000', NULL, NULL),
(46, 2, 1, 5, '26.0000', '26.0000', '26.0000', '30.0000', NULL, NULL),
(46, 3, 1, 5, '26.0000', '26.0000', '26.0000', '30.0000', NULL, NULL),
(47, 0, 1, 5, '8.0000', '7.2000', '7.2000', '7.2000', NULL, NULL),
(47, 1, 1, 5, '8.0000', '8.0000', '8.0000', '8.0000', NULL, NULL),
(47, 2, 1, 5, '8.0000', '8.0000', '8.0000', '8.0000', NULL, NULL),
(47, 3, 1, 5, '8.0000', '8.0000', '8.0000', '8.0000', NULL, NULL),
(48, 0, 1, 5, '9.0000', '8.1000', '8.1000', '8.1000', NULL, NULL),
(48, 1, 1, 5, '9.0000', '9.0000', '9.0000', '9.0000', NULL, NULL),
(48, 2, 1, 5, '9.0000', '9.0000', '9.0000', '9.0000', NULL, NULL),
(48, 3, 1, 5, '9.0000', '9.0000', '9.0000', '9.0000', NULL, NULL),
(49, 0, 1, 5, '330.0000', '297.0000', '297.0000', '297.0000', NULL, NULL),
(49, 1, 1, 5, '330.0000', '330.0000', '330.0000', '330.0000', NULL, NULL),
(49, 2, 1, 5, '330.0000', '330.0000', '330.0000', '330.0000', NULL, NULL),
(49, 3, 1, 5, '330.0000', '330.0000', '330.0000', '330.0000', NULL, NULL),
(50, 0, 1, 5, '8.0000', '7.2000', '7.2000', '229.2000', NULL, NULL),
(50, 1, 1, 5, '8.0000', '8.0000', '8.0000', '230.0000', NULL, NULL),
(50, 2, 1, 5, '8.0000', '8.0000', '8.0000', '230.0000', NULL, NULL),
(50, 3, 1, 5, '8.0000', '8.0000', '8.0000', '230.0000', NULL, NULL),
(51, 0, 1, 5, '74.0000', '66.6000', '66.6000', '66.6000', NULL, NULL),
(51, 1, 1, 5, '74.0000', '74.0000', '74.0000', '74.0000', NULL, NULL),
(51, 2, 1, 5, '74.0000', '74.0000', '74.0000', '74.0000', NULL, NULL),
(51, 3, 1, 5, '74.0000', '74.0000', '74.0000', '74.0000', NULL, NULL),
(52, 0, 1, 5, '84.0000', '75.6000', '75.6000', '75.6000', NULL, NULL),
(52, 1, 1, 5, '84.0000', '84.0000', '84.0000', '84.0000', NULL, NULL),
(52, 2, 1, 5, '84.0000', '84.0000', '84.0000', '84.0000', NULL, NULL),
(52, 3, 1, 5, '84.0000', '84.0000', '84.0000', '84.0000', NULL, NULL),
(53, 0, 1, 5, '290.0000', '261.0000', '261.0000', '261.0000', NULL, NULL),
(53, 1, 1, 5, '290.0000', '290.0000', '290.0000', '290.0000', NULL, NULL),
(53, 2, 1, 5, '290.0000', '290.0000', '290.0000', '290.0000', NULL, NULL),
(53, 3, 1, 5, '290.0000', '290.0000', '290.0000', '290.0000', NULL, NULL),
(54, 0, 1, 5, '74.0000', '66.6000', '66.6000', '282.6000', NULL, NULL),
(54, 1, 1, 5, '74.0000', '74.0000', '74.0000', '290.0000', NULL, NULL),
(54, 2, 1, 5, '74.0000', '74.0000', '74.0000', '290.0000', NULL, NULL),
(54, 3, 1, 5, '74.0000', '74.0000', '74.0000', '290.0000', NULL, NULL),
(58, 0, 1, 5, '250.0000', '225.0000', '225.0000', '225.0000', NULL, NULL),
(58, 1, 1, 5, '250.0000', '250.0000', '250.0000', '250.0000', NULL, NULL),
(58, 2, 1, 5, '250.0000', '250.0000', '250.0000', '250.0000', NULL, NULL),
(58, 3, 1, 5, '250.0000', '250.0000', '250.0000', '250.0000', NULL, NULL),
(59, 0, 1, 5, '258.0000', '232.2000', '232.2000', '232.2000', NULL, NULL),
(59, 1, 1, 5, '258.0000', '258.0000', '258.0000', '258.0000', NULL, NULL),
(59, 2, 1, 5, '258.0000', '258.0000', '258.0000', '258.0000', NULL, NULL),
(59, 3, 1, 5, '258.0000', '258.0000', '258.0000', '258.0000', NULL, NULL),
(60, 0, 1, 5, '278.0000', '250.2000', '250.2000', '250.2000', NULL, NULL),
(60, 1, 1, 5, '278.0000', '278.0000', '278.0000', '278.0000', NULL, NULL),
(60, 2, 1, 5, '278.0000', '278.0000', '278.0000', '278.0000', NULL, NULL),
(60, 3, 1, 5, '278.0000', '278.0000', '278.0000', '278.0000', NULL, NULL),
(61, 0, 1, 5, '310.0000', '279.0000', '279.0000', '279.0000', NULL, NULL),
(61, 1, 1, 5, '310.0000', '310.0000', '310.0000', '310.0000', NULL, NULL),
(61, 2, 1, 5, '310.0000', '310.0000', '310.0000', '310.0000', NULL, NULL),
(61, 3, 1, 5, '310.0000', '310.0000', '310.0000', '310.0000', NULL, NULL),
(62, 0, 1, 5, '323.0000', '290.7000', '290.7000', '290.7000', NULL, NULL),
(62, 1, 1, 5, '323.0000', '323.0000', '323.0000', '323.0000', NULL, NULL),
(62, 2, 1, 5, '323.0000', '323.0000', '323.0000', '323.0000', NULL, NULL),
(62, 3, 1, 5, '323.0000', '323.0000', '323.0000', '323.0000', NULL, NULL),
(64, 0, 1, 5, '114.0000', '102.6000', '102.6000', '102.6000', NULL, NULL),
(64, 1, 1, 5, '114.0000', '114.0000', '114.0000', '114.0000', NULL, NULL),
(64, 2, 1, 5, '114.0000', '114.0000', '114.0000', '114.0000', NULL, NULL),
(64, 3, 1, 5, '114.0000', '114.0000', '114.0000', '114.0000', NULL, NULL),
(65, 0, 1, 5, '114.0000', '102.6000', '102.6000', '102.6000', NULL, NULL),
(65, 1, 1, 5, '114.0000', '114.0000', '114.0000', '114.0000', NULL, NULL),
(65, 2, 1, 5, '114.0000', '114.0000', '114.0000', '114.0000', NULL, NULL),
(65, 3, 1, 5, '114.0000', '114.0000', '114.0000', '114.0000', NULL, NULL),
(66, 0, 1, 5, '114.0000', '102.6000', '102.6000', '102.6000', NULL, NULL),
(66, 1, 1, 5, '114.0000', '114.0000', '114.0000', '114.0000', NULL, NULL),
(66, 2, 1, 5, '114.0000', '114.0000', '114.0000', '114.0000', NULL, NULL),
(66, 3, 1, 5, '114.0000', '114.0000', '114.0000', '114.0000', NULL, NULL),
(67, 0, 1, 5, '114.0000', '102.6000', '102.6000', '102.6000', NULL, NULL),
(67, 1, 1, 5, '114.0000', '114.0000', '114.0000', '114.0000', NULL, NULL),
(67, 2, 1, 5, '114.0000', '114.0000', '114.0000', '114.0000', NULL, NULL),
(67, 3, 1, 5, '114.0000', '114.0000', '114.0000', '114.0000', NULL, NULL),
(68, 0, 1, 5, '114.0000', '102.6000', '102.6000', '102.6000', NULL, NULL),
(68, 1, 1, 5, '114.0000', '114.0000', '114.0000', '114.0000', NULL, NULL),
(68, 2, 1, 5, '114.0000', '114.0000', '114.0000', '114.0000', NULL, NULL),
(68, 3, 1, 5, '114.0000', '114.0000', '114.0000', '114.0000', NULL, NULL),
(69, 0, 1, 5, '114.0000', '102.6000', '102.6000', '102.6000', NULL, NULL),
(69, 1, 1, 5, '114.0000', '114.0000', '114.0000', '114.0000', NULL, NULL),
(69, 2, 1, 5, '114.0000', '114.0000', '114.0000', '114.0000', NULL, NULL),
(69, 3, 1, 5, '114.0000', '114.0000', '114.0000', '114.0000', NULL, NULL),
(70, 0, 1, 5, '114.0000', '102.6000', '102.6000', '102.6000', NULL, NULL),
(70, 1, 1, 5, '114.0000', '114.0000', '114.0000', '114.0000', NULL, NULL),
(70, 2, 1, 5, '114.0000', '114.0000', '114.0000', '114.0000', NULL, NULL),
(70, 3, 1, 5, '114.0000', '114.0000', '114.0000', '114.0000', NULL, NULL),
(71, 0, 1, 5, '114.0000', '102.6000', '102.6000', '102.6000', NULL, NULL),
(71, 1, 1, 5, '114.0000', '114.0000', '114.0000', '114.0000', NULL, NULL),
(71, 2, 1, 5, '114.0000', '114.0000', '114.0000', '114.0000', NULL, NULL),
(71, 3, 1, 5, '114.0000', '114.0000', '114.0000', '114.0000', NULL, NULL),
(72, 0, 1, 5, '114.0000', '102.6000', '102.6000', '102.6000', NULL, NULL),
(72, 1, 1, 5, '114.0000', '114.0000', '114.0000', '114.0000', NULL, NULL),
(72, 2, 1, 5, '114.0000', '114.0000', '114.0000', '114.0000', NULL, NULL),
(72, 3, 1, 5, '114.0000', '114.0000', '114.0000', '114.0000', NULL, NULL),
(73, 0, 1, 5, '114.0000', '102.6000', '102.6000', '102.6000', NULL, NULL),
(73, 1, 1, 5, '114.0000', '114.0000', '114.0000', '114.0000', NULL, NULL),
(73, 2, 1, 5, '114.0000', '114.0000', '114.0000', '114.0000', NULL, NULL),
(73, 3, 1, 5, '114.0000', '114.0000', '114.0000', '114.0000', NULL, NULL),
(74, 0, 1, 5, '320.0000', '288.0000', '288.0000', '288.0000', NULL, NULL),
(74, 1, 1, 5, '320.0000', '320.0000', '320.0000', '320.0000', NULL, NULL),
(74, 2, 1, 5, '320.0000', '320.0000', '320.0000', '320.0000', NULL, NULL),
(74, 3, 1, 5, '320.0000', '320.0000', '320.0000', '320.0000', NULL, NULL),
(75, 0, 1, 5, '344.0000', '309.6000', '309.6000', '309.6000', NULL, NULL),
(75, 1, 1, 5, '344.0000', '344.0000', '344.0000', '344.0000', NULL, NULL),
(75, 2, 1, 5, '344.0000', '344.0000', '344.0000', '344.0000', NULL, NULL),
(75, 3, 1, 5, '344.0000', '344.0000', '344.0000', '344.0000', NULL, NULL),
(76, 0, 1, 5, '370.0000', '333.0000', '333.0000', '333.0000', NULL, NULL),
(76, 1, 1, 5, '370.0000', '370.0000', '370.0000', '370.0000', NULL, NULL),
(76, 2, 1, 5, '370.0000', '370.0000', '370.0000', '370.0000', NULL, NULL),
(76, 3, 1, 5, '370.0000', '370.0000', '370.0000', '370.0000', NULL, NULL),
(77, 0, 1, 5, '386.0000', '347.4000', '347.4000', '347.4000', NULL, NULL),
(77, 1, 1, 5, '386.0000', '386.0000', '386.0000', '386.0000', NULL, NULL),
(77, 2, 1, 5, '386.0000', '386.0000', '386.0000', '386.0000', NULL, NULL),
(77, 3, 1, 5, '386.0000', '386.0000', '386.0000', '386.0000', NULL, NULL),
(78, 0, 1, 5, '320.0000', '288.0000', '288.0000', '288.0000', NULL, NULL),
(78, 1, 1, 5, '320.0000', '320.0000', '320.0000', '320.0000', NULL, NULL),
(78, 2, 1, 5, '320.0000', '320.0000', '320.0000', '320.0000', NULL, NULL),
(78, 3, 1, 5, '320.0000', '320.0000', '320.0000', '320.0000', NULL, NULL),
(79, 0, 1, 5, '344.0000', '309.6000', '309.6000', '309.6000', NULL, NULL),
(79, 1, 1, 5, '344.0000', '344.0000', '344.0000', '344.0000', NULL, NULL),
(79, 2, 1, 5, '344.0000', '344.0000', '344.0000', '344.0000', NULL, NULL),
(79, 3, 1, 5, '344.0000', '344.0000', '344.0000', '344.0000', NULL, NULL),
(80, 0, 1, 5, '370.0000', '333.0000', '333.0000', '333.0000', NULL, NULL),
(80, 1, 1, 5, '370.0000', '370.0000', '370.0000', '370.0000', NULL, NULL),
(80, 2, 1, 5, '370.0000', '370.0000', '370.0000', '370.0000', NULL, NULL),
(80, 3, 1, 5, '370.0000', '370.0000', '370.0000', '370.0000', NULL, NULL),
(81, 0, 1, 5, '386.0000', '347.4000', '347.4000', '347.4000', NULL, NULL),
(81, 1, 1, 5, '386.0000', '386.0000', '386.0000', '386.0000', NULL, NULL),
(81, 2, 1, 5, '386.0000', '386.0000', '386.0000', '386.0000', NULL, NULL),
(81, 3, 1, 5, '386.0000', '386.0000', '386.0000', '386.0000', NULL, NULL),
(82, 0, 1, 5, '320.0000', '288.0000', '288.0000', '354.0000', NULL, NULL),
(82, 1, 1, 5, '320.0000', '320.0000', '320.0000', '386.0000', NULL, NULL),
(82, 2, 1, 5, '320.0000', '320.0000', '320.0000', '386.0000', NULL, NULL),
(82, 3, 1, 5, '320.0000', '320.0000', '320.0000', '386.0000', NULL, NULL),
(83, 0, 1, 5, '203.0000', '182.7000', '182.7000', '182.7000', NULL, NULL),
(83, 1, 1, 5, '203.0000', '203.0000', '203.0000', '203.0000', NULL, NULL),
(83, 2, 1, 5, '203.0000', '203.0000', '203.0000', '203.0000', NULL, NULL),
(83, 3, 1, 5, '203.0000', '203.0000', '203.0000', '203.0000', NULL, NULL),
(84, 0, 1, 5, '216.0000', '194.4000', '194.4000', '194.4000', NULL, NULL),
(84, 1, 1, 5, '216.0000', '216.0000', '216.0000', '216.0000', NULL, NULL),
(84, 2, 1, 5, '216.0000', '216.0000', '216.0000', '216.0000', NULL, NULL),
(84, 3, 1, 5, '216.0000', '216.0000', '216.0000', '216.0000', NULL, NULL),
(85, 0, 1, 5, '269.0000', '242.1000', '242.1000', '242.1000', NULL, NULL),
(85, 1, 1, 5, '269.0000', '269.0000', '269.0000', '269.0000', NULL, NULL),
(85, 2, 1, 5, '269.0000', '269.0000', '269.0000', '269.0000', NULL, NULL),
(85, 3, 1, 5, '269.0000', '269.0000', '269.0000', '269.0000', NULL, NULL),
(86, 0, 1, 5, '203.0000', '182.7000', '182.7000', '248.7000', NULL, NULL),
(86, 1, 1, 5, '203.0000', '203.0000', '203.0000', '269.0000', NULL, NULL),
(86, 2, 1, 5, '203.0000', '203.0000', '203.0000', '269.0000', NULL, NULL),
(86, 3, 1, 5, '203.0000', '203.0000', '203.0000', '269.0000', NULL, NULL),
(87, 0, 1, 5, '218.0000', '196.2000', '196.2000', '196.2000', NULL, NULL),
(87, 1, 1, 5, '218.0000', '218.0000', '218.0000', '218.0000', NULL, NULL),
(87, 2, 1, 5, '218.0000', '218.0000', '218.0000', '218.0000', NULL, NULL),
(87, 3, 1, 5, '218.0000', '218.0000', '218.0000', '218.0000', NULL, NULL),
(88, 0, 1, 5, '231.0000', '207.9000', '207.9000', '207.9000', NULL, NULL),
(88, 1, 1, 5, '231.0000', '231.0000', '231.0000', '231.0000', NULL, NULL),
(88, 2, 1, 5, '231.0000', '231.0000', '231.0000', '231.0000', NULL, NULL),
(88, 3, 1, 5, '231.0000', '231.0000', '231.0000', '231.0000', NULL, NULL),
(89, 0, 1, 5, '257.0000', '231.3000', '231.3000', '231.3000', NULL, NULL),
(89, 1, 1, 5, '257.0000', '257.0000', '257.0000', '257.0000', NULL, NULL),
(89, 2, 1, 5, '257.0000', '257.0000', '257.0000', '257.0000', NULL, NULL),
(89, 3, 1, 5, '257.0000', '257.0000', '257.0000', '257.0000', NULL, NULL),
(90, 0, 1, 5, '284.0000', '255.6000', '255.6000', '255.6000', NULL, NULL),
(90, 1, 1, 5, '284.0000', '284.0000', '284.0000', '284.0000', NULL, NULL),
(90, 2, 1, 5, '284.0000', '284.0000', '284.0000', '284.0000', NULL, NULL),
(90, 3, 1, 5, '284.0000', '284.0000', '284.0000', '284.0000', NULL, NULL),
(91, 0, 1, 5, '218.0000', '196.2000', '196.2000', '262.2000', NULL, NULL),
(91, 1, 1, 5, '218.0000', '218.0000', '218.0000', '284.0000', NULL, NULL),
(91, 2, 1, 5, '218.0000', '218.0000', '218.0000', '284.0000', NULL, NULL),
(91, 3, 1, 5, '218.0000', '218.0000', '218.0000', '284.0000', NULL, NULL),
(92, 0, 1, 5, '218.0000', '196.2000', '196.2000', '196.2000', NULL, NULL),
(92, 1, 1, 5, '218.0000', '218.0000', '218.0000', '218.0000', NULL, NULL),
(92, 2, 1, 5, '218.0000', '218.0000', '218.0000', '218.0000', NULL, NULL),
(92, 3, 1, 5, '218.0000', '218.0000', '218.0000', '218.0000', NULL, NULL),
(93, 0, 1, 5, '231.0000', '207.9000', '207.9000', '207.9000', NULL, NULL),
(93, 1, 1, 5, '231.0000', '231.0000', '231.0000', '231.0000', NULL, NULL),
(93, 2, 1, 5, '231.0000', '231.0000', '231.0000', '231.0000', NULL, NULL),
(93, 3, 1, 5, '231.0000', '231.0000', '231.0000', '231.0000', NULL, NULL),
(94, 0, 1, 5, '257.0000', '231.3000', '231.3000', '231.3000', NULL, NULL),
(94, 1, 1, 5, '257.0000', '257.0000', '257.0000', '257.0000', NULL, NULL),
(94, 2, 1, 5, '257.0000', '257.0000', '257.0000', '257.0000', NULL, NULL),
(94, 3, 1, 5, '257.0000', '257.0000', '257.0000', '257.0000', NULL, NULL),
(95, 0, 1, 5, '284.0000', '255.6000', '255.6000', '255.6000', NULL, NULL),
(95, 1, 1, 5, '284.0000', '284.0000', '284.0000', '284.0000', NULL, NULL),
(95, 2, 1, 5, '284.0000', '284.0000', '284.0000', '284.0000', NULL, NULL),
(95, 3, 1, 5, '284.0000', '284.0000', '284.0000', '284.0000', NULL, NULL),
(96, 0, 1, 5, '185.0000', '166.5000', '166.5000', '166.5000', NULL, NULL),
(96, 1, 1, 5, '185.0000', '185.0000', '185.0000', '185.0000', NULL, NULL),
(96, 2, 1, 5, '185.0000', '185.0000', '185.0000', '185.0000', NULL, NULL),
(96, 3, 1, 5, '185.0000', '185.0000', '185.0000', '185.0000', NULL, NULL),
(97, 0, 1, 5, '207.0000', '186.3000', '186.3000', '186.3000', NULL, NULL),
(97, 1, 1, 5, '207.0000', '207.0000', '207.0000', '207.0000', NULL, NULL),
(97, 2, 1, 5, '207.0000', '207.0000', '207.0000', '207.0000', NULL, NULL),
(97, 3, 1, 5, '207.0000', '207.0000', '207.0000', '207.0000', NULL, NULL),
(98, 0, 1, 5, '244.0000', '219.6000', '219.6000', '219.6000', NULL, NULL),
(98, 1, 1, 5, '244.0000', '244.0000', '244.0000', '244.0000', NULL, NULL),
(98, 2, 1, 5, '244.0000', '244.0000', '244.0000', '244.0000', NULL, NULL),
(98, 3, 1, 5, '244.0000', '244.0000', '244.0000', '244.0000', NULL, NULL),
(99, 0, 1, 5, '196.0000', '176.4000', '176.4000', '176.4000', NULL, NULL),
(99, 1, 1, 5, '196.0000', '196.0000', '196.0000', '196.0000', NULL, NULL),
(99, 2, 1, 5, '196.0000', '196.0000', '196.0000', '196.0000', NULL, NULL),
(99, 3, 1, 5, '196.0000', '196.0000', '196.0000', '196.0000', NULL, NULL),
(100, 0, 1, 5, '216.0000', '194.4000', '194.4000', '194.4000', NULL, NULL),
(100, 1, 1, 5, '216.0000', '216.0000', '216.0000', '216.0000', NULL, NULL),
(100, 2, 1, 5, '216.0000', '216.0000', '216.0000', '216.0000', NULL, NULL),
(100, 3, 1, 5, '216.0000', '216.0000', '216.0000', '216.0000', NULL, NULL),
(101, 0, 1, 5, '164.0000', '147.6000', '147.6000', '147.6000', NULL, NULL),
(101, 1, 1, 5, '164.0000', '164.0000', '164.0000', '164.0000', NULL, NULL),
(101, 2, 1, 5, '164.0000', '164.0000', '164.0000', '164.0000', NULL, NULL),
(101, 3, 1, 5, '164.0000', '164.0000', '164.0000', '164.0000', NULL, NULL),
(102, 0, 1, 5, '212.0000', '190.8000', '190.8000', '190.8000', NULL, NULL),
(102, 1, 1, 5, '212.0000', '212.0000', '212.0000', '212.0000', NULL, NULL),
(102, 2, 1, 5, '212.0000', '212.0000', '212.0000', '212.0000', NULL, NULL),
(102, 3, 1, 5, '212.0000', '212.0000', '212.0000', '212.0000', NULL, NULL),
(103, 0, 1, 5, '239.0000', '215.1000', '215.1000', '215.1000', NULL, NULL),
(103, 1, 1, 5, '239.0000', '239.0000', '239.0000', '239.0000', NULL, NULL),
(103, 2, 1, 5, '239.0000', '239.0000', '239.0000', '239.0000', NULL, NULL),
(103, 3, 1, 5, '239.0000', '239.0000', '239.0000', '239.0000', NULL, NULL),
(104, 0, 1, 5, '284.0000', '255.6000', '255.6000', '255.6000', NULL, NULL),
(104, 1, 1, 5, '284.0000', '284.0000', '284.0000', '284.0000', NULL, NULL),
(104, 2, 1, 5, '284.0000', '284.0000', '284.0000', '284.0000', NULL, NULL),
(104, 3, 1, 5, '284.0000', '284.0000', '284.0000', '284.0000', NULL, NULL),
(105, 0, 1, 5, '164.0000', '147.6000', '147.6000', '267.6000', NULL, NULL),
(105, 1, 1, 5, '164.0000', '164.0000', '164.0000', '284.0000', NULL, NULL),
(105, 2, 1, 5, '164.0000', '164.0000', '164.0000', '284.0000', NULL, NULL),
(105, 3, 1, 5, '164.0000', '164.0000', '164.0000', '284.0000', NULL, NULL),
(106, 0, 1, 5, '147.0000', '132.3000', '132.3000', '132.3000', NULL, NULL),
(106, 1, 1, 5, '147.0000', '147.0000', '147.0000', '147.0000', NULL, NULL),
(106, 2, 1, 5, '147.0000', '147.0000', '147.0000', '147.0000', NULL, NULL),
(106, 3, 1, 5, '147.0000', '147.0000', '147.0000', '147.0000', NULL, NULL),
(107, 0, 1, 5, '154.0000', '138.6000', '138.6000', '138.6000', NULL, NULL),
(107, 1, 1, 5, '154.0000', '154.0000', '154.0000', '154.0000', NULL, NULL),
(107, 2, 1, 5, '154.0000', '154.0000', '154.0000', '154.0000', NULL, NULL),
(107, 3, 1, 5, '154.0000', '154.0000', '154.0000', '154.0000', NULL, NULL),
(108, 0, 1, 5, '162.0000', '145.8000', '145.8000', '145.8000', NULL, NULL),
(108, 1, 1, 5, '162.0000', '162.0000', '162.0000', '162.0000', NULL, NULL),
(108, 2, 1, 5, '162.0000', '162.0000', '162.0000', '162.0000', NULL, NULL),
(108, 3, 1, 5, '162.0000', '162.0000', '162.0000', '162.0000', NULL, NULL),
(109, 0, 1, 5, '177.0000', '159.3000', '159.3000', '159.3000', NULL, NULL),
(109, 1, 1, 5, '177.0000', '177.0000', '177.0000', '177.0000', NULL, NULL),
(109, 2, 1, 5, '177.0000', '177.0000', '177.0000', '177.0000', NULL, NULL),
(109, 3, 1, 5, '177.0000', '177.0000', '177.0000', '177.0000', NULL, NULL),
(110, 0, 1, 5, '184.0000', '165.6000', '165.6000', '165.6000', NULL, NULL),
(110, 1, 1, 5, '184.0000', '184.0000', '184.0000', '184.0000', NULL, NULL),
(110, 2, 1, 5, '184.0000', '184.0000', '184.0000', '184.0000', NULL, NULL),
(110, 3, 1, 5, '184.0000', '184.0000', '184.0000', '184.0000', NULL, NULL),
(111, 0, 1, 5, '200.0000', '180.0000', '180.0000', '180.0000', NULL, NULL),
(111, 1, 1, 5, '200.0000', '200.0000', '200.0000', '200.0000', NULL, NULL),
(111, 2, 1, 5, '200.0000', '200.0000', '200.0000', '200.0000', NULL, NULL),
(111, 3, 1, 5, '200.0000', '200.0000', '200.0000', '200.0000', NULL, NULL),
(112, 0, 1, 5, '230.0000', '207.0000', '207.0000', '207.0000', NULL, NULL),
(112, 1, 1, 5, '230.0000', '230.0000', '230.0000', '230.0000', NULL, NULL),
(112, 2, 1, 5, '230.0000', '230.0000', '230.0000', '230.0000', NULL, NULL),
(112, 3, 1, 5, '230.0000', '230.0000', '230.0000', '230.0000', NULL, NULL),
(113, 0, 1, 5, '245.0000', '220.5000', '220.5000', '220.5000', NULL, NULL),
(113, 1, 1, 5, '245.0000', '245.0000', '245.0000', '245.0000', NULL, NULL),
(113, 2, 1, 5, '245.0000', '245.0000', '245.0000', '245.0000', NULL, NULL),
(113, 3, 1, 5, '245.0000', '245.0000', '245.0000', '245.0000', NULL, NULL),
(114, 0, 1, 5, '154.0000', '138.6000', '138.6000', '138.6000', NULL, NULL),
(114, 1, 1, 5, '154.0000', '154.0000', '154.0000', '154.0000', NULL, NULL),
(114, 2, 1, 5, '154.0000', '154.0000', '154.0000', '154.0000', NULL, NULL),
(114, 3, 1, 5, '154.0000', '154.0000', '154.0000', '154.0000', NULL, NULL),
(115, 0, 1, 5, '160.0000', '144.0000', '144.0000', '144.0000', NULL, NULL),
(115, 1, 1, 5, '160.0000', '160.0000', '160.0000', '160.0000', NULL, NULL),
(115, 2, 1, 5, '160.0000', '160.0000', '160.0000', '160.0000', NULL, NULL),
(115, 3, 1, 5, '160.0000', '160.0000', '160.0000', '160.0000', NULL, NULL),
(116, 0, 1, 5, '170.0000', '153.0000', '153.0000', '153.0000', NULL, NULL),
(116, 1, 1, 5, '170.0000', '170.0000', '170.0000', '170.0000', NULL, NULL),
(116, 2, 1, 5, '170.0000', '170.0000', '170.0000', '170.0000', NULL, NULL),
(116, 3, 1, 5, '170.0000', '170.0000', '170.0000', '170.0000', NULL, NULL),
(117, 0, 1, 5, '183.0000', '164.7000', '164.7000', '164.7000', NULL, NULL),
(117, 1, 1, 5, '183.0000', '183.0000', '183.0000', '183.0000', NULL, NULL),
(117, 2, 1, 5, '183.0000', '183.0000', '183.0000', '183.0000', NULL, NULL),
(117, 3, 1, 5, '183.0000', '183.0000', '183.0000', '183.0000', NULL, NULL),
(118, 0, 1, 5, '191.0000', '171.9000', '171.9000', '171.9000', NULL, NULL),
(118, 1, 1, 5, '191.0000', '191.0000', '191.0000', '191.0000', NULL, NULL),
(118, 2, 1, 5, '191.0000', '191.0000', '191.0000', '191.0000', NULL, NULL),
(118, 3, 1, 5, '191.0000', '191.0000', '191.0000', '191.0000', NULL, NULL),
(119, 0, 1, 5, '207.0000', '186.3000', '186.3000', '186.3000', NULL, NULL),
(119, 1, 1, 5, '207.0000', '207.0000', '207.0000', '207.0000', NULL, NULL),
(119, 2, 1, 5, '207.0000', '207.0000', '207.0000', '207.0000', NULL, NULL),
(119, 3, 1, 5, '207.0000', '207.0000', '207.0000', '207.0000', NULL, NULL),
(120, 0, 1, 5, '244.0000', '219.6000', '219.6000', '219.6000', NULL, NULL),
(120, 1, 1, 5, '244.0000', '244.0000', '244.0000', '244.0000', NULL, NULL),
(120, 2, 1, 5, '244.0000', '244.0000', '244.0000', '244.0000', NULL, NULL),
(120, 3, 1, 5, '244.0000', '244.0000', '244.0000', '244.0000', NULL, NULL),
(121, 0, 1, 5, '258.0000', '232.2000', '232.2000', '232.2000', NULL, NULL),
(121, 1, 1, 5, '258.0000', '258.0000', '258.0000', '258.0000', NULL, NULL),
(121, 2, 1, 5, '258.0000', '258.0000', '258.0000', '258.0000', NULL, NULL),
(121, 3, 1, 5, '258.0000', '258.0000', '258.0000', '258.0000', NULL, NULL),
(122, 0, 1, 5, '165.0000', '148.5000', '148.5000', '148.5000', NULL, NULL),
(122, 1, 1, 5, '165.0000', '165.0000', '165.0000', '165.0000', NULL, NULL),
(122, 2, 1, 5, '165.0000', '165.0000', '165.0000', '165.0000', NULL, NULL),
(122, 3, 1, 5, '165.0000', '165.0000', '165.0000', '165.0000', NULL, NULL),
(123, 0, 1, 5, '172.0000', '154.8000', '154.8000', '154.8000', NULL, NULL),
(123, 1, 1, 5, '172.0000', '172.0000', '172.0000', '172.0000', NULL, NULL),
(123, 2, 1, 5, '172.0000', '172.0000', '172.0000', '172.0000', NULL, NULL),
(123, 3, 1, 5, '172.0000', '172.0000', '172.0000', '172.0000', NULL, NULL),
(124, 0, 1, 5, '180.0000', '162.0000', '162.0000', '162.0000', NULL, NULL),
(124, 1, 1, 5, '180.0000', '180.0000', '180.0000', '180.0000', NULL, NULL),
(124, 2, 1, 5, '180.0000', '180.0000', '180.0000', '180.0000', NULL, NULL),
(124, 3, 1, 5, '180.0000', '180.0000', '180.0000', '180.0000', NULL, NULL),
(125, 0, 1, 5, '195.0000', '175.5000', '175.5000', '175.5000', NULL, NULL),
(125, 1, 1, 5, '195.0000', '195.0000', '195.0000', '195.0000', NULL, NULL),
(125, 2, 1, 5, '195.0000', '195.0000', '195.0000', '195.0000', NULL, NULL),
(125, 3, 1, 5, '195.0000', '195.0000', '195.0000', '195.0000', NULL, NULL),
(126, 0, 1, 5, '202.0000', '181.8000', '181.8000', '181.8000', NULL, NULL),
(126, 1, 1, 5, '202.0000', '202.0000', '202.0000', '202.0000', NULL, NULL),
(126, 2, 1, 5, '202.0000', '202.0000', '202.0000', '202.0000', NULL, NULL),
(126, 3, 1, 5, '202.0000', '202.0000', '202.0000', '202.0000', NULL, NULL),
(127, 0, 1, 5, '256.0000', '230.4000', '230.4000', '230.4000', NULL, NULL),
(127, 1, 1, 5, '256.0000', '256.0000', '256.0000', '256.0000', NULL, NULL),
(127, 2, 1, 5, '256.0000', '256.0000', '256.0000', '256.0000', NULL, NULL),
(127, 3, 1, 5, '256.0000', '256.0000', '256.0000', '256.0000', NULL, NULL),
(128, 0, 1, 5, '255.0000', '229.5000', '229.5000', '229.5000', NULL, NULL),
(128, 1, 1, 5, '255.0000', '255.0000', '255.0000', '255.0000', NULL, NULL),
(128, 2, 1, 5, '255.0000', '255.0000', '255.0000', '255.0000', NULL, NULL),
(128, 3, 1, 5, '255.0000', '255.0000', '255.0000', '255.0000', NULL, NULL),
(129, 0, 1, 5, '270.0000', '243.0000', '243.0000', '243.0000', NULL, NULL),
(129, 1, 1, 5, '270.0000', '270.0000', '270.0000', '270.0000', NULL, NULL),
(129, 2, 1, 5, '270.0000', '270.0000', '270.0000', '270.0000', NULL, NULL),
(129, 3, 1, 5, '270.0000', '270.0000', '270.0000', '270.0000', NULL, NULL),
(130, 0, 1, 5, '177.0000', '159.3000', '159.3000', '159.3000', NULL, NULL),
(130, 1, 1, 5, '177.0000', '177.0000', '177.0000', '177.0000', NULL, NULL),
(130, 2, 1, 5, '177.0000', '177.0000', '177.0000', '177.0000', NULL, NULL),
(130, 3, 1, 5, '177.0000', '177.0000', '177.0000', '177.0000', NULL, NULL),
(131, 0, 1, 5, '186.0000', '167.4000', '167.4000', '167.4000', NULL, NULL),
(131, 1, 1, 5, '186.0000', '186.0000', '186.0000', '186.0000', NULL, NULL),
(131, 2, 1, 5, '186.0000', '186.0000', '186.0000', '186.0000', NULL, NULL),
(131, 3, 1, 5, '186.0000', '186.0000', '186.0000', '186.0000', NULL, NULL),
(132, 0, 1, 5, '189.0000', '170.1000', '170.1000', '170.1000', NULL, NULL),
(132, 1, 1, 5, '189.0000', '189.0000', '189.0000', '189.0000', NULL, NULL),
(132, 2, 1, 5, '189.0000', '189.0000', '189.0000', '189.0000', NULL, NULL),
(132, 3, 1, 5, '189.0000', '189.0000', '189.0000', '189.0000', NULL, NULL),
(133, 0, 1, 5, '184.0000', '165.6000', '165.6000', '165.6000', NULL, NULL),
(133, 1, 1, 5, '184.0000', '184.0000', '184.0000', '184.0000', NULL, NULL),
(133, 2, 1, 5, '184.0000', '184.0000', '184.0000', '184.0000', NULL, NULL),
(133, 3, 1, 5, '184.0000', '184.0000', '184.0000', '184.0000', NULL, NULL),
(134, 0, 1, 5, '195.0000', '175.5000', '175.5000', '175.5000', NULL, NULL),
(134, 1, 1, 5, '195.0000', '195.0000', '195.0000', '195.0000', NULL, NULL),
(134, 2, 1, 5, '195.0000', '195.0000', '195.0000', '195.0000', NULL, NULL),
(134, 3, 1, 5, '195.0000', '195.0000', '195.0000', '195.0000', NULL, NULL),
(135, 0, 1, 5, '196.0000', '176.4000', '176.4000', '176.4000', NULL, NULL),
(135, 1, 1, 5, '196.0000', '196.0000', '196.0000', '196.0000', NULL, NULL),
(135, 2, 1, 5, '196.0000', '196.0000', '196.0000', '196.0000', NULL, NULL),
(135, 3, 1, 5, '196.0000', '196.0000', '196.0000', '196.0000', NULL, NULL),
(136, 0, 1, 5, '147.0000', '132.3000', '132.3000', '255.3000', NULL, NULL),
(136, 1, 1, 5, '147.0000', '147.0000', '147.0000', '270.0000', NULL, NULL),
(136, 2, 1, 5, '147.0000', '147.0000', '147.0000', '270.0000', NULL, NULL),
(136, 3, 1, 5, '147.0000', '147.0000', '147.0000', '270.0000', NULL, NULL),
(137, 0, 1, 5, '39.0000', '35.1000', '35.1000', '35.1000', NULL, NULL),
(137, 1, 1, 5, '39.0000', '39.0000', '39.0000', '39.0000', NULL, NULL),
(137, 2, 1, 5, '39.0000', '39.0000', '39.0000', '39.0000', NULL, NULL),
(137, 3, 1, 5, '39.0000', '39.0000', '39.0000', '39.0000', NULL, NULL),
(138, 0, 1, 5, '47.0000', '42.3000', '42.3000', '42.3000', NULL, NULL),
(138, 1, 1, 5, '47.0000', '47.0000', '47.0000', '47.0000', NULL, NULL),
(138, 2, 1, 5, '47.0000', '47.0000', '47.0000', '47.0000', NULL, NULL),
(138, 3, 1, 5, '47.0000', '47.0000', '47.0000', '47.0000', NULL, NULL),
(139, 0, 1, 5, '56.0000', '50.4000', '50.4000', '50.4000', NULL, NULL),
(139, 1, 1, 5, '56.0000', '56.0000', '56.0000', '56.0000', NULL, NULL),
(139, 2, 1, 5, '56.0000', '56.0000', '56.0000', '56.0000', NULL, NULL),
(139, 3, 1, 5, '56.0000', '56.0000', '56.0000', '56.0000', NULL, NULL),
(140, 0, 1, 5, '65.0000', '58.5000', '58.5000', '58.5000', NULL, NULL),
(140, 1, 1, 5, '65.0000', '65.0000', '65.0000', '65.0000', NULL, NULL),
(140, 2, 1, 5, '65.0000', '65.0000', '65.0000', '65.0000', NULL, NULL),
(140, 3, 1, 5, '65.0000', '65.0000', '65.0000', '65.0000', NULL, NULL),
(141, 0, 1, 5, '39.0000', '35.1000', '35.1000', '61.1000', NULL, NULL),
(141, 1, 1, 5, '39.0000', '39.0000', '39.0000', '65.0000', NULL, NULL),
(141, 2, 1, 5, '39.0000', '39.0000', '39.0000', '65.0000', NULL, NULL),
(141, 3, 1, 5, '39.0000', '39.0000', '39.0000', '65.0000', NULL, NULL),
(142, 0, 1, 5, '46.0000', '41.4000', '41.4000', '41.4000', NULL, NULL),
(142, 1, 1, 5, '46.0000', '46.0000', '46.0000', '46.0000', NULL, NULL),
(142, 2, 1, 5, '46.0000', '46.0000', '46.0000', '46.0000', NULL, NULL),
(142, 3, 1, 5, '46.0000', '46.0000', '46.0000', '46.0000', NULL, NULL),
(143, 0, 1, 5, '57.0000', '51.3000', '51.3000', '51.3000', NULL, NULL),
(143, 1, 1, 5, '57.0000', '57.0000', '57.0000', '57.0000', NULL, NULL),
(143, 2, 1, 5, '57.0000', '57.0000', '57.0000', '57.0000', NULL, NULL),
(143, 3, 1, 5, '57.0000', '57.0000', '57.0000', '57.0000', NULL, NULL),
(144, 0, 1, 5, '64.0000', '57.6000', '57.6000', '57.6000', NULL, NULL),
(144, 1, 1, 5, '64.0000', '64.0000', '64.0000', '64.0000', NULL, NULL),
(144, 2, 1, 5, '64.0000', '64.0000', '64.0000', '64.0000', NULL, NULL),
(144, 3, 1, 5, '64.0000', '64.0000', '64.0000', '64.0000', NULL, NULL),
(145, 0, 1, 5, '88.0000', '79.2000', '79.2000', '79.2000', NULL, NULL),
(145, 1, 1, 5, '88.0000', '88.0000', '88.0000', '88.0000', NULL, NULL),
(145, 2, 1, 5, '88.0000', '88.0000', '88.0000', '88.0000', NULL, NULL),
(145, 3, 1, 5, '88.0000', '88.0000', '88.0000', '88.0000', NULL, NULL),
(146, 0, 1, 5, '46.0000', '41.4000', '41.4000', '83.4000', NULL, NULL),
(146, 1, 1, 5, '46.0000', '46.0000', '46.0000', '88.0000', NULL, NULL),
(146, 2, 1, 5, '46.0000', '46.0000', '46.0000', '88.0000', NULL, NULL),
(146, 3, 1, 5, '46.0000', '46.0000', '46.0000', '88.0000', NULL, NULL),
(147, 0, 1, 5, '46.0000', '41.4000', '41.4000', '41.4000', NULL, NULL),
(147, 1, 1, 5, '46.0000', '46.0000', '46.0000', '46.0000', NULL, NULL),
(147, 2, 1, 5, '46.0000', '46.0000', '46.0000', '46.0000', NULL, NULL),
(147, 3, 1, 5, '46.0000', '46.0000', '46.0000', '46.0000', NULL, NULL),
(148, 0, 1, 5, '57.0000', '51.3000', '51.3000', '51.3000', NULL, NULL),
(148, 1, 1, 5, '57.0000', '57.0000', '57.0000', '57.0000', NULL, NULL),
(148, 2, 1, 5, '57.0000', '57.0000', '57.0000', '57.0000', NULL, NULL),
(148, 3, 1, 5, '57.0000', '57.0000', '57.0000', '57.0000', NULL, NULL),
(149, 0, 1, 5, '65.0000', '58.5000', '58.5000', '58.5000', NULL, NULL),
(149, 1, 1, 5, '65.0000', '65.0000', '65.0000', '65.0000', NULL, NULL),
(149, 2, 1, 5, '65.0000', '65.0000', '65.0000', '65.0000', NULL, NULL),
(149, 3, 1, 5, '65.0000', '65.0000', '65.0000', '65.0000', NULL, NULL),
(150, 0, 1, 5, '88.0000', '79.2000', '79.2000', '79.2000', NULL, NULL),
(150, 1, 1, 5, '88.0000', '88.0000', '88.0000', '88.0000', NULL, NULL),
(150, 2, 1, 5, '88.0000', '88.0000', '88.0000', '88.0000', NULL, NULL),
(150, 3, 1, 5, '88.0000', '88.0000', '88.0000', '88.0000', NULL, NULL),
(151, 0, 1, 5, '46.0000', '41.4000', '41.4000', '83.4000', NULL, NULL),
(151, 1, 1, 5, '46.0000', '46.0000', '46.0000', '88.0000', NULL, NULL),
(151, 2, 1, 5, '46.0000', '46.0000', '46.0000', '88.0000', NULL, NULL),
(151, 3, 1, 5, '46.0000', '46.0000', '46.0000', '88.0000', NULL, NULL),
(152, 0, 1, 5, '65.0000', '58.5000', '58.5000', '58.5000', NULL, NULL),
(152, 1, 1, 5, '65.0000', '65.0000', '65.0000', '65.0000', NULL, NULL),
(152, 2, 1, 5, '65.0000', '65.0000', '65.0000', '65.0000', NULL, NULL),
(152, 3, 1, 5, '65.0000', '65.0000', '65.0000', '65.0000', NULL, NULL),
(153, 0, 1, 5, '77.0000', '69.3000', '69.3000', '69.3000', NULL, NULL),
(153, 1, 1, 5, '77.0000', '77.0000', '77.0000', '77.0000', NULL, NULL),
(153, 2, 1, 5, '77.0000', '77.0000', '77.0000', '77.0000', NULL, NULL),
(153, 3, 1, 5, '77.0000', '77.0000', '77.0000', '77.0000', NULL, NULL),
(154, 0, 1, 5, '270.0000', '243.0000', '243.0000', '243.0000', NULL, NULL),
(154, 1, 1, 5, '270.0000', '270.0000', '270.0000', '270.0000', NULL, NULL),
(154, 2, 1, 5, '270.0000', '270.0000', '270.0000', '270.0000', NULL, NULL),
(154, 3, 1, 5, '270.0000', '270.0000', '270.0000', '270.0000', NULL, NULL),
(155, 0, 1, 5, '65.0000', '58.5000', '58.5000', '82.5000', NULL, NULL),
(155, 1, 1, 5, '65.0000', '65.0000', '65.0000', '89.0000', NULL, NULL),
(155, 2, 1, 5, '65.0000', '65.0000', '65.0000', '89.0000', NULL, NULL),
(155, 3, 1, 5, '65.0000', '65.0000', '65.0000', '89.0000', NULL, NULL),
(156, 0, 1, 5, '122.0000', '109.8000', '109.8000', '109.8000', NULL, NULL),
(156, 1, 1, 5, '122.0000', '122.0000', '122.0000', '122.0000', NULL, NULL),
(156, 2, 1, 5, '122.0000', '122.0000', '122.0000', '122.0000', NULL, NULL),
(156, 3, 1, 5, '122.0000', '122.0000', '122.0000', '122.0000', NULL, NULL),
(157, 0, 1, 5, '135.0000', '121.5000', '121.5000', '121.5000', NULL, NULL),
(157, 1, 1, 5, '135.0000', '135.0000', '135.0000', '135.0000', NULL, NULL),
(157, 2, 1, 5, '135.0000', '135.0000', '135.0000', '135.0000', NULL, NULL),
(157, 3, 1, 5, '135.0000', '135.0000', '135.0000', '135.0000', NULL, NULL),
(158, 0, 1, 5, '122.0000', '109.8000', '109.8000', '122.8000', NULL, NULL),
(158, 1, 1, 5, '122.0000', '122.0000', '122.0000', '135.0000', NULL, NULL),
(158, 2, 1, 5, '122.0000', '122.0000', '122.0000', '135.0000', NULL, NULL),
(158, 3, 1, 5, '122.0000', '122.0000', '122.0000', '135.0000', NULL, NULL),
(159, 0, 1, 5, '6.0000', '5.4000', '5.4000', '5.4000', NULL, NULL),
(159, 1, 1, 5, '6.0000', '6.0000', '6.0000', '6.0000', NULL, NULL),
(159, 2, 1, 5, '6.0000', '6.0000', '6.0000', '6.0000', NULL, NULL),
(159, 3, 1, 5, '6.0000', '6.0000', '6.0000', '6.0000', NULL, NULL),
(160, 0, 1, 5, '6.5000', '5.8500', '5.8500', '5.8500', NULL, NULL),
(160, 1, 1, 5, '6.5000', '6.5000', '6.5000', '6.5000', NULL, NULL),
(160, 2, 1, 5, '6.5000', '6.5000', '6.5000', '6.5000', NULL, NULL),
(160, 3, 1, 5, '6.5000', '6.5000', '6.5000', '6.5000', NULL, NULL),
(161, 0, 1, 5, '7.0000', '6.3000', '6.3000', '6.3000', NULL, NULL),
(161, 1, 1, 5, '7.0000', '7.0000', '7.0000', '7.0000', NULL, NULL),
(161, 2, 1, 5, '7.0000', '7.0000', '7.0000', '7.0000', NULL, NULL),
(161, 3, 1, 5, '7.0000', '7.0000', '7.0000', '7.0000', NULL, NULL),
(162, 0, 1, 5, '6.0000', '5.4000', '5.4000', '6.4000', NULL, NULL),
(162, 1, 1, 5, '6.0000', '6.0000', '6.0000', '7.0000', NULL, NULL),
(162, 2, 1, 5, '6.0000', '6.0000', '6.0000', '7.0000', NULL, NULL),
(162, 3, 1, 5, '6.0000', '6.0000', '6.0000', '7.0000', NULL, NULL),
(163, 0, 1, 5, '38.0000', '34.2000', '34.2000', '34.2000', NULL, NULL),
(163, 1, 1, 5, '38.0000', '38.0000', '38.0000', '38.0000', NULL, NULL),
(163, 2, 1, 5, '38.0000', '38.0000', '38.0000', '38.0000', NULL, NULL),
(163, 3, 1, 5, '38.0000', '38.0000', '38.0000', '38.0000', NULL, NULL),
(164, 0, 1, 5, '49.0000', '44.1000', '44.1000', '44.1000', NULL, NULL),
(164, 1, 1, 5, '49.0000', '49.0000', '49.0000', '49.0000', NULL, NULL),
(164, 2, 1, 5, '49.0000', '49.0000', '49.0000', '49.0000', NULL, NULL),
(164, 3, 1, 5, '49.0000', '49.0000', '49.0000', '49.0000', NULL, NULL),
(165, 0, 1, 5, '89.0000', '80.1000', '80.1000', '80.1000', NULL, NULL),
(165, 1, 1, 5, '89.0000', '89.0000', '89.0000', '89.0000', NULL, NULL),
(165, 2, 1, 5, '89.0000', '89.0000', '89.0000', '89.0000', NULL, NULL),
(165, 3, 1, 5, '89.0000', '89.0000', '89.0000', '89.0000', NULL, NULL),
(166, 0, 1, 5, '44.0000', '39.6000', '39.6000', '39.6000', NULL, NULL),
(166, 1, 1, 5, '44.0000', '44.0000', '44.0000', '44.0000', NULL, NULL),
(166, 2, 1, 5, '44.0000', '44.0000', '44.0000', '44.0000', NULL, NULL),
(166, 3, 1, 5, '44.0000', '44.0000', '44.0000', '44.0000', NULL, NULL),
(167, 0, 1, 5, '38.0000', '34.2000', '34.2000', '85.2000', NULL, NULL),
(167, 1, 1, 5, '38.0000', '38.0000', '38.0000', '89.0000', NULL, NULL),
(167, 2, 1, 5, '38.0000', '38.0000', '38.0000', '89.0000', NULL, NULL),
(167, 3, 1, 5, '38.0000', '38.0000', '38.0000', '89.0000', NULL, NULL),
(168, 0, 1, 5, '43.0000', '38.7000', '38.7000', '38.7000', NULL, NULL),
(168, 1, 1, 5, '43.0000', '43.0000', '43.0000', '43.0000', NULL, NULL),
(168, 2, 1, 5, '43.0000', '43.0000', '43.0000', '43.0000', NULL, NULL),
(168, 3, 1, 5, '43.0000', '43.0000', '43.0000', '43.0000', NULL, NULL),
(169, 0, 1, 5, '55.0000', '49.5000', '49.5000', '49.5000', NULL, NULL),
(169, 1, 1, 5, '55.0000', '55.0000', '55.0000', '55.0000', NULL, NULL),
(169, 2, 1, 5, '55.0000', '55.0000', '55.0000', '55.0000', NULL, NULL),
(169, 3, 1, 5, '55.0000', '55.0000', '55.0000', '55.0000', NULL, NULL),
(170, 0, 1, 5, '49.0000', '44.1000', '44.1000', '44.1000', NULL, NULL),
(170, 1, 1, 5, '49.0000', '49.0000', '49.0000', '49.0000', NULL, NULL),
(170, 2, 1, 5, '49.0000', '49.0000', '49.0000', '49.0000', NULL, NULL),
(170, 3, 1, 5, '49.0000', '49.0000', '49.0000', '49.0000', NULL, NULL),
(171, 0, 1, 5, '43.0000', '38.7000', '38.7000', '50.7000', NULL, NULL),
(171, 1, 1, 5, '43.0000', '43.0000', '43.0000', '55.0000', NULL, NULL),
(171, 2, 1, 5, '43.0000', '43.0000', '43.0000', '55.0000', NULL, NULL),
(171, 3, 1, 5, '43.0000', '43.0000', '43.0000', '55.0000', NULL, NULL),
(172, 0, 1, 5, '66.0000', '59.4000', '59.4000', '59.4000', NULL, NULL),
(172, 1, 1, 5, '66.0000', '66.0000', '66.0000', '66.0000', NULL, NULL),
(172, 2, 1, 5, '66.0000', '66.0000', '66.0000', '66.0000', NULL, NULL),
(172, 3, 1, 5, '66.0000', '66.0000', '66.0000', '66.0000', NULL, NULL),
(173, 0, 1, 5, '92.0000', '82.8000', '82.8000', '82.8000', NULL, NULL),
(173, 1, 1, 5, '92.0000', '92.0000', '92.0000', '92.0000', NULL, NULL),
(173, 2, 1, 5, '92.0000', '92.0000', '92.0000', '92.0000', NULL, NULL),
(173, 3, 1, 5, '92.0000', '92.0000', '92.0000', '92.0000', NULL, NULL),
(174, 0, 1, 5, '81.0000', '72.9000', '72.9000', '72.9000', NULL, NULL),
(174, 1, 1, 5, '81.0000', '81.0000', '81.0000', '81.0000', NULL, NULL),
(174, 2, 1, 5, '81.0000', '81.0000', '81.0000', '81.0000', NULL, NULL),
(174, 3, 1, 5, '81.0000', '81.0000', '81.0000', '81.0000', NULL, NULL),
(175, 0, 1, 5, '66.0000', '59.4000', '59.4000', '85.4000', NULL, NULL),
(175, 1, 1, 5, '66.0000', '66.0000', '66.0000', '92.0000', NULL, NULL),
(175, 2, 1, 5, '66.0000', '66.0000', '66.0000', '92.0000', NULL, NULL),
(175, 3, 1, 5, '66.0000', '66.0000', '66.0000', '92.0000', NULL, NULL),
(176, 0, 1, 5, '66.0000', '59.4000', '59.4000', '59.4000', NULL, NULL),
(176, 1, 1, 5, '66.0000', '66.0000', '66.0000', '66.0000', NULL, NULL),
(176, 2, 1, 5, '66.0000', '66.0000', '66.0000', '66.0000', NULL, NULL),
(176, 3, 1, 5, '66.0000', '66.0000', '66.0000', '66.0000', NULL, NULL),
(177, 0, 1, 5, '92.0000', '82.8000', '82.8000', '82.8000', NULL, NULL),
(177, 1, 1, 5, '92.0000', '92.0000', '92.0000', '92.0000', NULL, NULL),
(177, 2, 1, 5, '92.0000', '92.0000', '92.0000', '92.0000', NULL, NULL),
(177, 3, 1, 5, '92.0000', '92.0000', '92.0000', '92.0000', NULL, NULL),
(178, 0, 1, 5, '81.0000', '72.9000', '72.9000', '72.9000', NULL, NULL),
(178, 1, 1, 5, '81.0000', '81.0000', '81.0000', '81.0000', NULL, NULL),
(178, 2, 1, 5, '81.0000', '81.0000', '81.0000', '81.0000', NULL, NULL),
(178, 3, 1, 5, '81.0000', '81.0000', '81.0000', '81.0000', NULL, NULL),
(179, 0, 1, 5, '66.0000', '59.4000', '59.4000', '85.4000', NULL, NULL),
(179, 1, 1, 5, '66.0000', '66.0000', '66.0000', '92.0000', NULL, NULL),
(179, 2, 1, 5, '66.0000', '66.0000', '66.0000', '92.0000', NULL, NULL),
(179, 3, 1, 5, '66.0000', '66.0000', '66.0000', '92.0000', NULL, NULL);
INSERT INTO `catalog_product_index_price_idx` (`entity_id`, `customer_group_id`, `website_id`, `tax_class_id`, `price`, `final_price`, `min_price`, `max_price`, `tier_price`, `group_price`) VALUES
(180, 0, 1, 5, '14.0000', '12.6000', '12.6000', '12.6000', NULL, NULL),
(180, 1, 1, 5, '14.0000', '14.0000', '14.0000', '14.0000', NULL, NULL),
(180, 2, 1, 5, '14.0000', '14.0000', '14.0000', '14.0000', NULL, NULL),
(180, 3, 1, 5, '14.0000', '14.0000', '14.0000', '14.0000', NULL, NULL),
(181, 0, 1, 5, '17.0000', '15.3000', '15.3000', '15.3000', NULL, NULL),
(181, 1, 1, 5, '17.0000', '17.0000', '17.0000', '17.0000', NULL, NULL),
(181, 2, 1, 5, '17.0000', '17.0000', '17.0000', '17.0000', NULL, NULL),
(181, 3, 1, 5, '17.0000', '17.0000', '17.0000', '17.0000', NULL, NULL),
(182, 0, 1, 5, '17.0000', '15.3000', '15.3000', '15.3000', NULL, NULL),
(182, 1, 1, 5, '17.0000', '17.0000', '17.0000', '17.0000', NULL, NULL),
(182, 2, 1, 5, '17.0000', '17.0000', '17.0000', '17.0000', NULL, NULL),
(182, 3, 1, 5, '17.0000', '17.0000', '17.0000', '17.0000', NULL, NULL),
(183, 0, 1, 5, '14.0000', '12.6000', '12.6000', '15.6000', NULL, NULL),
(183, 1, 1, 5, '14.0000', '14.0000', '14.0000', '17.0000', NULL, NULL),
(183, 2, 1, 5, '14.0000', '14.0000', '14.0000', '17.0000', NULL, NULL),
(183, 3, 1, 5, '14.0000', '14.0000', '14.0000', '17.0000', NULL, NULL),
(184, 0, 1, 5, '76.0000', '68.4000', '68.4000', '68.4000', NULL, NULL),
(184, 1, 1, 5, '76.0000', '76.0000', '76.0000', '76.0000', NULL, NULL),
(184, 2, 1, 5, '76.0000', '76.0000', '76.0000', '76.0000', NULL, NULL),
(184, 3, 1, 5, '76.0000', '76.0000', '76.0000', '76.0000', NULL, NULL),
(185, 0, 1, 5, '112.0000', '100.8000', '100.8000', '100.8000', NULL, NULL),
(185, 1, 1, 5, '112.0000', '112.0000', '112.0000', '112.0000', NULL, NULL),
(185, 2, 1, 5, '112.0000', '112.0000', '112.0000', '112.0000', NULL, NULL),
(185, 3, 1, 5, '112.0000', '112.0000', '112.0000', '112.0000', NULL, NULL),
(186, 0, 1, 5, '76.0000', '68.4000', '68.4000', '68.4000', NULL, NULL),
(186, 1, 1, 5, '76.0000', '76.0000', '76.0000', '76.0000', NULL, NULL),
(186, 2, 1, 5, '76.0000', '76.0000', '76.0000', '76.0000', NULL, NULL),
(186, 3, 1, 5, '76.0000', '76.0000', '76.0000', '76.0000', NULL, NULL),
(187, 0, 1, 5, '115.0000', '103.5000', '103.5000', '103.5000', NULL, NULL),
(187, 1, 1, 5, '115.0000', '115.0000', '115.0000', '115.0000', NULL, NULL),
(187, 2, 1, 5, '115.0000', '115.0000', '115.0000', '115.0000', NULL, NULL),
(187, 3, 1, 5, '115.0000', '115.0000', '115.0000', '115.0000', NULL, NULL),
(188, 0, 1, 5, '160.0000', '144.0000', '144.0000', '144.0000', NULL, NULL),
(188, 1, 1, 5, '160.0000', '160.0000', '160.0000', '160.0000', NULL, NULL),
(188, 2, 1, 5, '160.0000', '160.0000', '160.0000', '160.0000', NULL, NULL),
(188, 3, 1, 5, '160.0000', '160.0000', '160.0000', '160.0000', NULL, NULL),
(189, 0, 1, 5, '115.0000', '103.5000', '103.5000', '103.5000', NULL, NULL),
(189, 1, 1, 5, '115.0000', '115.0000', '115.0000', '115.0000', NULL, NULL),
(189, 2, 1, 5, '115.0000', '115.0000', '115.0000', '115.0000', NULL, NULL),
(189, 3, 1, 5, '115.0000', '115.0000', '115.0000', '115.0000', NULL, NULL),
(190, 0, 1, 5, '296.0000', '266.4000', '266.4000', '266.4000', NULL, NULL),
(190, 1, 1, 5, '296.0000', '296.0000', '296.0000', '296.0000', NULL, NULL),
(190, 2, 1, 5, '296.0000', '296.0000', '296.0000', '296.0000', NULL, NULL),
(190, 3, 1, 5, '296.0000', '296.0000', '296.0000', '296.0000', NULL, NULL),
(191, 0, 1, 5, '218.0000', '196.2000', '196.2000', '196.2000', NULL, NULL),
(191, 1, 1, 5, '218.0000', '218.0000', '218.0000', '218.0000', NULL, NULL),
(191, 2, 1, 5, '218.0000', '218.0000', '218.0000', '218.0000', NULL, NULL),
(191, 3, 1, 5, '218.0000', '218.0000', '218.0000', '218.0000', NULL, NULL),
(192, 0, 1, 5, '305.0000', '274.5000', '274.5000', '274.5000', NULL, NULL),
(192, 1, 1, 5, '305.0000', '305.0000', '305.0000', '305.0000', NULL, NULL),
(192, 2, 1, 5, '305.0000', '305.0000', '305.0000', '305.0000', NULL, NULL),
(192, 3, 1, 5, '305.0000', '305.0000', '305.0000', '305.0000', NULL, NULL),
(193, 0, 1, 5, '218.0000', '196.2000', '196.2000', '283.2000', NULL, NULL),
(193, 1, 1, 5, '218.0000', '218.0000', '218.0000', '305.0000', NULL, NULL),
(193, 2, 1, 5, '218.0000', '218.0000', '218.0000', '305.0000', NULL, NULL),
(193, 3, 1, 5, '218.0000', '218.0000', '218.0000', '305.0000', NULL, NULL),
(194, 0, 1, 5, '84.0000', '75.6000', '75.6000', '75.6000', NULL, NULL),
(194, 1, 1, 5, '84.0000', '84.0000', '84.0000', '84.0000', NULL, NULL),
(194, 2, 1, 5, '84.0000', '84.0000', '84.0000', '84.0000', NULL, NULL),
(194, 3, 1, 5, '84.0000', '84.0000', '84.0000', '84.0000', NULL, NULL),
(195, 0, 1, 5, '128.0000', '115.2000', '115.2000', '115.2000', NULL, NULL),
(195, 1, 1, 5, '128.0000', '128.0000', '128.0000', '128.0000', NULL, NULL),
(195, 2, 1, 5, '128.0000', '128.0000', '128.0000', '128.0000', NULL, NULL),
(195, 3, 1, 5, '128.0000', '128.0000', '128.0000', '128.0000', NULL, NULL),
(196, 0, 1, 5, '121.0000', '108.9000', '108.9000', '108.9000', NULL, NULL),
(196, 1, 1, 5, '121.0000', '121.0000', '121.0000', '121.0000', NULL, NULL),
(196, 2, 1, 5, '121.0000', '121.0000', '121.0000', '121.0000', NULL, NULL),
(196, 3, 1, 5, '121.0000', '121.0000', '121.0000', '121.0000', NULL, NULL),
(197, 0, 1, 5, '84.0000', '75.6000', '75.6000', '119.6000', NULL, NULL),
(197, 1, 1, 5, '84.0000', '84.0000', '84.0000', '128.0000', NULL, NULL),
(197, 2, 1, 5, '84.0000', '84.0000', '84.0000', '128.0000', NULL, NULL),
(197, 3, 1, 5, '84.0000', '84.0000', '84.0000', '128.0000', NULL, NULL),
(198, 0, 1, 5, '203.0000', '182.7000', '238.7000', '238.7000', NULL, NULL),
(198, 1, 1, 5, '203.0000', '203.0000', '259.0000', '259.0000', NULL, NULL),
(198, 2, 1, 5, '203.0000', '203.0000', '259.0000', '259.0000', NULL, NULL),
(198, 3, 1, 5, '203.0000', '203.0000', '259.0000', '259.0000', NULL, NULL),
(199, 0, 1, 5, '259.0000', '233.1000', '233.1000', '233.1000', NULL, NULL),
(199, 1, 1, 5, '259.0000', '259.0000', '259.0000', '259.0000', NULL, NULL),
(199, 2, 1, 5, '259.0000', '259.0000', '259.0000', '259.0000', NULL, NULL),
(199, 3, 1, 5, '259.0000', '259.0000', '259.0000', '259.0000', NULL, NULL),
(200, 0, 1, 5, '177.0000', '159.3000', '159.3000', '159.3000', NULL, NULL),
(200, 1, 1, 5, '177.0000', '177.0000', '177.0000', '177.0000', NULL, NULL),
(200, 2, 1, 5, '177.0000', '177.0000', '177.0000', '177.0000', NULL, NULL),
(200, 3, 1, 5, '177.0000', '177.0000', '177.0000', '177.0000', NULL, NULL),
(201, 0, 1, 5, '228.0000', '205.2000', '205.2000', '205.2000', NULL, NULL),
(201, 1, 1, 5, '228.0000', '228.0000', '228.0000', '228.0000', NULL, NULL),
(201, 2, 1, 5, '228.0000', '228.0000', '228.0000', '228.0000', NULL, NULL),
(201, 3, 1, 5, '228.0000', '228.0000', '228.0000', '228.0000', NULL, NULL),
(202, 0, 1, 5, '177.0000', '159.3000', '159.3000', '159.3000', NULL, NULL),
(202, 1, 1, 5, '177.0000', '177.0000', '177.0000', '177.0000', NULL, NULL),
(202, 2, 1, 5, '177.0000', '177.0000', '177.0000', '177.0000', NULL, NULL),
(202, 3, 1, 5, '177.0000', '177.0000', '177.0000', '177.0000', NULL, NULL),
(203, 0, 1, 5, '10.0000', '9.0000', '9.0000', '9.0000', NULL, NULL),
(203, 1, 1, 5, '10.0000', '10.0000', '10.0000', '10.0000', NULL, NULL),
(203, 2, 1, 5, '10.0000', '10.0000', '10.0000', '10.0000', NULL, NULL),
(203, 3, 1, 5, '10.0000', '10.0000', '10.0000', '10.0000', NULL, NULL),
(204, 0, 1, 5, '11.0000', '9.9000', '9.9000', '9.9000', NULL, NULL),
(204, 1, 1, 5, '11.0000', '11.0000', '11.0000', '11.0000', NULL, NULL),
(204, 2, 1, 5, '11.0000', '11.0000', '11.0000', '11.0000', NULL, NULL),
(204, 3, 1, 5, '11.0000', '11.0000', '11.0000', '11.0000', NULL, NULL),
(205, 0, 1, 5, '12.0000', '10.8000', '10.8000', '10.8000', NULL, NULL),
(205, 1, 1, 5, '12.0000', '12.0000', '12.0000', '12.0000', NULL, NULL),
(205, 2, 1, 5, '12.0000', '12.0000', '12.0000', '12.0000', NULL, NULL),
(205, 3, 1, 5, '12.0000', '12.0000', '12.0000', '12.0000', NULL, NULL),
(206, 0, 1, 5, '10.0000', '9.0000', '9.0000', '11.0000', NULL, NULL),
(206, 1, 1, 5, '10.0000', '10.0000', '10.0000', '12.0000', NULL, NULL),
(206, 2, 1, 5, '10.0000', '10.0000', '10.0000', '12.0000', NULL, NULL),
(206, 3, 1, 5, '10.0000', '10.0000', '10.0000', '12.0000', NULL, NULL),
(207, 0, 1, 5, '10.0000', '9.0000', '9.0000', '9.0000', NULL, NULL),
(207, 1, 1, 5, '10.0000', '10.0000', '10.0000', '10.0000', NULL, NULL),
(207, 2, 1, 5, '10.0000', '10.0000', '10.0000', '10.0000', NULL, NULL),
(207, 3, 1, 5, '10.0000', '10.0000', '10.0000', '10.0000', NULL, NULL),
(208, 0, 1, 5, '11.0000', '9.9000', '9.9000', '9.9000', NULL, NULL),
(208, 1, 1, 5, '11.0000', '11.0000', '11.0000', '11.0000', NULL, NULL),
(208, 2, 1, 5, '11.0000', '11.0000', '11.0000', '11.0000', NULL, NULL),
(208, 3, 1, 5, '11.0000', '11.0000', '11.0000', '11.0000', NULL, NULL),
(209, 0, 1, 5, '12.0000', '10.8000', '10.8000', '10.8000', NULL, NULL),
(209, 1, 1, 5, '12.0000', '12.0000', '12.0000', '12.0000', NULL, NULL),
(209, 2, 1, 5, '12.0000', '12.0000', '12.0000', '12.0000', NULL, NULL),
(209, 3, 1, 5, '12.0000', '12.0000', '12.0000', '12.0000', NULL, NULL),
(210, 0, 1, 5, '14.0000', '12.6000', '12.6000', '12.6000', NULL, NULL),
(210, 1, 1, 5, '14.0000', '14.0000', '14.0000', '14.0000', NULL, NULL),
(210, 2, 1, 5, '14.0000', '14.0000', '14.0000', '14.0000', NULL, NULL),
(210, 3, 1, 5, '14.0000', '14.0000', '14.0000', '14.0000', NULL, NULL),
(211, 0, 1, 5, '17.0000', '15.3000', '15.3000', '15.3000', NULL, NULL),
(211, 1, 1, 5, '17.0000', '17.0000', '17.0000', '17.0000', NULL, NULL),
(211, 2, 1, 5, '17.0000', '17.0000', '17.0000', '17.0000', NULL, NULL),
(211, 3, 1, 5, '17.0000', '17.0000', '17.0000', '17.0000', NULL, NULL),
(212, 0, 1, 5, '16.0000', '14.4000', '14.4000', '14.4000', NULL, NULL),
(212, 1, 1, 5, '16.0000', '16.0000', '16.0000', '16.0000', NULL, NULL),
(212, 2, 1, 5, '16.0000', '16.0000', '16.0000', '16.0000', NULL, NULL),
(212, 3, 1, 5, '16.0000', '16.0000', '16.0000', '16.0000', NULL, NULL),
(213, 0, 1, 5, '10.0000', '9.0000', '9.0000', '16.0000', NULL, NULL),
(213, 1, 1, 5, '10.0000', '10.0000', '10.0000', '17.0000', NULL, NULL),
(213, 2, 1, 5, '10.0000', '10.0000', '10.0000', '17.0000', NULL, NULL),
(213, 3, 1, 5, '10.0000', '10.0000', '10.0000', '17.0000', NULL, NULL),
(214, 0, 1, 5, '11.0000', '9.9000', '9.9000', '9.9000', NULL, NULL),
(214, 1, 1, 5, '11.0000', '11.0000', '11.0000', '11.0000', NULL, NULL),
(214, 2, 1, 5, '11.0000', '11.0000', '11.0000', '11.0000', NULL, NULL),
(214, 3, 1, 5, '11.0000', '11.0000', '11.0000', '11.0000', NULL, NULL),
(215, 0, 1, 5, '12.0000', '10.8000', '10.8000', '10.8000', NULL, NULL),
(215, 1, 1, 5, '12.0000', '12.0000', '12.0000', '12.0000', NULL, NULL),
(215, 2, 1, 5, '12.0000', '12.0000', '12.0000', '12.0000', NULL, NULL),
(215, 3, 1, 5, '12.0000', '12.0000', '12.0000', '12.0000', NULL, NULL),
(216, 0, 1, 5, '14.0000', '12.6000', '12.6000', '12.6000', NULL, NULL),
(216, 1, 1, 5, '14.0000', '14.0000', '14.0000', '14.0000', NULL, NULL),
(216, 2, 1, 5, '14.0000', '14.0000', '14.0000', '14.0000', NULL, NULL),
(216, 3, 1, 5, '14.0000', '14.0000', '14.0000', '14.0000', NULL, NULL),
(217, 0, 1, 5, '18.0000', '16.2000', '16.2000', '16.2000', NULL, NULL),
(217, 1, 1, 5, '18.0000', '18.0000', '18.0000', '18.0000', NULL, NULL),
(217, 2, 1, 5, '18.0000', '18.0000', '18.0000', '18.0000', NULL, NULL),
(217, 3, 1, 5, '18.0000', '18.0000', '18.0000', '18.0000', NULL, NULL),
(218, 0, 1, 5, '16.0000', '14.4000', '14.4000', '14.4000', NULL, NULL),
(218, 1, 1, 5, '16.0000', '16.0000', '16.0000', '16.0000', NULL, NULL),
(218, 2, 1, 5, '16.0000', '16.0000', '16.0000', '16.0000', NULL, NULL),
(218, 3, 1, 5, '16.0000', '16.0000', '16.0000', '16.0000', NULL, NULL),
(219, 0, 1, 5, '11.0000', '9.9000', '9.9000', '16.9000', NULL, NULL),
(219, 1, 1, 5, '11.0000', '11.0000', '11.0000', '18.0000', NULL, NULL),
(219, 2, 1, 5, '11.0000', '11.0000', '11.0000', '18.0000', NULL, NULL),
(219, 3, 1, 5, '11.0000', '11.0000', '11.0000', '18.0000', NULL, NULL),
(220, 0, 1, 5, '11.0000', '9.9000', '9.9000', '9.9000', NULL, NULL),
(220, 1, 1, 5, '11.0000', '11.0000', '11.0000', '11.0000', NULL, NULL),
(220, 2, 1, 5, '11.0000', '11.0000', '11.0000', '11.0000', NULL, NULL),
(220, 3, 1, 5, '11.0000', '11.0000', '11.0000', '11.0000', NULL, NULL),
(221, 0, 1, 5, '12.0000', '10.8000', '10.8000', '10.8000', NULL, NULL),
(221, 1, 1, 5, '12.0000', '12.0000', '12.0000', '12.0000', NULL, NULL),
(221, 2, 1, 5, '12.0000', '12.0000', '12.0000', '12.0000', NULL, NULL),
(221, 3, 1, 5, '12.0000', '12.0000', '12.0000', '12.0000', NULL, NULL),
(222, 0, 1, 5, '14.0000', '12.6000', '12.6000', '12.6000', NULL, NULL),
(222, 1, 1, 5, '14.0000', '14.0000', '14.0000', '14.0000', NULL, NULL),
(222, 2, 1, 5, '14.0000', '14.0000', '14.0000', '14.0000', NULL, NULL),
(222, 3, 1, 5, '14.0000', '14.0000', '14.0000', '14.0000', NULL, NULL),
(223, 0, 1, 5, '18.0000', '16.2000', '16.2000', '16.2000', NULL, NULL),
(223, 1, 1, 5, '18.0000', '18.0000', '18.0000', '18.0000', NULL, NULL),
(223, 2, 1, 5, '18.0000', '18.0000', '18.0000', '18.0000', NULL, NULL),
(223, 3, 1, 5, '18.0000', '18.0000', '18.0000', '18.0000', NULL, NULL),
(224, 0, 1, 5, '16.0000', '14.4000', '14.4000', '14.4000', NULL, NULL),
(224, 1, 1, 5, '16.0000', '16.0000', '16.0000', '16.0000', NULL, NULL),
(224, 2, 1, 5, '16.0000', '16.0000', '16.0000', '16.0000', NULL, NULL),
(224, 3, 1, 5, '16.0000', '16.0000', '16.0000', '16.0000', NULL, NULL),
(225, 0, 1, 5, '11.0000', '9.9000', '9.9000', '16.9000', NULL, NULL),
(225, 1, 1, 5, '11.0000', '11.0000', '11.0000', '18.0000', NULL, NULL),
(225, 2, 1, 5, '11.0000', '11.0000', '11.0000', '18.0000', NULL, NULL),
(225, 3, 1, 5, '11.0000', '11.0000', '11.0000', '18.0000', NULL, NULL),
(226, 0, 1, 5, '12.0000', '10.8000', '10.8000', '10.8000', NULL, NULL),
(226, 1, 1, 5, '12.0000', '12.0000', '12.0000', '12.0000', NULL, NULL),
(226, 2, 1, 5, '12.0000', '12.0000', '12.0000', '12.0000', NULL, NULL),
(226, 3, 1, 5, '12.0000', '12.0000', '12.0000', '12.0000', NULL, NULL),
(227, 0, 1, 5, '13.0000', '11.7000', '11.7000', '11.7000', NULL, NULL),
(227, 1, 1, 5, '13.0000', '13.0000', '13.0000', '13.0000', NULL, NULL),
(227, 2, 1, 5, '13.0000', '13.0000', '13.0000', '13.0000', NULL, NULL),
(227, 3, 1, 5, '13.0000', '13.0000', '13.0000', '13.0000', NULL, NULL),
(228, 0, 1, 5, '15.0000', '13.5000', '13.5000', '13.5000', NULL, NULL),
(228, 1, 1, 5, '15.0000', '15.0000', '15.0000', '15.0000', NULL, NULL),
(228, 2, 1, 5, '15.0000', '15.0000', '15.0000', '15.0000', NULL, NULL),
(228, 3, 1, 5, '15.0000', '15.0000', '15.0000', '15.0000', NULL, NULL),
(229, 0, 1, 5, '18.0000', '16.2000', '16.2000', '16.2000', NULL, NULL),
(229, 1, 1, 5, '18.0000', '18.0000', '18.0000', '18.0000', NULL, NULL),
(229, 2, 1, 5, '18.0000', '18.0000', '18.0000', '18.0000', NULL, NULL),
(229, 3, 1, 5, '18.0000', '18.0000', '18.0000', '18.0000', NULL, NULL),
(230, 0, 1, 5, '16.0000', '14.4000', '14.4000', '14.4000', NULL, NULL),
(230, 1, 1, 5, '16.0000', '16.0000', '16.0000', '16.0000', NULL, NULL),
(230, 2, 1, 5, '16.0000', '16.0000', '16.0000', '16.0000', NULL, NULL),
(230, 3, 1, 5, '16.0000', '16.0000', '16.0000', '16.0000', NULL, NULL),
(231, 0, 1, 5, '12.0000', '10.8000', '22.8000', '29.8000', NULL, NULL),
(231, 1, 1, 5, '12.0000', '12.0000', '24.0000', '31.0000', NULL, NULL),
(231, 2, 1, 5, '12.0000', '12.0000', '24.0000', '31.0000', NULL, NULL),
(231, 3, 1, 5, '12.0000', '12.0000', '24.0000', '31.0000', NULL, NULL),
(232, 0, 1, 5, '13.0000', '11.7000', '11.7000', '11.7000', NULL, NULL),
(232, 1, 1, 5, '13.0000', '13.0000', '13.0000', '13.0000', NULL, NULL),
(232, 2, 1, 5, '13.0000', '13.0000', '13.0000', '13.0000', NULL, NULL),
(232, 3, 1, 5, '13.0000', '13.0000', '13.0000', '13.0000', NULL, NULL),
(233, 0, 1, 5, '14.0000', '12.6000', '12.6000', '12.6000', NULL, NULL),
(233, 1, 1, 5, '14.0000', '14.0000', '14.0000', '14.0000', NULL, NULL),
(233, 2, 1, 5, '14.0000', '14.0000', '14.0000', '14.0000', NULL, NULL),
(233, 3, 1, 5, '14.0000', '14.0000', '14.0000', '14.0000', NULL, NULL),
(234, 0, 1, 5, '17.0000', '15.3000', '15.3000', '15.3000', NULL, NULL),
(234, 1, 1, 5, '17.0000', '17.0000', '17.0000', '17.0000', NULL, NULL),
(234, 2, 1, 5, '17.0000', '17.0000', '17.0000', '17.0000', NULL, NULL),
(234, 3, 1, 5, '17.0000', '17.0000', '17.0000', '17.0000', NULL, NULL),
(235, 0, 1, 5, '21.0000', '18.9000', '18.9000', '18.9000', NULL, NULL),
(235, 1, 1, 5, '21.0000', '21.0000', '21.0000', '21.0000', NULL, NULL),
(235, 2, 1, 5, '21.0000', '21.0000', '21.0000', '21.0000', NULL, NULL),
(235, 3, 1, 5, '21.0000', '21.0000', '21.0000', '21.0000', NULL, NULL),
(236, 0, 1, 5, '27.0000', '24.3000', '24.3000', '24.3000', NULL, NULL),
(236, 1, 1, 5, '27.0000', '27.0000', '27.0000', '27.0000', NULL, NULL),
(236, 2, 1, 5, '27.0000', '27.0000', '27.0000', '27.0000', NULL, NULL),
(236, 3, 1, 5, '27.0000', '27.0000', '27.0000', '27.0000', NULL, NULL),
(237, 0, 1, 5, '19.0000', '17.1000', '17.1000', '17.1000', NULL, NULL),
(237, 1, 1, 5, '19.0000', '19.0000', '19.0000', '19.0000', NULL, NULL),
(237, 2, 1, 5, '19.0000', '19.0000', '19.0000', '19.0000', NULL, NULL),
(237, 3, 1, 5, '19.0000', '19.0000', '19.0000', '19.0000', NULL, NULL),
(238, 0, 1, 5, '25.0000', '22.5000', '22.5000', '22.5000', NULL, NULL),
(238, 1, 1, 5, '25.0000', '25.0000', '25.0000', '25.0000', NULL, NULL),
(238, 2, 1, 5, '25.0000', '25.0000', '25.0000', '25.0000', NULL, NULL),
(238, 3, 1, 5, '25.0000', '25.0000', '25.0000', '25.0000', NULL, NULL),
(239, 0, 1, 5, '36.0000', '32.4000', '32.4000', '32.4000', NULL, NULL),
(239, 1, 1, 5, '36.0000', '36.0000', '36.0000', '36.0000', NULL, NULL),
(239, 2, 1, 5, '36.0000', '36.0000', '36.0000', '36.0000', NULL, NULL),
(239, 3, 1, 5, '36.0000', '36.0000', '36.0000', '36.0000', NULL, NULL),
(240, 0, 1, 5, '13.0000', '11.7000', '11.7000', '34.7000', NULL, NULL),
(240, 1, 1, 5, '13.0000', '13.0000', '13.0000', '36.0000', NULL, NULL),
(240, 2, 1, 5, '13.0000', '13.0000', '13.0000', '36.0000', NULL, NULL),
(240, 3, 1, 5, '13.0000', '13.0000', '13.0000', '36.0000', NULL, NULL),
(242, 0, 1, 5, '28.0000', '25.2000', '25.2000', '25.2000', NULL, NULL),
(242, 1, 1, 5, '28.0000', '28.0000', '28.0000', '28.0000', NULL, NULL),
(242, 2, 1, 5, '28.0000', '28.0000', '28.0000', '28.0000', NULL, NULL),
(242, 3, 1, 5, '28.0000', '28.0000', '28.0000', '28.0000', NULL, NULL),
(243, 0, 1, 5, '40.0000', '36.0000', '36.0000', '36.0000', NULL, NULL),
(243, 1, 1, 5, '40.0000', '40.0000', '40.0000', '40.0000', NULL, NULL),
(243, 2, 1, 5, '40.0000', '40.0000', '40.0000', '40.0000', NULL, NULL),
(243, 3, 1, 5, '40.0000', '40.0000', '40.0000', '40.0000', NULL, NULL),
(244, 0, 1, 5, '28.0000', '25.2000', '25.2000', '37.2000', NULL, NULL),
(244, 1, 1, 5, '28.0000', '28.0000', '28.0000', '40.0000', NULL, NULL),
(244, 2, 1, 5, '28.0000', '28.0000', '28.0000', '40.0000', NULL, NULL),
(244, 3, 1, 5, '28.0000', '28.0000', '28.0000', '40.0000', NULL, NULL),
(245, 0, 1, 5, '12.0000', '10.8000', '10.8000', '10.8000', NULL, NULL),
(245, 1, 1, 5, '12.0000', '12.0000', '12.0000', '12.0000', NULL, NULL),
(245, 2, 1, 5, '12.0000', '12.0000', '12.0000', '12.0000', NULL, NULL),
(245, 3, 1, 5, '12.0000', '12.0000', '12.0000', '12.0000', NULL, NULL),
(246, 0, 1, 5, '14.0000', '12.6000', '12.6000', '12.6000', NULL, NULL),
(246, 1, 1, 5, '14.0000', '14.0000', '14.0000', '14.0000', NULL, NULL),
(246, 2, 1, 5, '14.0000', '14.0000', '14.0000', '14.0000', NULL, NULL),
(246, 3, 1, 5, '14.0000', '14.0000', '14.0000', '14.0000', NULL, NULL),
(247, 0, 1, 5, '16.0000', '14.4000', '14.4000', '14.4000', NULL, NULL),
(247, 1, 1, 5, '16.0000', '16.0000', '16.0000', '16.0000', NULL, NULL),
(247, 2, 1, 5, '16.0000', '16.0000', '16.0000', '16.0000', NULL, NULL),
(247, 3, 1, 5, '16.0000', '16.0000', '16.0000', '16.0000', NULL, NULL),
(248, 0, 1, 5, '20.0000', '18.0000', '18.0000', '18.0000', NULL, NULL),
(248, 1, 1, 5, '20.0000', '20.0000', '20.0000', '20.0000', NULL, NULL),
(248, 2, 1, 5, '20.0000', '20.0000', '20.0000', '20.0000', NULL, NULL),
(248, 3, 1, 5, '20.0000', '20.0000', '20.0000', '20.0000', NULL, NULL),
(249, 0, 1, 5, '19.0000', '17.1000', '17.1000', '17.1000', NULL, NULL),
(249, 1, 1, 5, '19.0000', '19.0000', '19.0000', '19.0000', NULL, NULL),
(249, 2, 1, 5, '19.0000', '19.0000', '19.0000', '19.0000', NULL, NULL),
(249, 3, 1, 5, '19.0000', '19.0000', '19.0000', '19.0000', NULL, NULL),
(250, 0, 1, 5, '12.0000', '10.8000', '10.8000', '18.8000', NULL, NULL),
(250, 1, 1, 5, '12.0000', '12.0000', '12.0000', '20.0000', NULL, NULL),
(250, 2, 1, 5, '12.0000', '12.0000', '12.0000', '20.0000', NULL, NULL),
(250, 3, 1, 5, '12.0000', '12.0000', '12.0000', '20.0000', NULL, NULL),
(251, 0, 1, 5, '43.0000', '38.7000', '38.7000', '38.7000', NULL, NULL),
(251, 1, 1, 5, '43.0000', '43.0000', '43.0000', '43.0000', NULL, NULL),
(251, 2, 1, 5, '43.0000', '43.0000', '43.0000', '43.0000', NULL, NULL),
(251, 3, 1, 5, '43.0000', '43.0000', '43.0000', '43.0000', NULL, NULL),
(252, 0, 1, 5, '37.0000', '33.3000', '33.3000', '33.3000', NULL, NULL),
(252, 1, 1, 5, '37.0000', '37.0000', '37.0000', '37.0000', NULL, NULL),
(252, 2, 1, 5, '37.0000', '37.0000', '37.0000', '37.0000', NULL, NULL),
(252, 3, 1, 5, '37.0000', '37.0000', '37.0000', '37.0000', NULL, NULL),
(253, 0, 1, 5, '55.0000', '49.5000', '49.5000', '49.5000', NULL, NULL),
(253, 1, 1, 5, '55.0000', '55.0000', '55.0000', '55.0000', NULL, NULL),
(253, 2, 1, 5, '55.0000', '55.0000', '55.0000', '55.0000', NULL, NULL),
(253, 3, 1, 5, '55.0000', '55.0000', '55.0000', '55.0000', NULL, NULL),
(254, 0, 1, 5, '37.0000', '33.3000', '33.3000', '51.3000', NULL, NULL),
(254, 1, 1, 5, '37.0000', '37.0000', '37.0000', '55.0000', NULL, NULL),
(254, 2, 1, 5, '37.0000', '37.0000', '37.0000', '55.0000', NULL, NULL),
(254, 3, 1, 5, '37.0000', '37.0000', '37.0000', '55.0000', NULL, NULL),
(255, 0, 1, 5, '15.0000', '13.5000', '13.5000', '13.5000', NULL, NULL),
(255, 1, 1, 5, '15.0000', '15.0000', '15.0000', '15.0000', NULL, NULL),
(255, 2, 1, 5, '15.0000', '15.0000', '15.0000', '15.0000', NULL, NULL),
(255, 3, 1, 5, '15.0000', '15.0000', '15.0000', '15.0000', NULL, NULL),
(256, 0, 1, 5, '17.0000', '15.3000', '15.3000', '15.3000', NULL, NULL),
(256, 1, 1, 5, '17.0000', '17.0000', '17.0000', '17.0000', NULL, NULL),
(256, 2, 1, 5, '17.0000', '17.0000', '17.0000', '17.0000', NULL, NULL),
(256, 3, 1, 5, '17.0000', '17.0000', '17.0000', '17.0000', NULL, NULL),
(257, 0, 1, 5, '20.0000', '18.0000', '18.0000', '18.0000', NULL, NULL),
(257, 1, 1, 5, '20.0000', '20.0000', '20.0000', '20.0000', NULL, NULL),
(257, 2, 1, 5, '20.0000', '20.0000', '20.0000', '20.0000', NULL, NULL),
(257, 3, 1, 5, '20.0000', '20.0000', '20.0000', '20.0000', NULL, NULL),
(258, 0, 1, 5, '24.0000', '21.6000', '21.6000', '21.6000', NULL, NULL),
(258, 1, 1, 5, '24.0000', '24.0000', '24.0000', '24.0000', NULL, NULL),
(258, 2, 1, 5, '24.0000', '24.0000', '24.0000', '24.0000', NULL, NULL),
(258, 3, 1, 5, '24.0000', '24.0000', '24.0000', '24.0000', NULL, NULL),
(259, 0, 1, 5, '32.0000', '28.8000', '28.8000', '28.8000', NULL, NULL),
(259, 1, 1, 5, '32.0000', '32.0000', '32.0000', '32.0000', NULL, NULL),
(259, 2, 1, 5, '32.0000', '32.0000', '32.0000', '32.0000', NULL, NULL),
(259, 3, 1, 5, '32.0000', '32.0000', '32.0000', '32.0000', NULL, NULL),
(260, 0, 1, 5, '22.0000', '19.8000', '19.8000', '19.8000', NULL, NULL),
(260, 1, 1, 5, '22.0000', '22.0000', '22.0000', '22.0000', NULL, NULL),
(260, 2, 1, 5, '22.0000', '22.0000', '22.0000', '22.0000', NULL, NULL),
(260, 3, 1, 5, '22.0000', '22.0000', '22.0000', '22.0000', NULL, NULL),
(261, 0, 1, 5, '29.0000', '26.1000', '26.1000', '26.1000', NULL, NULL),
(261, 1, 1, 5, '29.0000', '29.0000', '29.0000', '29.0000', NULL, NULL),
(261, 2, 1, 5, '29.0000', '29.0000', '29.0000', '29.0000', NULL, NULL),
(261, 3, 1, 5, '29.0000', '29.0000', '29.0000', '29.0000', NULL, NULL),
(262, 0, 1, 5, '40.0000', '36.0000', '36.0000', '36.0000', NULL, NULL),
(262, 1, 1, 5, '40.0000', '40.0000', '40.0000', '40.0000', NULL, NULL),
(262, 2, 1, 5, '40.0000', '40.0000', '40.0000', '40.0000', NULL, NULL),
(262, 3, 1, 5, '40.0000', '40.0000', '40.0000', '40.0000', NULL, NULL),
(263, 0, 1, 5, '15.0000', '13.5000', '13.5000', '38.5000', NULL, NULL),
(263, 1, 1, 5, '15.0000', '15.0000', '15.0000', '40.0000', NULL, NULL),
(263, 2, 1, 5, '15.0000', '15.0000', '15.0000', '40.0000', NULL, NULL),
(263, 3, 1, 5, '15.0000', '15.0000', '15.0000', '40.0000', NULL, NULL),
(264, 0, 1, 5, '11.0000', '9.9000', '9.9000', '9.9000', NULL, NULL),
(264, 1, 1, 5, '11.0000', '11.0000', '11.0000', '11.0000', NULL, NULL),
(264, 2, 1, 5, '11.0000', '11.0000', '11.0000', '11.0000', NULL, NULL),
(264, 3, 1, 5, '11.0000', '11.0000', '11.0000', '11.0000', NULL, NULL),
(265, 0, 1, 5, '12.0000', '10.8000', '10.8000', '10.8000', NULL, NULL),
(265, 1, 1, 5, '12.0000', '12.0000', '12.0000', '12.0000', NULL, NULL),
(265, 2, 1, 5, '12.0000', '12.0000', '12.0000', '12.0000', NULL, NULL),
(265, 3, 1, 5, '12.0000', '12.0000', '12.0000', '12.0000', NULL, NULL),
(266, 0, 1, 5, '13.0000', '11.7000', '11.7000', '11.7000', NULL, NULL),
(266, 1, 1, 5, '13.0000', '13.0000', '13.0000', '13.0000', NULL, NULL),
(266, 2, 1, 5, '13.0000', '13.0000', '13.0000', '13.0000', NULL, NULL),
(266, 3, 1, 5, '13.0000', '13.0000', '13.0000', '13.0000', NULL, NULL),
(267, 0, 1, 5, '15.0000', '13.5000', '13.5000', '13.5000', NULL, NULL),
(267, 1, 1, 5, '15.0000', '15.0000', '15.0000', '15.0000', NULL, NULL),
(267, 2, 1, 5, '15.0000', '15.0000', '15.0000', '15.0000', NULL, NULL),
(267, 3, 1, 5, '15.0000', '15.0000', '15.0000', '15.0000', NULL, NULL),
(268, 0, 1, 5, '11.0000', '9.9000', '9.9000', '13.9000', NULL, NULL),
(268, 1, 1, 5, '11.0000', '11.0000', '11.0000', '15.0000', NULL, NULL),
(268, 2, 1, 5, '11.0000', '11.0000', '11.0000', '15.0000', NULL, NULL),
(268, 3, 1, 5, '11.0000', '11.0000', '11.0000', '15.0000', NULL, NULL),
(269, 0, 1, 5, '11.0000', '9.9000', '9.9000', '9.9000', NULL, NULL),
(269, 1, 1, 5, '11.0000', '11.0000', '11.0000', '11.0000', NULL, NULL),
(269, 2, 1, 5, '11.0000', '11.0000', '11.0000', '11.0000', NULL, NULL),
(269, 3, 1, 5, '11.0000', '11.0000', '11.0000', '11.0000', NULL, NULL),
(270, 0, 1, 5, '12.0000', '10.8000', '10.8000', '10.8000', NULL, NULL),
(270, 1, 1, 5, '12.0000', '12.0000', '12.0000', '12.0000', NULL, NULL),
(270, 2, 1, 5, '12.0000', '12.0000', '12.0000', '12.0000', NULL, NULL),
(270, 3, 1, 5, '12.0000', '12.0000', '12.0000', '12.0000', NULL, NULL),
(271, 0, 1, 5, '13.0000', '11.7000', '11.7000', '11.7000', NULL, NULL),
(271, 1, 1, 5, '13.0000', '13.0000', '13.0000', '13.0000', NULL, NULL),
(271, 2, 1, 5, '13.0000', '13.0000', '13.0000', '13.0000', NULL, NULL),
(271, 3, 1, 5, '13.0000', '13.0000', '13.0000', '13.0000', NULL, NULL),
(272, 0, 1, 5, '11.0000', '9.9000', '9.9000', '11.9000', NULL, NULL),
(272, 1, 1, 5, '11.0000', '11.0000', '11.0000', '13.0000', NULL, NULL),
(272, 2, 1, 5, '11.0000', '11.0000', '11.0000', '13.0000', NULL, NULL),
(272, 3, 1, 5, '11.0000', '11.0000', '11.0000', '13.0000', NULL, NULL),
(273, 0, 1, 5, '12.0000', '10.8000', '10.8000', '10.8000', NULL, NULL),
(273, 1, 1, 5, '12.0000', '12.0000', '12.0000', '12.0000', NULL, NULL),
(273, 2, 1, 5, '12.0000', '12.0000', '12.0000', '12.0000', NULL, NULL),
(273, 3, 1, 5, '12.0000', '12.0000', '12.0000', '12.0000', NULL, NULL),
(274, 0, 1, 5, '13.0000', '11.7000', '11.7000', '11.7000', NULL, NULL),
(274, 1, 1, 5, '13.0000', '13.0000', '13.0000', '13.0000', NULL, NULL),
(274, 2, 1, 5, '13.0000', '13.0000', '13.0000', '13.0000', NULL, NULL),
(274, 3, 1, 5, '13.0000', '13.0000', '13.0000', '13.0000', NULL, NULL),
(275, 0, 1, 5, '15.0000', '13.5000', '13.5000', '13.5000', NULL, NULL),
(275, 1, 1, 5, '15.0000', '15.0000', '15.0000', '15.0000', NULL, NULL),
(275, 2, 1, 5, '15.0000', '15.0000', '15.0000', '15.0000', NULL, NULL),
(275, 3, 1, 5, '15.0000', '15.0000', '15.0000', '15.0000', NULL, NULL),
(276, 0, 1, 5, '12.0000', '10.8000', '22.8000', '25.8000', NULL, NULL),
(276, 1, 1, 5, '12.0000', '12.0000', '24.0000', '27.0000', NULL, NULL),
(276, 2, 1, 5, '12.0000', '12.0000', '24.0000', '27.0000', NULL, NULL),
(276, 3, 1, 5, '12.0000', '12.0000', '24.0000', '27.0000', NULL, NULL),
(277, 0, 1, 5, '19.0000', '17.1000', '17.1000', '17.1000', NULL, NULL),
(277, 1, 1, 5, '19.0000', '19.0000', '19.0000', '19.0000', NULL, NULL),
(277, 2, 1, 5, '19.0000', '19.0000', '19.0000', '19.0000', NULL, NULL),
(277, 3, 1, 5, '19.0000', '19.0000', '19.0000', '19.0000', NULL, NULL),
(278, 0, 1, 5, '23.0000', '20.7000', '20.7000', '20.7000', NULL, NULL),
(278, 1, 1, 5, '23.0000', '23.0000', '23.0000', '23.0000', NULL, NULL),
(278, 2, 1, 5, '23.0000', '23.0000', '23.0000', '23.0000', NULL, NULL),
(278, 3, 1, 5, '23.0000', '23.0000', '23.0000', '23.0000', NULL, NULL),
(279, 0, 1, 5, '27.0000', '24.3000', '24.3000', '24.3000', NULL, NULL),
(279, 1, 1, 5, '27.0000', '27.0000', '27.0000', '27.0000', NULL, NULL),
(279, 2, 1, 5, '27.0000', '27.0000', '27.0000', '27.0000', NULL, NULL),
(279, 3, 1, 5, '27.0000', '27.0000', '27.0000', '27.0000', NULL, NULL),
(280, 0, 1, 5, '19.0000', '17.1000', '17.1000', '25.1000', NULL, NULL),
(280, 1, 1, 5, '19.0000', '19.0000', '19.0000', '27.0000', NULL, NULL),
(280, 2, 1, 5, '19.0000', '19.0000', '19.0000', '27.0000', NULL, NULL),
(280, 3, 1, 5, '19.0000', '19.0000', '19.0000', '27.0000', NULL, NULL),
(281, 0, 1, 5, '33.0000', '29.7000', '29.7000', '29.7000', NULL, NULL),
(281, 1, 1, 5, '33.0000', '33.0000', '33.0000', '33.0000', NULL, NULL),
(281, 2, 1, 5, '33.0000', '33.0000', '33.0000', '33.0000', NULL, NULL),
(281, 3, 1, 5, '33.0000', '33.0000', '33.0000', '33.0000', NULL, NULL),
(282, 0, 1, 5, '40.0000', '36.0000', '36.0000', '36.0000', NULL, NULL),
(282, 1, 1, 5, '40.0000', '40.0000', '40.0000', '40.0000', NULL, NULL),
(282, 2, 1, 5, '40.0000', '40.0000', '40.0000', '40.0000', NULL, NULL),
(282, 3, 1, 5, '40.0000', '40.0000', '40.0000', '40.0000', NULL, NULL),
(283, 0, 1, 5, '53.0000', '47.7000', '47.7000', '47.7000', NULL, NULL),
(283, 1, 1, 5, '53.0000', '53.0000', '53.0000', '53.0000', NULL, NULL),
(283, 2, 1, 5, '53.0000', '53.0000', '53.0000', '53.0000', NULL, NULL),
(283, 3, 1, 5, '53.0000', '53.0000', '53.0000', '53.0000', NULL, NULL),
(284, 0, 1, 5, '72.0000', '64.8000', '64.8000', '64.8000', NULL, NULL),
(284, 1, 1, 5, '72.0000', '72.0000', '72.0000', '72.0000', NULL, NULL),
(284, 2, 1, 5, '72.0000', '72.0000', '72.0000', '72.0000', NULL, NULL),
(284, 3, 1, 5, '72.0000', '72.0000', '72.0000', '72.0000', NULL, NULL),
(285, 0, 1, 5, '99.0000', '89.1000', '89.1000', '89.1000', NULL, NULL),
(285, 1, 1, 5, '99.0000', '99.0000', '99.0000', '99.0000', NULL, NULL),
(285, 2, 1, 5, '99.0000', '99.0000', '99.0000', '99.0000', NULL, NULL),
(285, 3, 1, 5, '99.0000', '99.0000', '99.0000', '99.0000', NULL, NULL),
(286, 0, 1, 5, '61.0000', '54.9000', '54.9000', '54.9000', NULL, NULL),
(286, 1, 1, 5, '61.0000', '61.0000', '61.0000', '61.0000', NULL, NULL),
(286, 2, 1, 5, '61.0000', '61.0000', '61.0000', '61.0000', NULL, NULL),
(286, 3, 1, 5, '61.0000', '61.0000', '61.0000', '61.0000', NULL, NULL),
(287, 0, 1, 5, '82.0000', '73.8000', '73.8000', '73.8000', NULL, NULL),
(287, 1, 1, 5, '82.0000', '82.0000', '82.0000', '82.0000', NULL, NULL),
(287, 2, 1, 5, '82.0000', '82.0000', '82.0000', '82.0000', NULL, NULL),
(287, 3, 1, 5, '82.0000', '82.0000', '82.0000', '82.0000', NULL, NULL),
(288, 0, 1, 5, '108.0000', '97.2000', '97.2000', '97.2000', NULL, NULL),
(288, 1, 1, 5, '108.0000', '108.0000', '108.0000', '108.0000', NULL, NULL),
(288, 2, 1, 5, '108.0000', '108.0000', '108.0000', '108.0000', NULL, NULL),
(288, 3, 1, 5, '108.0000', '108.0000', '108.0000', '108.0000', NULL, NULL),
(289, 0, 1, 5, '33.0000', '29.7000', '29.7000', '104.7000', NULL, NULL),
(289, 1, 1, 5, '33.0000', '33.0000', '33.0000', '108.0000', NULL, NULL),
(289, 2, 1, 5, '33.0000', '33.0000', '33.0000', '108.0000', NULL, NULL),
(289, 3, 1, 5, '33.0000', '33.0000', '33.0000', '108.0000', NULL, NULL),
(290, 0, 1, 5, '50.0000', '45.0000', '45.0000', '45.0000', NULL, NULL),
(290, 1, 1, 5, '50.0000', '50.0000', '50.0000', '50.0000', NULL, NULL),
(290, 2, 1, 5, '50.0000', '50.0000', '50.0000', '50.0000', NULL, NULL),
(290, 3, 1, 5, '50.0000', '50.0000', '50.0000', '50.0000', NULL, NULL),
(291, 0, 1, 5, '58.0000', '52.2000', '52.2000', '52.2000', NULL, NULL),
(291, 1, 1, 5, '58.0000', '58.0000', '58.0000', '58.0000', NULL, NULL),
(291, 2, 1, 5, '58.0000', '58.0000', '58.0000', '58.0000', NULL, NULL),
(291, 3, 1, 5, '58.0000', '58.0000', '58.0000', '58.0000', NULL, NULL),
(292, 0, 1, 5, '66.0000', '59.4000', '59.4000', '59.4000', NULL, NULL),
(292, 1, 1, 5, '66.0000', '66.0000', '66.0000', '66.0000', NULL, NULL),
(292, 2, 1, 5, '66.0000', '66.0000', '66.0000', '66.0000', NULL, NULL),
(292, 3, 1, 5, '66.0000', '66.0000', '66.0000', '66.0000', NULL, NULL),
(293, 0, 1, 5, '88.0000', '79.2000', '79.2000', '79.2000', NULL, NULL),
(293, 1, 1, 5, '88.0000', '88.0000', '88.0000', '88.0000', NULL, NULL),
(293, 2, 1, 5, '88.0000', '88.0000', '88.0000', '88.0000', NULL, NULL),
(293, 3, 1, 5, '88.0000', '88.0000', '88.0000', '88.0000', NULL, NULL),
(294, 0, 1, 5, '121.0000', '108.9000', '108.9000', '108.9000', NULL, NULL),
(294, 1, 1, 5, '121.0000', '121.0000', '121.0000', '121.0000', NULL, NULL),
(294, 2, 1, 5, '121.0000', '121.0000', '121.0000', '121.0000', NULL, NULL),
(294, 3, 1, 5, '121.0000', '121.0000', '121.0000', '121.0000', NULL, NULL),
(295, 0, 1, 5, '75.0000', '67.5000', '67.5000', '67.5000', NULL, NULL),
(295, 1, 1, 5, '75.0000', '75.0000', '75.0000', '75.0000', NULL, NULL),
(295, 2, 1, 5, '75.0000', '75.0000', '75.0000', '75.0000', NULL, NULL),
(295, 3, 1, 5, '75.0000', '75.0000', '75.0000', '75.0000', NULL, NULL),
(296, 0, 1, 5, '101.0000', '90.9000', '90.9000', '90.9000', NULL, NULL),
(296, 1, 1, 5, '101.0000', '101.0000', '101.0000', '101.0000', NULL, NULL),
(296, 2, 1, 5, '101.0000', '101.0000', '101.0000', '101.0000', NULL, NULL),
(296, 3, 1, 5, '101.0000', '101.0000', '101.0000', '101.0000', NULL, NULL),
(297, 0, 1, 5, '134.0000', '120.6000', '120.6000', '120.6000', NULL, NULL),
(297, 1, 1, 5, '134.0000', '134.0000', '134.0000', '134.0000', NULL, NULL),
(297, 2, 1, 5, '134.0000', '134.0000', '134.0000', '134.0000', NULL, NULL),
(297, 3, 1, 5, '134.0000', '134.0000', '134.0000', '134.0000', NULL, NULL),
(298, 0, 1, 5, '50.0000', '45.0000', '45.0000', '129.0000', NULL, NULL),
(298, 1, 1, 5, '50.0000', '50.0000', '50.0000', '134.0000', NULL, NULL),
(298, 2, 1, 5, '50.0000', '50.0000', '50.0000', '134.0000', NULL, NULL),
(298, 3, 1, 5, '50.0000', '50.0000', '50.0000', '134.0000', NULL, NULL),
(299, 0, 1, 5, '80.0000', '72.0000', '72.0000', '72.0000', NULL, NULL),
(299, 1, 1, 5, '80.0000', '80.0000', '80.0000', '80.0000', NULL, NULL),
(299, 2, 1, 5, '80.0000', '80.0000', '80.0000', '80.0000', NULL, NULL),
(299, 3, 1, 5, '80.0000', '80.0000', '80.0000', '80.0000', NULL, NULL),
(300, 0, 1, 5, '107.0000', '96.3000', '96.3000', '96.3000', NULL, NULL),
(300, 1, 1, 5, '107.0000', '107.0000', '107.0000', '107.0000', NULL, NULL),
(300, 2, 1, 5, '107.0000', '107.0000', '107.0000', '107.0000', NULL, NULL),
(300, 3, 1, 5, '107.0000', '107.0000', '107.0000', '107.0000', NULL, NULL),
(301, 0, 1, 5, '90.0000', '81.0000', '81.0000', '81.0000', NULL, NULL),
(301, 1, 1, 5, '90.0000', '90.0000', '90.0000', '90.0000', NULL, NULL),
(301, 2, 1, 5, '90.0000', '90.0000', '90.0000', '90.0000', NULL, NULL),
(301, 3, 1, 5, '90.0000', '90.0000', '90.0000', '90.0000', NULL, NULL),
(302, 0, 1, 5, '117.0000', '105.3000', '105.3000', '105.3000', NULL, NULL),
(302, 1, 1, 5, '117.0000', '117.0000', '117.0000', '117.0000', NULL, NULL),
(302, 2, 1, 5, '117.0000', '117.0000', '117.0000', '117.0000', NULL, NULL),
(302, 3, 1, 5, '117.0000', '117.0000', '117.0000', '117.0000', NULL, NULL),
(303, 0, 1, 5, '80.0000', '72.0000', '152.0000', '189.0000', NULL, NULL),
(303, 1, 1, 5, '80.0000', '80.0000', '160.0000', '197.0000', NULL, NULL),
(303, 2, 1, 5, '80.0000', '80.0000', '160.0000', '197.0000', NULL, NULL),
(303, 3, 1, 5, '80.0000', '80.0000', '160.0000', '197.0000', NULL, NULL),
(304, 0, 1, 5, '83.0000', '74.7000', '74.7000', '74.7000', NULL, NULL),
(304, 1, 1, 5, '83.0000', '83.0000', '83.0000', '83.0000', NULL, NULL),
(304, 2, 1, 5, '83.0000', '83.0000', '83.0000', '83.0000', NULL, NULL),
(304, 3, 1, 5, '83.0000', '83.0000', '83.0000', '83.0000', NULL, NULL),
(305, 0, 1, 5, '111.0000', '99.9000', '99.9000', '99.9000', NULL, NULL),
(305, 1, 1, 5, '111.0000', '111.0000', '111.0000', '111.0000', NULL, NULL),
(305, 2, 1, 5, '111.0000', '111.0000', '111.0000', '111.0000', NULL, NULL),
(305, 3, 1, 5, '111.0000', '111.0000', '111.0000', '111.0000', NULL, NULL),
(306, 0, 1, 5, '93.0000', '83.7000', '83.7000', '83.7000', NULL, NULL),
(306, 1, 1, 5, '93.0000', '93.0000', '93.0000', '93.0000', NULL, NULL),
(306, 2, 1, 5, '93.0000', '93.0000', '93.0000', '93.0000', NULL, NULL),
(306, 3, 1, 5, '93.0000', '93.0000', '93.0000', '93.0000', NULL, NULL),
(307, 0, 1, 5, '121.0000', '108.9000', '108.9000', '108.9000', NULL, NULL),
(307, 1, 1, 5, '121.0000', '121.0000', '121.0000', '121.0000', NULL, NULL),
(307, 2, 1, 5, '121.0000', '121.0000', '121.0000', '121.0000', NULL, NULL),
(307, 3, 1, 5, '121.0000', '121.0000', '121.0000', '121.0000', NULL, NULL),
(308, 0, 1, 5, '83.0000', '74.7000', '74.7000', '162.7000', NULL, NULL),
(308, 1, 1, 5, '83.0000', '83.0000', '83.0000', '171.0000', NULL, NULL),
(308, 2, 1, 5, '83.0000', '83.0000', '83.0000', '171.0000', NULL, NULL),
(308, 3, 1, 5, '83.0000', '83.0000', '83.0000', '171.0000', NULL, NULL),
(309, 0, 1, 5, '83.0000', '74.7000', '74.7000', '74.7000', NULL, NULL),
(309, 1, 1, 5, '83.0000', '83.0000', '83.0000', '83.0000', NULL, NULL),
(309, 2, 1, 5, '83.0000', '83.0000', '83.0000', '83.0000', NULL, NULL),
(309, 3, 1, 5, '83.0000', '83.0000', '83.0000', '83.0000', NULL, NULL),
(310, 0, 1, 5, '96.0000', '86.4000', '86.4000', '86.4000', NULL, NULL),
(310, 1, 1, 5, '96.0000', '96.0000', '96.0000', '96.0000', NULL, NULL),
(310, 2, 1, 5, '96.0000', '96.0000', '96.0000', '96.0000', NULL, NULL),
(310, 3, 1, 5, '96.0000', '96.0000', '96.0000', '96.0000', NULL, NULL),
(311, 0, 1, 5, '116.0000', '104.4000', '104.4000', '104.4000', NULL, NULL),
(311, 1, 1, 5, '116.0000', '116.0000', '116.0000', '116.0000', NULL, NULL),
(311, 2, 1, 5, '116.0000', '116.0000', '116.0000', '116.0000', NULL, NULL),
(311, 3, 1, 5, '116.0000', '116.0000', '116.0000', '116.0000', NULL, NULL),
(312, 0, 1, 5, '133.0000', '119.7000', '119.7000', '119.7000', NULL, NULL),
(312, 1, 1, 5, '133.0000', '133.0000', '133.0000', '133.0000', NULL, NULL),
(312, 2, 1, 5, '133.0000', '133.0000', '133.0000', '133.0000', NULL, NULL),
(312, 3, 1, 5, '133.0000', '133.0000', '133.0000', '133.0000', NULL, NULL),
(313, 0, 1, 5, '83.0000', '74.7000', '74.7000', '124.7000', NULL, NULL),
(313, 1, 1, 5, '83.0000', '83.0000', '83.0000', '133.0000', NULL, NULL),
(313, 2, 1, 5, '83.0000', '83.0000', '83.0000', '133.0000', NULL, NULL),
(313, 3, 1, 5, '83.0000', '83.0000', '83.0000', '133.0000', NULL, NULL),
(314, 0, 1, 5, '60.0000', '54.0000', '54.0000', '54.0000', NULL, NULL),
(314, 1, 1, 5, '60.0000', '60.0000', '60.0000', '60.0000', NULL, NULL),
(314, 2, 1, 5, '60.0000', '60.0000', '60.0000', '60.0000', NULL, NULL),
(314, 3, 1, 5, '60.0000', '60.0000', '60.0000', '60.0000', NULL, NULL),
(315, 0, 1, 5, '71.0000', '63.9000', '63.9000', '63.9000', NULL, NULL),
(315, 1, 1, 5, '71.0000', '71.0000', '71.0000', '71.0000', NULL, NULL),
(315, 2, 1, 5, '71.0000', '71.0000', '71.0000', '71.0000', NULL, NULL),
(315, 3, 1, 5, '71.0000', '71.0000', '71.0000', '71.0000', NULL, NULL),
(316, 0, 1, 5, '69.0000', '62.1000', '62.1000', '62.1000', NULL, NULL),
(316, 1, 1, 5, '69.0000', '69.0000', '69.0000', '69.0000', NULL, NULL),
(316, 2, 1, 5, '69.0000', '69.0000', '69.0000', '69.0000', NULL, NULL),
(316, 3, 1, 5, '69.0000', '69.0000', '69.0000', '69.0000', NULL, NULL),
(317, 0, 1, 5, '101.0000', '90.9000', '90.9000', '90.9000', NULL, NULL),
(317, 1, 1, 5, '101.0000', '101.0000', '101.0000', '101.0000', NULL, NULL),
(317, 2, 1, 5, '101.0000', '101.0000', '101.0000', '101.0000', NULL, NULL),
(317, 3, 1, 5, '101.0000', '101.0000', '101.0000', '101.0000', NULL, NULL),
(318, 0, 1, 5, '60.0000', '54.0000', '54.0000', '95.0000', NULL, NULL),
(318, 1, 1, 5, '60.0000', '60.0000', '60.0000', '101.0000', NULL, NULL),
(318, 2, 1, 5, '60.0000', '60.0000', '60.0000', '101.0000', NULL, NULL),
(318, 3, 1, 5, '60.0000', '60.0000', '60.0000', '101.0000', NULL, NULL),
(319, 0, 1, 5, '88.0000', '79.2000', '79.2000', '79.2000', NULL, NULL),
(319, 1, 1, 5, '88.0000', '88.0000', '88.0000', '88.0000', NULL, NULL),
(319, 2, 1, 5, '88.0000', '88.0000', '88.0000', '88.0000', NULL, NULL),
(319, 3, 1, 5, '88.0000', '88.0000', '88.0000', '88.0000', NULL, NULL),
(320, 0, 1, 5, '102.0000', '91.8000', '91.8000', '91.8000', NULL, NULL),
(320, 1, 1, 5, '102.0000', '102.0000', '102.0000', '102.0000', NULL, NULL),
(320, 2, 1, 5, '102.0000', '102.0000', '102.0000', '102.0000', NULL, NULL),
(320, 3, 1, 5, '102.0000', '102.0000', '102.0000', '102.0000', NULL, NULL),
(321, 0, 1, 2, '108.0000', '97.2000', '97.2000', '97.2000', NULL, NULL),
(321, 1, 1, 2, '108.0000', '108.0000', '108.0000', '108.0000', NULL, NULL),
(321, 2, 1, 2, '108.0000', '108.0000', '108.0000', '108.0000', NULL, NULL),
(321, 3, 1, 2, '108.0000', '108.0000', '108.0000', '108.0000', NULL, NULL),
(322, 0, 1, 5, '135.0000', '121.5000', '121.5000', '121.5000', NULL, NULL),
(322, 1, 1, 5, '135.0000', '135.0000', '135.0000', '135.0000', NULL, NULL),
(322, 2, 1, 5, '135.0000', '135.0000', '135.0000', '135.0000', NULL, NULL),
(322, 3, 1, 5, '135.0000', '135.0000', '135.0000', '135.0000', NULL, NULL),
(323, 0, 1, 5, '88.0000', '79.2000', '79.2000', '126.2000', NULL, NULL),
(323, 1, 1, 5, '88.0000', '88.0000', '88.0000', '135.0000', NULL, NULL),
(323, 2, 1, 5, '88.0000', '88.0000', '88.0000', '135.0000', NULL, NULL),
(323, 3, 1, 5, '88.0000', '88.0000', '88.0000', '135.0000', NULL, NULL),
(324, 0, 1, 5, '125.0000', '112.5000', '112.5000', '112.5000', NULL, NULL),
(324, 1, 1, 5, '125.0000', '125.0000', '125.0000', '125.0000', NULL, NULL),
(324, 2, 1, 5, '125.0000', '125.0000', '125.0000', '125.0000', NULL, NULL),
(324, 3, 1, 5, '125.0000', '125.0000', '125.0000', '125.0000', NULL, NULL),
(325, 0, 1, 5, '114.0000', '102.6000', '102.6000', '102.6000', NULL, NULL),
(325, 1, 1, 5, '114.0000', '114.0000', '114.0000', '114.0000', NULL, NULL),
(325, 2, 1, 5, '114.0000', '114.0000', '114.0000', '114.0000', NULL, NULL),
(325, 3, 1, 5, '114.0000', '114.0000', '114.0000', '114.0000', NULL, NULL),
(326, 0, 1, 5, '137.0000', '123.3000', '123.3000', '123.3000', NULL, NULL),
(326, 1, 1, 5, '137.0000', '137.0000', '137.0000', '137.0000', NULL, NULL),
(326, 2, 1, 5, '137.0000', '137.0000', '137.0000', '137.0000', NULL, NULL),
(326, 3, 1, 5, '137.0000', '137.0000', '137.0000', '137.0000', NULL, NULL),
(327, 0, 1, 5, '114.0000', '102.6000', '102.6000', '125.6000', NULL, NULL),
(327, 1, 1, 5, '114.0000', '114.0000', '114.0000', '137.0000', NULL, NULL),
(327, 2, 1, 5, '114.0000', '114.0000', '114.0000', '137.0000', NULL, NULL),
(327, 3, 1, 5, '114.0000', '114.0000', '114.0000', '137.0000', NULL, NULL),
(328, 0, 1, 5, '16.0000', '14.4000', '14.4000', '14.4000', NULL, NULL),
(328, 1, 1, 5, '16.0000', '16.0000', '16.0000', '16.0000', NULL, NULL),
(328, 2, 1, 5, '16.0000', '16.0000', '16.0000', '16.0000', NULL, NULL),
(328, 3, 1, 5, '16.0000', '16.0000', '16.0000', '16.0000', NULL, NULL),
(329, 0, 1, 5, '21.0000', '18.9000', '18.9000', '18.9000', NULL, NULL),
(329, 1, 1, 5, '21.0000', '21.0000', '21.0000', '21.0000', NULL, NULL),
(329, 2, 1, 5, '21.0000', '21.0000', '21.0000', '21.0000', NULL, NULL),
(329, 3, 1, 5, '21.0000', '21.0000', '21.0000', '21.0000', NULL, NULL),
(330, 0, 1, 5, '27.0000', '24.3000', '24.3000', '24.3000', NULL, NULL),
(330, 1, 1, 5, '27.0000', '27.0000', '27.0000', '27.0000', NULL, NULL),
(330, 2, 1, 5, '27.0000', '27.0000', '27.0000', '27.0000', NULL, NULL),
(330, 3, 1, 5, '27.0000', '27.0000', '27.0000', '27.0000', NULL, NULL),
(331, 0, 1, 5, '16.0000', '14.4000', '16.4000', '25.4000', NULL, NULL),
(331, 1, 1, 5, '16.0000', '16.0000', '18.0000', '27.0000', NULL, NULL),
(331, 2, 1, 5, '16.0000', '16.0000', '18.0000', '27.0000', NULL, NULL),
(331, 3, 1, 5, '16.0000', '16.0000', '18.0000', '27.0000', NULL, NULL),
(332, 0, 1, 5, '11.0000', '9.9000', '9.9000', '9.9000', NULL, NULL),
(332, 1, 1, 5, '11.0000', '11.0000', '11.0000', '11.0000', NULL, NULL),
(332, 2, 1, 5, '11.0000', '11.0000', '11.0000', '11.0000', NULL, NULL),
(332, 3, 1, 5, '11.0000', '11.0000', '11.0000', '11.0000', NULL, NULL),
(333, 0, 1, 5, '12.0000', '10.8000', '10.8000', '10.8000', NULL, NULL),
(333, 1, 1, 5, '12.0000', '12.0000', '12.0000', '12.0000', NULL, NULL),
(333, 2, 1, 5, '12.0000', '12.0000', '12.0000', '12.0000', NULL, NULL),
(333, 3, 1, 5, '12.0000', '12.0000', '12.0000', '12.0000', NULL, NULL),
(334, 0, 1, 5, '13.0000', '11.7000', '11.7000', '11.7000', NULL, NULL),
(334, 1, 1, 5, '13.0000', '13.0000', '13.0000', '13.0000', NULL, NULL),
(334, 2, 1, 5, '13.0000', '13.0000', '13.0000', '13.0000', NULL, NULL),
(334, 3, 1, 5, '13.0000', '13.0000', '13.0000', '13.0000', NULL, NULL),
(335, 0, 1, 5, '14.0000', '12.6000', '12.6000', '12.6000', NULL, NULL),
(335, 1, 1, 5, '14.0000', '14.0000', '14.0000', '14.0000', NULL, NULL),
(335, 2, 1, 5, '14.0000', '14.0000', '14.0000', '14.0000', NULL, NULL),
(335, 3, 1, 5, '14.0000', '14.0000', '14.0000', '14.0000', NULL, NULL),
(336, 0, 1, 5, '15.0000', '13.5000', '13.5000', '13.5000', NULL, NULL),
(336, 1, 1, 5, '15.0000', '15.0000', '15.0000', '15.0000', NULL, NULL),
(336, 2, 1, 5, '15.0000', '15.0000', '15.0000', '15.0000', NULL, NULL),
(336, 3, 1, 5, '15.0000', '15.0000', '15.0000', '15.0000', NULL, NULL),
(337, 0, 1, 5, '14.0000', '12.6000', '12.6000', '12.6000', NULL, NULL),
(337, 1, 1, 5, '14.0000', '14.0000', '14.0000', '14.0000', NULL, NULL),
(337, 2, 1, 5, '14.0000', '14.0000', '14.0000', '14.0000', NULL, NULL),
(337, 3, 1, 5, '14.0000', '14.0000', '14.0000', '14.0000', NULL, NULL),
(338, 0, 1, 5, '15.0000', '13.5000', '13.5000', '13.5000', NULL, NULL),
(338, 1, 1, 5, '15.0000', '15.0000', '15.0000', '15.0000', NULL, NULL),
(338, 2, 1, 5, '15.0000', '15.0000', '15.0000', '15.0000', NULL, NULL),
(338, 3, 1, 5, '15.0000', '15.0000', '15.0000', '15.0000', NULL, NULL),
(339, 0, 1, 5, '17.0000', '15.3000', '15.3000', '15.3000', NULL, NULL),
(339, 1, 1, 5, '17.0000', '17.0000', '17.0000', '17.0000', NULL, NULL),
(339, 2, 1, 5, '17.0000', '17.0000', '17.0000', '17.0000', NULL, NULL),
(339, 3, 1, 5, '17.0000', '17.0000', '17.0000', '17.0000', NULL, NULL),
(340, 0, 1, 5, '14.0000', '12.6000', '12.6000', '15.6000', NULL, NULL),
(340, 1, 1, 5, '14.0000', '14.0000', '14.0000', '17.0000', NULL, NULL),
(340, 2, 1, 5, '14.0000', '14.0000', '14.0000', '17.0000', NULL, NULL),
(340, 3, 1, 5, '14.0000', '14.0000', '14.0000', '17.0000', NULL, NULL),
(341, 0, 1, 5, '11.0000', '9.9000', '9.9000', '9.9000', NULL, NULL),
(341, 1, 1, 5, '11.0000', '11.0000', '11.0000', '11.0000', NULL, NULL),
(341, 2, 1, 5, '11.0000', '11.0000', '11.0000', '11.0000', NULL, NULL),
(341, 3, 1, 5, '11.0000', '11.0000', '11.0000', '11.0000', NULL, NULL),
(342, 0, 1, 5, '12.0000', '10.8000', '10.8000', '10.8000', NULL, NULL),
(342, 1, 1, 5, '12.0000', '12.0000', '12.0000', '12.0000', NULL, NULL),
(342, 2, 1, 5, '12.0000', '12.0000', '12.0000', '12.0000', NULL, NULL),
(342, 3, 1, 5, '12.0000', '12.0000', '12.0000', '12.0000', NULL, NULL),
(343, 0, 1, 5, '13.0000', '11.7000', '11.7000', '11.7000', NULL, NULL),
(343, 1, 1, 5, '13.0000', '13.0000', '13.0000', '13.0000', NULL, NULL),
(343, 2, 1, 5, '13.0000', '13.0000', '13.0000', '13.0000', NULL, NULL),
(343, 3, 1, 5, '13.0000', '13.0000', '13.0000', '13.0000', NULL, NULL),
(344, 0, 1, 5, '14.0000', '12.6000', '12.6000', '12.6000', NULL, NULL),
(344, 1, 1, 5, '14.0000', '14.0000', '14.0000', '14.0000', NULL, NULL),
(344, 2, 1, 5, '14.0000', '14.0000', '14.0000', '14.0000', NULL, NULL),
(344, 3, 1, 5, '14.0000', '14.0000', '14.0000', '14.0000', NULL, NULL),
(345, 0, 1, 5, '15.0000', '13.5000', '13.5000', '13.5000', NULL, NULL),
(345, 1, 1, 5, '15.0000', '15.0000', '15.0000', '15.0000', NULL, NULL),
(345, 2, 1, 5, '15.0000', '15.0000', '15.0000', '15.0000', NULL, NULL),
(345, 3, 1, 5, '15.0000', '15.0000', '15.0000', '15.0000', NULL, NULL),
(346, 0, 1, 5, '15.5000', '13.9500', '13.9500', '13.9500', NULL, NULL),
(346, 1, 1, 5, '15.5000', '15.5000', '15.5000', '15.5000', NULL, NULL),
(346, 2, 1, 5, '15.5000', '15.5000', '15.5000', '15.5000', NULL, NULL),
(346, 3, 1, 5, '15.5000', '15.5000', '15.5000', '15.5000', NULL, NULL),
(347, 0, 1, 5, '11.0000', '9.9000', '9.9000', '14.4000', NULL, NULL),
(347, 1, 1, 5, '11.0000', '11.0000', '11.0000', '15.5000', NULL, NULL),
(347, 2, 1, 5, '11.0000', '11.0000', '11.0000', '15.5000', NULL, NULL),
(347, 3, 1, 5, '11.0000', '11.0000', '11.0000', '15.5000', NULL, NULL),
(348, 0, 1, 5, '15.0000', '13.5000', '13.5000', '13.5000', NULL, NULL),
(348, 1, 1, 5, '15.0000', '15.0000', '15.0000', '15.0000', NULL, NULL),
(348, 2, 1, 5, '15.0000', '15.0000', '15.0000', '15.0000', NULL, NULL),
(348, 3, 1, 5, '15.0000', '15.0000', '15.0000', '15.0000', NULL, NULL),
(349, 0, 1, 5, '17.0000', '15.3000', '15.3000', '15.3000', NULL, NULL),
(349, 1, 1, 5, '17.0000', '17.0000', '17.0000', '17.0000', NULL, NULL),
(349, 2, 1, 5, '17.0000', '17.0000', '17.0000', '17.0000', NULL, NULL),
(349, 3, 1, 5, '17.0000', '17.0000', '17.0000', '17.0000', NULL, NULL),
(350, 0, 1, 5, '15.5000', '13.9500', '13.9500', '13.9500', NULL, NULL),
(350, 1, 1, 5, '15.5000', '15.5000', '15.5000', '15.5000', NULL, NULL),
(350, 2, 1, 5, '15.5000', '15.5000', '15.5000', '15.5000', NULL, NULL),
(350, 3, 1, 5, '15.5000', '15.5000', '15.5000', '15.5000', NULL, NULL),
(351, 0, 1, 5, '18.0000', '16.2000', '16.2000', '16.2000', NULL, NULL),
(351, 1, 1, 5, '18.0000', '18.0000', '18.0000', '18.0000', NULL, NULL),
(351, 2, 1, 5, '18.0000', '18.0000', '18.0000', '18.0000', NULL, NULL),
(351, 3, 1, 5, '18.0000', '18.0000', '18.0000', '18.0000', NULL, NULL),
(352, 0, 1, 5, '20.0000', '18.0000', '18.0000', '18.0000', NULL, NULL),
(352, 1, 1, 5, '20.0000', '20.0000', '20.0000', '20.0000', NULL, NULL),
(352, 2, 1, 5, '20.0000', '20.0000', '20.0000', '20.0000', NULL, NULL),
(352, 3, 1, 5, '20.0000', '20.0000', '20.0000', '20.0000', NULL, NULL),
(353, 0, 1, 5, '15.0000', '13.5000', '13.5000', '18.5000', NULL, NULL),
(353, 1, 1, 5, '15.0000', '15.0000', '15.0000', '20.0000', NULL, NULL),
(353, 2, 1, 5, '15.0000', '15.0000', '15.0000', '20.0000', NULL, NULL),
(353, 3, 1, 5, '15.0000', '15.0000', '15.0000', '20.0000', NULL, NULL),
(354, 0, 1, 5, '89.0000', '80.1000', '80.1000', '80.1000', NULL, NULL),
(354, 1, 1, 5, '89.0000', '89.0000', '89.0000', '89.0000', NULL, NULL),
(354, 2, 1, 5, '89.0000', '89.0000', '89.0000', '89.0000', NULL, NULL),
(354, 3, 1, 5, '89.0000', '89.0000', '89.0000', '89.0000', NULL, NULL),
(355, 0, 1, 5, '107.0000', '96.3000', '96.3000', '96.3000', NULL, NULL),
(355, 1, 1, 5, '107.0000', '107.0000', '107.0000', '107.0000', NULL, NULL),
(355, 2, 1, 5, '107.0000', '107.0000', '107.0000', '107.0000', NULL, NULL),
(355, 3, 1, 5, '107.0000', '107.0000', '107.0000', '107.0000', NULL, NULL),
(356, 0, 1, 5, '89.0000', '80.1000', '80.1000', '80.1000', NULL, NULL),
(356, 1, 1, 5, '89.0000', '89.0000', '89.0000', '89.0000', NULL, NULL),
(356, 2, 1, 5, '89.0000', '89.0000', '89.0000', '89.0000', NULL, NULL),
(356, 3, 1, 5, '89.0000', '89.0000', '89.0000', '89.0000', NULL, NULL);
INSERT INTO `catalog_product_index_price_idx` (`entity_id`, `customer_group_id`, `website_id`, `tax_class_id`, `price`, `final_price`, `min_price`, `max_price`, `tier_price`, `group_price`) VALUES
(357, 0, 1, 5, '25.0000', '22.5000', '22.5000', '22.5000', NULL, NULL),
(357, 1, 1, 5, '25.0000', '25.0000', '25.0000', '25.0000', NULL, NULL),
(357, 2, 1, 5, '25.0000', '25.0000', '25.0000', '25.0000', NULL, NULL),
(357, 3, 1, 5, '25.0000', '25.0000', '25.0000', '25.0000', NULL, NULL),
(358, 0, 1, 5, '42.0000', '37.8000', '37.8000', '37.8000', NULL, NULL),
(358, 1, 1, 5, '42.0000', '42.0000', '42.0000', '42.0000', NULL, NULL),
(358, 2, 1, 5, '42.0000', '42.0000', '42.0000', '42.0000', NULL, NULL),
(358, 3, 1, 5, '42.0000', '42.0000', '42.0000', '42.0000', NULL, NULL),
(359, 0, 1, 5, '25.0000', '22.5000', '22.5000', '39.5000', NULL, NULL),
(359, 1, 1, 5, '25.0000', '25.0000', '25.0000', '42.0000', NULL, NULL),
(359, 2, 1, 5, '25.0000', '25.0000', '25.0000', '42.0000', NULL, NULL),
(359, 3, 1, 5, '25.0000', '25.0000', '25.0000', '42.0000', NULL, NULL),
(360, 0, 1, 5, '91.0000', '81.9000', '81.9000', '81.9000', NULL, NULL),
(360, 1, 1, 5, '91.0000', '91.0000', '91.0000', '91.0000', NULL, NULL),
(360, 2, 1, 5, '91.0000', '91.0000', '91.0000', '91.0000', NULL, NULL),
(360, 3, 1, 5, '91.0000', '91.0000', '91.0000', '91.0000', NULL, NULL),
(361, 0, 1, 5, '84.0000', '75.6000', '75.6000', '75.6000', NULL, NULL),
(361, 1, 1, 5, '84.0000', '84.0000', '84.0000', '84.0000', NULL, NULL),
(361, 2, 1, 5, '84.0000', '84.0000', '84.0000', '84.0000', NULL, NULL),
(361, 3, 1, 5, '84.0000', '84.0000', '84.0000', '84.0000', NULL, NULL),
(362, 0, 1, 5, '84.0000', '75.6000', '75.6000', '82.6000', NULL, NULL),
(362, 1, 1, 5, '84.0000', '84.0000', '84.0000', '91.0000', NULL, NULL),
(362, 2, 1, 5, '84.0000', '84.0000', '84.0000', '91.0000', NULL, NULL),
(362, 3, 1, 5, '84.0000', '84.0000', '84.0000', '91.0000', NULL, NULL),
(363, 0, 1, 5, '21.0000', '18.9000', '18.9000', '18.9000', NULL, NULL),
(363, 1, 1, 5, '21.0000', '21.0000', '21.0000', '21.0000', NULL, NULL),
(363, 2, 1, 5, '21.0000', '21.0000', '21.0000', '21.0000', NULL, NULL),
(363, 3, 1, 5, '21.0000', '21.0000', '21.0000', '21.0000', NULL, NULL),
(364, 0, 1, 5, '27.0000', '24.3000', '24.3000', '24.3000', NULL, NULL),
(364, 1, 1, 5, '27.0000', '27.0000', '27.0000', '27.0000', NULL, NULL),
(364, 2, 1, 5, '27.0000', '27.0000', '27.0000', '27.0000', NULL, NULL),
(364, 3, 1, 5, '27.0000', '27.0000', '27.0000', '27.0000', NULL, NULL),
(365, 0, 1, 5, '21.0000', '18.9000', '18.9000', '24.9000', NULL, NULL),
(365, 1, 1, 5, '21.0000', '21.0000', '21.0000', '27.0000', NULL, NULL),
(365, 2, 1, 5, '21.0000', '21.0000', '21.0000', '27.0000', NULL, NULL),
(365, 3, 1, 5, '21.0000', '21.0000', '21.0000', '27.0000', NULL, NULL),
(366, 0, 1, 5, '18.0000', '16.2000', '16.2000', '16.2000', NULL, NULL),
(366, 1, 1, 5, '18.0000', '18.0000', '18.0000', '18.0000', NULL, NULL),
(366, 2, 1, 5, '18.0000', '18.0000', '18.0000', '18.0000', NULL, NULL),
(366, 3, 1, 5, '18.0000', '18.0000', '18.0000', '18.0000', NULL, NULL),
(367, 0, 1, 5, '21.0000', '18.9000', '18.9000', '18.9000', NULL, NULL),
(367, 1, 1, 5, '21.0000', '21.0000', '21.0000', '21.0000', NULL, NULL),
(367, 2, 1, 5, '21.0000', '21.0000', '21.0000', '21.0000', NULL, NULL),
(367, 3, 1, 5, '21.0000', '21.0000', '21.0000', '21.0000', NULL, NULL),
(368, 0, 1, 5, '25.0000', '22.5000', '22.5000', '22.5000', NULL, NULL),
(368, 1, 1, 5, '25.0000', '25.0000', '25.0000', '25.0000', NULL, NULL),
(368, 2, 1, 5, '25.0000', '25.0000', '25.0000', '25.0000', NULL, NULL),
(368, 3, 1, 5, '25.0000', '25.0000', '25.0000', '25.0000', NULL, NULL),
(369, 0, 1, 5, '18.0000', '16.2000', '16.2000', '23.2000', NULL, NULL),
(369, 1, 1, 5, '18.0000', '18.0000', '18.0000', '25.0000', NULL, NULL),
(369, 2, 1, 5, '18.0000', '18.0000', '18.0000', '25.0000', NULL, NULL),
(369, 3, 1, 5, '18.0000', '18.0000', '18.0000', '25.0000', NULL, NULL),
(370, 0, 1, 5, '15.0000', '13.5000', '13.5000', '13.5000', NULL, NULL),
(370, 1, 1, 5, '15.0000', '15.0000', '15.0000', '15.0000', NULL, NULL),
(370, 2, 1, 5, '15.0000', '15.0000', '15.0000', '15.0000', NULL, NULL),
(370, 3, 1, 5, '15.0000', '15.0000', '15.0000', '15.0000', NULL, NULL),
(371, 0, 1, 5, '16.0000', '14.4000', '14.4000', '14.4000', NULL, NULL),
(371, 1, 1, 5, '16.0000', '16.0000', '16.0000', '16.0000', NULL, NULL),
(371, 2, 1, 5, '16.0000', '16.0000', '16.0000', '16.0000', NULL, NULL),
(371, 3, 1, 5, '16.0000', '16.0000', '16.0000', '16.0000', NULL, NULL),
(372, 0, 1, 5, '16.0000', '14.4000', '14.4000', '14.4000', NULL, NULL),
(372, 1, 1, 5, '16.0000', '16.0000', '16.0000', '16.0000', NULL, NULL),
(372, 2, 1, 5, '16.0000', '16.0000', '16.0000', '16.0000', NULL, NULL),
(372, 3, 1, 5, '16.0000', '16.0000', '16.0000', '16.0000', NULL, NULL),
(373, 0, 1, 5, '15.0000', '13.5000', '13.5000', '14.5000', NULL, NULL),
(373, 1, 1, 5, '15.0000', '15.0000', '15.0000', '16.0000', NULL, NULL),
(373, 2, 1, 5, '15.0000', '15.0000', '15.0000', '16.0000', NULL, NULL),
(373, 3, 1, 5, '15.0000', '15.0000', '15.0000', '16.0000', NULL, NULL),
(374, 0, 1, 5, '13.0000', '11.7000', '11.7000', '11.7000', NULL, NULL),
(374, 1, 1, 5, '13.0000', '13.0000', '13.0000', '13.0000', NULL, NULL),
(374, 2, 1, 5, '13.0000', '13.0000', '13.0000', '13.0000', NULL, NULL),
(374, 3, 1, 5, '13.0000', '13.0000', '13.0000', '13.0000', NULL, NULL),
(375, 0, 1, 5, '15.0000', '13.5000', '13.5000', '13.5000', NULL, NULL),
(375, 1, 1, 5, '15.0000', '15.0000', '15.0000', '15.0000', NULL, NULL),
(375, 2, 1, 5, '15.0000', '15.0000', '15.0000', '15.0000', NULL, NULL),
(375, 3, 1, 5, '15.0000', '15.0000', '15.0000', '15.0000', NULL, NULL),
(376, 0, 1, 5, '13.0000', '11.7000', '11.7000', '13.7000', NULL, NULL),
(376, 1, 1, 5, '13.0000', '13.0000', '13.0000', '15.0000', NULL, NULL),
(376, 2, 1, 5, '13.0000', '13.0000', '13.0000', '15.0000', NULL, NULL),
(376, 3, 1, 5, '13.0000', '13.0000', '13.0000', '15.0000', NULL, NULL),
(377, 0, 1, 5, '61.0000', '54.9000', '54.9000', '54.9000', NULL, NULL),
(377, 1, 1, 5, '61.0000', '61.0000', '61.0000', '61.0000', NULL, NULL),
(377, 2, 1, 5, '61.0000', '61.0000', '61.0000', '61.0000', NULL, NULL),
(377, 3, 1, 5, '61.0000', '61.0000', '61.0000', '61.0000', NULL, NULL),
(378, 0, 1, 5, '69.0000', '62.1000', '62.1000', '62.1000', NULL, NULL),
(378, 1, 1, 5, '69.0000', '69.0000', '69.0000', '69.0000', NULL, NULL),
(378, 2, 1, 5, '69.0000', '69.0000', '69.0000', '69.0000', NULL, NULL),
(378, 3, 1, 5, '69.0000', '69.0000', '69.0000', '69.0000', NULL, NULL),
(379, 0, 1, 5, '101.0000', '90.9000', '90.9000', '90.9000', NULL, NULL),
(379, 1, 1, 5, '101.0000', '101.0000', '101.0000', '101.0000', NULL, NULL),
(379, 2, 1, 5, '101.0000', '101.0000', '101.0000', '101.0000', NULL, NULL),
(379, 3, 1, 5, '101.0000', '101.0000', '101.0000', '101.0000', NULL, NULL),
(380, 0, 1, 5, '61.0000', '54.9000', '54.9000', '94.9000', NULL, NULL),
(380, 1, 1, 5, '61.0000', '61.0000', '61.0000', '101.0000', NULL, NULL),
(380, 2, 1, 5, '61.0000', '61.0000', '61.0000', '101.0000', NULL, NULL),
(380, 3, 1, 5, '61.0000', '61.0000', '61.0000', '101.0000', NULL, NULL),
(381, 0, 1, 5, '87.0000', '78.3000', '78.3000', '78.3000', NULL, NULL),
(381, 1, 1, 5, '87.0000', '87.0000', '87.0000', '87.0000', NULL, NULL),
(381, 2, 1, 5, '87.0000', '87.0000', '87.0000', '87.0000', NULL, NULL),
(381, 3, 1, 5, '87.0000', '87.0000', '87.0000', '87.0000', NULL, NULL),
(382, 0, 1, 5, '105.0000', '94.5000', '94.5000', '94.5000', NULL, NULL),
(382, 1, 1, 5, '105.0000', '105.0000', '105.0000', '105.0000', NULL, NULL),
(382, 2, 1, 5, '105.0000', '105.0000', '105.0000', '105.0000', NULL, NULL),
(382, 3, 1, 5, '105.0000', '105.0000', '105.0000', '105.0000', NULL, NULL),
(383, 0, 1, 5, '162.0000', '145.8000', '145.8000', '145.8000', NULL, NULL),
(383, 1, 1, 5, '162.0000', '162.0000', '162.0000', '162.0000', NULL, NULL),
(383, 2, 1, 5, '162.0000', '162.0000', '162.0000', '162.0000', NULL, NULL),
(383, 3, 1, 5, '162.0000', '162.0000', '162.0000', '162.0000', NULL, NULL),
(384, 0, 1, 5, '250.0000', '225.0000', '225.0000', '225.0000', NULL, NULL),
(384, 1, 1, 5, '250.0000', '250.0000', '250.0000', '250.0000', NULL, NULL),
(384, 2, 1, 5, '250.0000', '250.0000', '250.0000', '250.0000', NULL, NULL),
(384, 3, 1, 5, '250.0000', '250.0000', '250.0000', '250.0000', NULL, NULL),
(385, 0, 1, 5, '233.0000', '209.7000', '209.7000', '209.7000', NULL, NULL),
(385, 1, 1, 5, '233.0000', '233.0000', '233.0000', '233.0000', NULL, NULL),
(385, 2, 1, 5, '233.0000', '233.0000', '233.0000', '233.0000', NULL, NULL),
(385, 3, 1, 5, '233.0000', '233.0000', '233.0000', '233.0000', NULL, NULL),
(386, 0, 1, 5, '87.0000', '78.3000', '78.3000', '224.3000', NULL, NULL),
(386, 1, 1, 5, '87.0000', '87.0000', '87.0000', '233.0000', NULL, NULL),
(386, 2, 1, 5, '87.0000', '87.0000', '87.0000', '233.0000', NULL, NULL),
(386, 3, 1, 5, '87.0000', '87.0000', '87.0000', '233.0000', NULL, NULL),
(387, 0, 1, 5, '19.0000', '17.1000', '17.1000', '17.1000', NULL, NULL),
(387, 1, 1, 5, '19.0000', '19.0000', '19.0000', '19.0000', NULL, NULL),
(387, 2, 1, 5, '19.0000', '19.0000', '19.0000', '19.0000', NULL, NULL),
(387, 3, 1, 5, '19.0000', '19.0000', '19.0000', '19.0000', NULL, NULL),
(388, 0, 1, 5, '22.0000', '19.8000', '19.8000', '19.8000', NULL, NULL),
(388, 1, 1, 5, '22.0000', '22.0000', '22.0000', '22.0000', NULL, NULL),
(388, 2, 1, 5, '22.0000', '22.0000', '22.0000', '22.0000', NULL, NULL),
(388, 3, 1, 5, '22.0000', '22.0000', '22.0000', '22.0000', NULL, NULL),
(389, 0, 1, 5, '31.0000', '27.9000', '27.9000', '27.9000', NULL, NULL),
(389, 1, 1, 5, '31.0000', '31.0000', '31.0000', '31.0000', NULL, NULL),
(389, 2, 1, 5, '31.0000', '31.0000', '31.0000', '31.0000', NULL, NULL),
(389, 3, 1, 5, '31.0000', '31.0000', '31.0000', '31.0000', NULL, NULL),
(390, 0, 1, 5, '19.0000', '17.1000', '17.1000', '29.1000', NULL, NULL),
(390, 1, 1, 5, '19.0000', '19.0000', '19.0000', '31.0000', NULL, NULL),
(390, 2, 1, 5, '19.0000', '19.0000', '19.0000', '31.0000', NULL, NULL),
(390, 3, 1, 5, '19.0000', '19.0000', '19.0000', '31.0000', NULL, NULL),
(391, 0, 1, 5, '14.0000', '12.6000', '12.6000', '12.6000', NULL, NULL),
(391, 1, 1, 5, '14.0000', '14.0000', '14.0000', '14.0000', NULL, NULL),
(391, 2, 1, 5, '14.0000', '14.0000', '14.0000', '14.0000', NULL, NULL),
(391, 3, 1, 5, '14.0000', '14.0000', '14.0000', '14.0000', NULL, NULL),
(392, 0, 1, 5, '17.0000', '15.3000', '15.3000', '15.3000', NULL, NULL),
(392, 1, 1, 5, '17.0000', '17.0000', '17.0000', '17.0000', NULL, NULL),
(392, 2, 1, 5, '17.0000', '17.0000', '17.0000', '17.0000', NULL, NULL),
(392, 3, 1, 5, '17.0000', '17.0000', '17.0000', '17.0000', NULL, NULL),
(393, 0, 1, 5, '18.0000', '16.2000', '16.2000', '16.2000', NULL, NULL),
(393, 1, 1, 5, '18.0000', '18.0000', '18.0000', '18.0000', NULL, NULL),
(393, 2, 1, 5, '18.0000', '18.0000', '18.0000', '18.0000', NULL, NULL),
(393, 3, 1, 5, '18.0000', '18.0000', '18.0000', '18.0000', NULL, NULL),
(394, 0, 1, 5, '14.0000', '12.6000', '12.6000', '16.6000', NULL, NULL),
(394, 1, 1, 5, '14.0000', '14.0000', '14.0000', '18.0000', NULL, NULL),
(394, 2, 1, 5, '14.0000', '14.0000', '14.0000', '18.0000', NULL, NULL),
(394, 3, 1, 5, '14.0000', '14.0000', '14.0000', '18.0000', NULL, NULL),
(395, 0, 1, 5, '19.0000', '17.1000', '17.1000', '17.1000', NULL, NULL),
(395, 1, 1, 5, '19.0000', '19.0000', '19.0000', '19.0000', NULL, NULL),
(395, 2, 1, 5, '19.0000', '19.0000', '19.0000', '19.0000', NULL, NULL),
(395, 3, 1, 5, '19.0000', '19.0000', '19.0000', '19.0000', NULL, NULL),
(396, 0, 1, 7, '18.0000', '16.2000', '16.2000', '16.2000', NULL, NULL),
(396, 1, 1, 7, '18.0000', '18.0000', '18.0000', '18.0000', NULL, NULL),
(396, 2, 1, 7, '18.0000', '18.0000', '18.0000', '18.0000', NULL, NULL),
(396, 3, 1, 7, '18.0000', '18.0000', '18.0000', '18.0000', NULL, NULL),
(397, 0, 1, 5, '18.0000', '16.2000', '16.2000', '17.2000', NULL, NULL),
(397, 1, 1, 5, '18.0000', '18.0000', '18.0000', '19.0000', NULL, NULL),
(397, 2, 1, 5, '18.0000', '18.0000', '18.0000', '19.0000', NULL, NULL),
(397, 3, 1, 5, '18.0000', '18.0000', '18.0000', '19.0000', NULL, NULL),
(399, 0, 1, 5, '18.0000', '16.2000', '16.2000', '16.2000', NULL, NULL),
(399, 1, 1, 5, '18.0000', '18.0000', '18.0000', '18.0000', NULL, NULL),
(399, 2, 1, 5, '18.0000', '18.0000', '18.0000', '18.0000', NULL, NULL),
(399, 3, 1, 5, '18.0000', '18.0000', '18.0000', '18.0000', NULL, NULL),
(400, 0, 1, 5, '20.0000', '18.0000', '18.0000', '18.0000', NULL, NULL),
(400, 1, 1, 5, '20.0000', '20.0000', '20.0000', '20.0000', NULL, NULL),
(400, 2, 1, 5, '20.0000', '20.0000', '20.0000', '20.0000', NULL, NULL),
(400, 3, 1, 5, '20.0000', '20.0000', '20.0000', '20.0000', NULL, NULL),
(401, 0, 1, 5, '21.0000', '18.9000', '18.9000', '18.9000', NULL, NULL),
(401, 1, 1, 5, '21.0000', '21.0000', '21.0000', '21.0000', NULL, NULL),
(401, 2, 1, 5, '21.0000', '21.0000', '21.0000', '21.0000', NULL, NULL),
(401, 3, 1, 5, '21.0000', '21.0000', '21.0000', '21.0000', NULL, NULL),
(402, 0, 1, 5, '18.0000', '16.2000', '16.2000', '19.2000', NULL, NULL),
(402, 1, 1, 5, '18.0000', '18.0000', '18.0000', '21.0000', NULL, NULL),
(402, 2, 1, 5, '18.0000', '18.0000', '18.0000', '21.0000', NULL, NULL),
(402, 3, 1, 5, '18.0000', '18.0000', '18.0000', '21.0000', NULL, NULL),
(403, 0, 1, 5, '13.0000', '11.7000', '11.7000', '11.7000', NULL, NULL),
(403, 1, 1, 5, '13.0000', '13.0000', '13.0000', '13.0000', NULL, NULL),
(403, 2, 1, 5, '13.0000', '13.0000', '13.0000', '13.0000', NULL, NULL),
(403, 3, 1, 5, '13.0000', '13.0000', '13.0000', '13.0000', NULL, NULL),
(404, 0, 1, 5, '15.0000', '13.5000', '13.5000', '13.5000', NULL, NULL),
(404, 1, 1, 5, '15.0000', '15.0000', '15.0000', '15.0000', NULL, NULL),
(404, 2, 1, 5, '15.0000', '15.0000', '15.0000', '15.0000', NULL, NULL),
(404, 3, 1, 5, '15.0000', '15.0000', '15.0000', '15.0000', NULL, NULL),
(405, 0, 1, 5, '13.5000', '12.1500', '12.1500', '12.1500', NULL, NULL),
(405, 1, 1, 5, '13.5000', '13.5000', '13.5000', '13.5000', NULL, NULL),
(405, 2, 1, 5, '13.5000', '13.5000', '13.5000', '13.5000', NULL, NULL),
(405, 3, 1, 5, '13.5000', '13.5000', '13.5000', '13.5000', NULL, NULL),
(406, 0, 1, 5, '13.0000', '11.7000', '11.7000', '13.7000', NULL, NULL),
(406, 1, 1, 5, '13.0000', '13.0000', '13.0000', '15.0000', NULL, NULL),
(406, 2, 1, 5, '13.0000', '13.0000', '13.0000', '15.0000', NULL, NULL),
(406, 3, 1, 5, '13.0000', '13.0000', '13.0000', '15.0000', NULL, NULL),
(407, 0, 1, 5, '13.0000', '11.7000', '11.7000', '11.7000', NULL, NULL),
(407, 1, 1, 5, '13.0000', '13.0000', '13.0000', '13.0000', NULL, NULL),
(407, 2, 1, 5, '13.0000', '13.0000', '13.0000', '13.0000', NULL, NULL),
(407, 3, 1, 5, '13.0000', '13.0000', '13.0000', '13.0000', NULL, NULL),
(408, 0, 1, 5, '14.0000', '12.6000', '12.6000', '12.6000', NULL, NULL),
(408, 1, 1, 5, '14.0000', '14.0000', '14.0000', '14.0000', NULL, NULL),
(408, 2, 1, 5, '14.0000', '14.0000', '14.0000', '14.0000', NULL, NULL),
(408, 3, 1, 5, '14.0000', '14.0000', '14.0000', '14.0000', NULL, NULL),
(409, 0, 1, 5, '13.0000', '11.7000', '11.7000', '11.7000', NULL, NULL),
(409, 1, 1, 5, '13.0000', '13.0000', '13.0000', '13.0000', NULL, NULL),
(409, 2, 1, 5, '13.0000', '13.0000', '13.0000', '13.0000', NULL, NULL),
(409, 3, 1, 5, '13.0000', '13.0000', '13.0000', '13.0000', NULL, NULL),
(410, 0, 1, 5, '17.0000', '15.3000', '15.3000', '15.3000', NULL, NULL),
(410, 1, 1, 5, '17.0000', '17.0000', '17.0000', '17.0000', NULL, NULL),
(410, 2, 1, 5, '17.0000', '17.0000', '17.0000', '17.0000', NULL, NULL),
(410, 3, 1, 5, '17.0000', '17.0000', '17.0000', '17.0000', NULL, NULL),
(411, 0, 1, 5, '13.0000', '11.7000', '11.7000', '15.7000', NULL, NULL),
(411, 1, 1, 5, '13.0000', '13.0000', '13.0000', '17.0000', NULL, NULL),
(411, 2, 1, 5, '13.0000', '13.0000', '13.0000', '17.0000', NULL, NULL),
(411, 3, 1, 5, '13.0000', '13.0000', '13.0000', '17.0000', NULL, NULL),
(412, 0, 1, 5, '13.0000', '11.7000', '11.7000', '11.7000', NULL, NULL),
(412, 1, 1, 5, '13.0000', '13.0000', '13.0000', '13.0000', NULL, NULL),
(412, 2, 1, 5, '13.0000', '13.0000', '13.0000', '13.0000', NULL, NULL),
(412, 3, 1, 5, '13.0000', '13.0000', '13.0000', '13.0000', NULL, NULL),
(413, 0, 1, 5, '13.5000', '12.1500', '12.1500', '12.1500', NULL, NULL),
(413, 1, 1, 5, '13.5000', '13.5000', '13.5000', '13.5000', NULL, NULL),
(413, 2, 1, 5, '13.5000', '13.5000', '13.5000', '13.5000', NULL, NULL),
(413, 3, 1, 5, '13.5000', '13.5000', '13.5000', '13.5000', NULL, NULL),
(414, 0, 1, 5, '17.0000', '15.3000', '15.3000', '15.3000', NULL, NULL),
(414, 1, 1, 5, '17.0000', '17.0000', '17.0000', '17.0000', NULL, NULL),
(414, 2, 1, 5, '17.0000', '17.0000', '17.0000', '17.0000', NULL, NULL),
(414, 3, 1, 5, '17.0000', '17.0000', '17.0000', '17.0000', NULL, NULL),
(415, 0, 1, 5, '13.0000', '11.7000', '11.7000', '15.7000', NULL, NULL),
(415, 1, 1, 5, '13.0000', '13.0000', '13.0000', '17.0000', NULL, NULL),
(415, 2, 1, 5, '13.0000', '13.0000', '13.0000', '17.0000', NULL, NULL),
(415, 3, 1, 5, '13.0000', '13.0000', '13.0000', '17.0000', NULL, NULL),
(416, 0, 1, 5, '17.0000', '15.3000', '15.3000', '15.3000', NULL, NULL),
(416, 1, 1, 5, '17.0000', '17.0000', '17.0000', '17.0000', NULL, NULL),
(416, 2, 1, 5, '17.0000', '17.0000', '17.0000', '17.0000', NULL, NULL),
(416, 3, 1, 5, '17.0000', '17.0000', '17.0000', '17.0000', NULL, NULL),
(417, 0, 1, 5, '18.0000', '16.2000', '16.2000', '16.2000', NULL, NULL),
(417, 1, 1, 5, '18.0000', '18.0000', '18.0000', '18.0000', NULL, NULL),
(417, 2, 1, 5, '18.0000', '18.0000', '18.0000', '18.0000', NULL, NULL),
(417, 3, 1, 5, '18.0000', '18.0000', '18.0000', '18.0000', NULL, NULL),
(418, 0, 1, 5, '20.0000', '18.0000', '18.0000', '18.0000', NULL, NULL),
(418, 1, 1, 5, '20.0000', '20.0000', '20.0000', '20.0000', NULL, NULL),
(418, 2, 1, 5, '20.0000', '20.0000', '20.0000', '20.0000', NULL, NULL),
(418, 3, 1, 5, '20.0000', '20.0000', '20.0000', '20.0000', NULL, NULL),
(419, 0, 1, 5, '17.0000', '15.3000', '15.3000', '18.3000', NULL, NULL),
(419, 1, 1, 5, '17.0000', '17.0000', '17.0000', '20.0000', NULL, NULL),
(419, 2, 1, 5, '17.0000', '17.0000', '17.0000', '20.0000', NULL, NULL),
(419, 3, 1, 5, '17.0000', '17.0000', '17.0000', '20.0000', NULL, NULL),
(420, 0, 1, 5, '34.0000', '30.6000', '30.6000', '30.6000', NULL, NULL),
(420, 1, 1, 5, '34.0000', '34.0000', '34.0000', '34.0000', NULL, NULL),
(420, 2, 1, 5, '34.0000', '34.0000', '34.0000', '34.0000', NULL, NULL),
(420, 3, 1, 5, '34.0000', '34.0000', '34.0000', '34.0000', NULL, NULL),
(421, 0, 1, 5, '44.0000', '39.6000', '39.6000', '39.6000', NULL, NULL),
(421, 1, 1, 5, '44.0000', '44.0000', '44.0000', '44.0000', NULL, NULL),
(421, 2, 1, 5, '44.0000', '44.0000', '44.0000', '44.0000', NULL, NULL),
(421, 3, 1, 5, '44.0000', '44.0000', '44.0000', '44.0000', NULL, NULL),
(422, 0, 1, 5, '34.0000', '30.6000', '30.6000', '40.6000', NULL, NULL),
(422, 1, 1, 5, '34.0000', '34.0000', '34.0000', '44.0000', NULL, NULL),
(422, 2, 1, 5, '34.0000', '34.0000', '34.0000', '44.0000', NULL, NULL),
(422, 3, 1, 5, '34.0000', '34.0000', '34.0000', '44.0000', NULL, NULL),
(423, 0, 1, 5, '57.0000', '51.3000', '51.3000', '51.3000', NULL, NULL),
(423, 1, 1, 5, '57.0000', '57.0000', '57.0000', '57.0000', NULL, NULL),
(423, 2, 1, 5, '57.0000', '57.0000', '57.0000', '57.0000', NULL, NULL),
(423, 3, 1, 5, '57.0000', '57.0000', '57.0000', '57.0000', NULL, NULL),
(424, 0, 1, 5, '75.0000', '67.5000', '67.5000', '67.5000', NULL, NULL),
(424, 1, 1, 5, '75.0000', '75.0000', '75.0000', '75.0000', NULL, NULL),
(424, 2, 1, 5, '75.0000', '75.0000', '75.0000', '75.0000', NULL, NULL),
(424, 3, 1, 5, '75.0000', '75.0000', '75.0000', '75.0000', NULL, NULL),
(425, 0, 1, 5, '57.0000', '51.3000', '51.3000', '69.3000', NULL, NULL),
(425, 1, 1, 5, '57.0000', '57.0000', '57.0000', '75.0000', NULL, NULL),
(425, 2, 1, 5, '57.0000', '57.0000', '57.0000', '75.0000', NULL, NULL),
(425, 3, 1, 5, '57.0000', '57.0000', '57.0000', '75.0000', NULL, NULL),
(426, 0, 1, 5, '19.0000', '17.1000', '17.1000', '17.1000', NULL, NULL),
(426, 1, 1, 5, '19.0000', '19.0000', '19.0000', '19.0000', NULL, NULL),
(426, 2, 1, 5, '19.0000', '19.0000', '19.0000', '19.0000', NULL, NULL),
(426, 3, 1, 5, '19.0000', '19.0000', '19.0000', '19.0000', NULL, NULL),
(427, 0, 1, 5, '23.0000', '20.7000', '20.7000', '20.7000', NULL, NULL),
(427, 1, 1, 5, '23.0000', '23.0000', '23.0000', '23.0000', NULL, NULL),
(427, 2, 1, 5, '23.0000', '23.0000', '23.0000', '23.0000', NULL, NULL),
(427, 3, 1, 5, '23.0000', '23.0000', '23.0000', '23.0000', NULL, NULL),
(428, 0, 1, 5, '25.0000', '22.5000', '22.5000', '22.5000', NULL, NULL),
(428, 1, 1, 5, '25.0000', '25.0000', '25.0000', '25.0000', NULL, NULL),
(428, 2, 1, 5, '25.0000', '25.0000', '25.0000', '25.0000', NULL, NULL),
(428, 3, 1, 5, '25.0000', '25.0000', '25.0000', '25.0000', NULL, NULL),
(429, 0, 1, 5, '19.0000', '17.1000', '17.1000', '17.1000', NULL, NULL),
(429, 1, 1, 5, '19.0000', '19.0000', '19.0000', '19.0000', NULL, NULL),
(429, 2, 1, 5, '19.0000', '19.0000', '19.0000', '19.0000', NULL, NULL),
(429, 3, 1, 5, '19.0000', '19.0000', '19.0000', '19.0000', NULL, NULL),
(430, 0, 1, 5, '30.0000', '27.0000', '27.0000', '27.0000', NULL, NULL),
(430, 1, 1, 5, '30.0000', '30.0000', '30.0000', '30.0000', NULL, NULL),
(430, 2, 1, 5, '30.0000', '30.0000', '30.0000', '30.0000', NULL, NULL),
(430, 3, 1, 5, '30.0000', '30.0000', '30.0000', '30.0000', NULL, NULL),
(431, 0, 1, 5, '28.0000', '25.2000', '25.2000', '25.2000', NULL, NULL),
(431, 1, 1, 5, '28.0000', '28.0000', '28.0000', '28.0000', NULL, NULL),
(431, 2, 1, 5, '28.0000', '28.0000', '28.0000', '28.0000', NULL, NULL),
(431, 3, 1, 5, '28.0000', '28.0000', '28.0000', '28.0000', NULL, NULL),
(432, 0, 1, 5, '26.0000', '23.4000', '23.4000', '23.4000', NULL, NULL),
(432, 1, 1, 5, '26.0000', '26.0000', '26.0000', '26.0000', NULL, NULL),
(432, 2, 1, 5, '26.0000', '26.0000', '26.0000', '26.0000', NULL, NULL),
(432, 3, 1, 5, '26.0000', '26.0000', '26.0000', '26.0000', NULL, NULL),
(433, 0, 1, 5, '26.0000', '23.4000', '23.4000', '27.4000', NULL, NULL),
(433, 1, 1, 5, '26.0000', '26.0000', '26.0000', '30.0000', NULL, NULL),
(433, 2, 1, 5, '26.0000', '26.0000', '26.0000', '30.0000', NULL, NULL),
(433, 3, 1, 5, '26.0000', '26.0000', '26.0000', '30.0000', NULL, NULL),
(434, 0, 1, 5, '25.0000', '22.5000', '22.5000', '22.5000', NULL, NULL),
(434, 1, 1, 5, '25.0000', '25.0000', '25.0000', '25.0000', NULL, NULL),
(434, 2, 1, 5, '25.0000', '25.0000', '25.0000', '25.0000', NULL, NULL),
(434, 3, 1, 5, '25.0000', '25.0000', '25.0000', '25.0000', NULL, NULL),
(435, 0, 1, 5, '30.0000', '27.0000', '27.0000', '27.0000', NULL, NULL),
(435, 1, 1, 5, '30.0000', '30.0000', '30.0000', '30.0000', NULL, NULL),
(435, 2, 1, 5, '30.0000', '30.0000', '30.0000', '30.0000', NULL, NULL),
(435, 3, 1, 5, '30.0000', '30.0000', '30.0000', '30.0000', NULL, NULL),
(436, 0, 1, 5, '36.0000', '32.4000', '32.4000', '32.4000', NULL, NULL),
(436, 1, 1, 5, '36.0000', '36.0000', '36.0000', '36.0000', NULL, NULL),
(436, 2, 1, 5, '36.0000', '36.0000', '36.0000', '36.0000', NULL, NULL),
(436, 3, 1, 5, '36.0000', '36.0000', '36.0000', '36.0000', NULL, NULL),
(437, 0, 1, 5, '25.0000', '22.5000', '22.5000', '33.5000', NULL, NULL),
(437, 1, 1, 5, '25.0000', '25.0000', '25.0000', '36.0000', NULL, NULL),
(437, 2, 1, 5, '25.0000', '25.0000', '25.0000', '36.0000', NULL, NULL),
(437, 3, 1, 5, '25.0000', '25.0000', '25.0000', '36.0000', NULL, NULL),
(442, 0, 1, 5, '20.0000', '18.0000', '18.0000', '18.0000', NULL, NULL),
(442, 1, 1, 5, '20.0000', '20.0000', '20.0000', '20.0000', NULL, NULL),
(442, 2, 1, 5, '20.0000', '20.0000', '20.0000', '20.0000', NULL, NULL),
(442, 3, 1, 5, '20.0000', '20.0000', '20.0000', '20.0000', NULL, NULL),
(443, 0, 1, 5, '21.0000', '18.9000', '18.9000', '18.9000', NULL, NULL),
(443, 1, 1, 5, '21.0000', '21.0000', '21.0000', '21.0000', NULL, NULL),
(443, 2, 1, 5, '21.0000', '21.0000', '21.0000', '21.0000', NULL, NULL),
(443, 3, 1, 5, '21.0000', '21.0000', '21.0000', '21.0000', NULL, NULL),
(444, 0, 1, 5, '20.0000', '18.0000', '18.0000', '19.0000', NULL, NULL),
(444, 1, 1, 5, '20.0000', '20.0000', '20.0000', '21.0000', NULL, NULL),
(444, 2, 1, 5, '20.0000', '20.0000', '20.0000', '21.0000', NULL, NULL),
(444, 3, 1, 5, '20.0000', '20.0000', '20.0000', '21.0000', NULL, NULL),
(445, 0, 1, 5, '22.0000', '19.8000', '19.8000', '19.8000', NULL, NULL),
(445, 1, 1, 5, '22.0000', '22.0000', '22.0000', '22.0000', NULL, NULL),
(445, 2, 1, 5, '22.0000', '22.0000', '22.0000', '22.0000', NULL, NULL),
(445, 3, 1, 5, '22.0000', '22.0000', '22.0000', '22.0000', NULL, NULL),
(446, 0, 1, 5, '22.0000', '19.8000', '19.8000', '19.8000', NULL, NULL),
(446, 1, 1, 5, '22.0000', '22.0000', '22.0000', '22.0000', NULL, NULL),
(446, 2, 1, 5, '22.0000', '22.0000', '22.0000', '22.0000', NULL, NULL),
(446, 3, 1, 5, '22.0000', '22.0000', '22.0000', '22.0000', NULL, NULL),
(447, 0, 1, 5, '18.0000', '16.2000', '16.2000', '16.2000', NULL, NULL),
(447, 1, 1, 5, '18.0000', '18.0000', '18.0000', '18.0000', NULL, NULL),
(447, 2, 1, 5, '18.0000', '18.0000', '18.0000', '18.0000', NULL, NULL),
(447, 3, 1, 5, '18.0000', '18.0000', '18.0000', '18.0000', NULL, NULL),
(448, 0, 1, 5, '19.0000', '17.1000', '17.1000', '17.1000', NULL, NULL),
(448, 1, 1, 5, '19.0000', '19.0000', '19.0000', '19.0000', NULL, NULL),
(448, 2, 1, 5, '19.0000', '19.0000', '19.0000', '19.0000', NULL, NULL),
(448, 3, 1, 5, '19.0000', '19.0000', '19.0000', '19.0000', NULL, NULL),
(449, 0, 1, 5, '18.0000', '16.2000', '16.2000', '16.2000', NULL, NULL),
(449, 1, 1, 5, '18.0000', '18.0000', '18.0000', '18.0000', NULL, NULL),
(449, 2, 1, 5, '18.0000', '18.0000', '18.0000', '18.0000', NULL, NULL),
(449, 3, 1, 5, '18.0000', '18.0000', '18.0000', '18.0000', NULL, NULL),
(450, 0, 1, 5, '12.0000', '10.8000', '10.8000', '10.8000', NULL, NULL),
(450, 1, 1, 5, '12.0000', '12.0000', '12.0000', '12.0000', NULL, NULL),
(450, 2, 1, 5, '12.0000', '12.0000', '12.0000', '12.0000', NULL, NULL),
(450, 3, 1, 5, '12.0000', '12.0000', '12.0000', '12.0000', NULL, NULL),
(451, 0, 1, 5, '13.0000', '11.7000', '11.7000', '11.7000', NULL, NULL),
(451, 1, 1, 5, '13.0000', '13.0000', '13.0000', '13.0000', NULL, NULL),
(451, 2, 1, 5, '13.0000', '13.0000', '13.0000', '13.0000', NULL, NULL),
(451, 3, 1, 5, '13.0000', '13.0000', '13.0000', '13.0000', NULL, NULL),
(452, 0, 1, 5, '14.0000', '12.6000', '12.6000', '12.6000', NULL, NULL),
(452, 1, 1, 5, '14.0000', '14.0000', '14.0000', '14.0000', NULL, NULL),
(452, 2, 1, 5, '14.0000', '14.0000', '14.0000', '14.0000', NULL, NULL),
(452, 3, 1, 5, '14.0000', '14.0000', '14.0000', '14.0000', NULL, NULL),
(453, 0, 1, 5, '12.0000', '10.8000', '10.8000', '12.8000', NULL, NULL),
(453, 1, 1, 5, '12.0000', '12.0000', '12.0000', '14.0000', NULL, NULL),
(453, 2, 1, 5, '12.0000', '12.0000', '12.0000', '14.0000', NULL, NULL),
(453, 3, 1, 5, '12.0000', '12.0000', '12.0000', '14.0000', NULL, NULL),
(454, 0, 1, 5, '12.0000', '10.8000', '10.8000', '10.8000', NULL, NULL),
(454, 1, 1, 5, '12.0000', '12.0000', '12.0000', '12.0000', NULL, NULL),
(454, 2, 1, 5, '12.0000', '12.0000', '12.0000', '12.0000', NULL, NULL),
(454, 3, 1, 5, '12.0000', '12.0000', '12.0000', '12.0000', NULL, NULL),
(455, 0, 1, 5, '13.0000', '11.7000', '11.7000', '11.7000', NULL, NULL),
(455, 1, 1, 5, '13.0000', '13.0000', '13.0000', '13.0000', NULL, NULL),
(455, 2, 1, 5, '13.0000', '13.0000', '13.0000', '13.0000', NULL, NULL),
(455, 3, 1, 5, '13.0000', '13.0000', '13.0000', '13.0000', NULL, NULL),
(456, 0, 1, 5, '15.0000', '13.5000', '13.5000', '13.5000', NULL, NULL),
(456, 1, 1, 5, '15.0000', '15.0000', '15.0000', '15.0000', NULL, NULL),
(456, 2, 1, 5, '15.0000', '15.0000', '15.0000', '15.0000', NULL, NULL),
(456, 3, 1, 5, '15.0000', '15.0000', '15.0000', '15.0000', NULL, NULL),
(457, 0, 1, 5, '12.0000', '10.8000', '10.8000', '13.8000', NULL, NULL),
(457, 1, 1, 5, '12.0000', '12.0000', '12.0000', '15.0000', NULL, NULL),
(457, 2, 1, 5, '12.0000', '12.0000', '12.0000', '15.0000', NULL, NULL),
(457, 3, 1, 5, '12.0000', '12.0000', '12.0000', '15.0000', NULL, NULL),
(458, 0, 1, 5, '16.0000', '14.4000', '14.4000', '14.4000', NULL, NULL),
(458, 1, 1, 5, '16.0000', '16.0000', '16.0000', '16.0000', NULL, NULL),
(458, 2, 1, 5, '16.0000', '16.0000', '16.0000', '16.0000', NULL, NULL),
(458, 3, 1, 5, '16.0000', '16.0000', '16.0000', '16.0000', NULL, NULL),
(459, 0, 1, 5, '21.0000', '18.9000', '18.9000', '18.9000', NULL, NULL),
(459, 1, 1, 5, '21.0000', '21.0000', '21.0000', '21.0000', NULL, NULL),
(459, 2, 1, 5, '21.0000', '21.0000', '21.0000', '21.0000', NULL, NULL),
(459, 3, 1, 5, '21.0000', '21.0000', '21.0000', '21.0000', NULL, NULL),
(460, 0, 1, 5, '28.0000', '25.2000', '25.2000', '25.2000', NULL, NULL),
(460, 1, 1, 5, '28.0000', '28.0000', '28.0000', '28.0000', NULL, NULL),
(460, 2, 1, 5, '28.0000', '28.0000', '28.0000', '28.0000', NULL, NULL),
(460, 3, 1, 5, '28.0000', '28.0000', '28.0000', '28.0000', NULL, NULL),
(461, 0, 1, 5, '16.0000', '14.4000', '14.4000', '26.4000', NULL, NULL),
(461, 1, 1, 5, '16.0000', '16.0000', '16.0000', '28.0000', NULL, NULL),
(461, 2, 1, 5, '16.0000', '16.0000', '16.0000', '28.0000', NULL, NULL),
(461, 3, 1, 5, '16.0000', '16.0000', '16.0000', '28.0000', NULL, NULL),
(462, 0, 1, 5, '41.0000', '36.9000', '36.9000', '36.9000', NULL, NULL),
(462, 1, 1, 5, '41.0000', '41.0000', '41.0000', '41.0000', NULL, NULL),
(462, 2, 1, 5, '41.0000', '41.0000', '41.0000', '41.0000', NULL, NULL),
(462, 3, 1, 5, '41.0000', '41.0000', '41.0000', '41.0000', NULL, NULL),
(463, 0, 1, 5, '41.0000', '36.9000', '36.9000', '36.9000', NULL, NULL),
(463, 1, 1, 5, '41.0000', '41.0000', '41.0000', '41.0000', NULL, NULL),
(463, 2, 1, 5, '41.0000', '41.0000', '41.0000', '41.0000', NULL, NULL),
(463, 3, 1, 5, '41.0000', '41.0000', '41.0000', '41.0000', NULL, NULL),
(464, 0, 1, 5, '41.0000', '36.9000', '36.9000', '36.9000', NULL, NULL),
(464, 1, 1, 5, '41.0000', '41.0000', '41.0000', '41.0000', NULL, NULL),
(464, 2, 1, 5, '41.0000', '41.0000', '41.0000', '41.0000', NULL, NULL),
(464, 3, 1, 5, '41.0000', '41.0000', '41.0000', '41.0000', NULL, NULL),
(466, 0, 1, 5, '59.0000', '53.1000', '53.1000', '53.1000', NULL, NULL),
(466, 1, 1, 5, '59.0000', '59.0000', '59.0000', '59.0000', NULL, NULL),
(466, 2, 1, 5, '59.0000', '59.0000', '59.0000', '59.0000', NULL, NULL),
(466, 3, 1, 5, '59.0000', '59.0000', '59.0000', '59.0000', NULL, NULL),
(467, 0, 1, 5, '72.0000', '64.8000', '64.8000', '64.8000', NULL, NULL),
(467, 1, 1, 5, '72.0000', '72.0000', '72.0000', '72.0000', NULL, NULL),
(467, 2, 1, 5, '72.0000', '72.0000', '72.0000', '72.0000', NULL, NULL),
(467, 3, 1, 5, '72.0000', '72.0000', '72.0000', '72.0000', NULL, NULL),
(468, 0, 1, 5, '88.0000', '79.2000', '79.2000', '79.2000', NULL, NULL),
(468, 1, 1, 5, '88.0000', '88.0000', '88.0000', '88.0000', NULL, NULL),
(468, 2, 1, 5, '88.0000', '88.0000', '88.0000', '88.0000', NULL, NULL),
(468, 3, 1, 5, '88.0000', '88.0000', '88.0000', '88.0000', NULL, NULL),
(469, 0, 1, 5, '103.0000', '92.7000', '92.7000', '92.7000', NULL, NULL),
(469, 1, 1, 5, '103.0000', '103.0000', '103.0000', '103.0000', NULL, NULL),
(469, 2, 1, 5, '103.0000', '103.0000', '103.0000', '103.0000', NULL, NULL),
(469, 3, 1, 5, '103.0000', '103.0000', '103.0000', '103.0000', NULL, NULL),
(470, 0, 1, 5, '59.0000', '53.1000', '53.1000', '97.1000', NULL, NULL),
(470, 1, 1, 5, '59.0000', '59.0000', '59.0000', '103.0000', NULL, NULL),
(470, 2, 1, 5, '59.0000', '59.0000', '59.0000', '103.0000', NULL, NULL),
(470, 3, 1, 5, '59.0000', '59.0000', '59.0000', '103.0000', NULL, NULL),
(475, 0, 1, 5, '155.0000', '139.5000', '139.5000', '139.5000', NULL, NULL),
(475, 1, 1, 5, '155.0000', '155.0000', '155.0000', '155.0000', NULL, NULL),
(475, 2, 1, 5, '155.0000', '155.0000', '155.0000', '155.0000', NULL, NULL),
(475, 3, 1, 5, '155.0000', '155.0000', '155.0000', '155.0000', NULL, NULL),
(476, 0, 1, 5, '155.0000', '139.5000', '139.5000', '139.5000', NULL, NULL),
(476, 1, 1, 5, '155.0000', '155.0000', '155.0000', '155.0000', NULL, NULL),
(476, 2, 1, 5, '155.0000', '155.0000', '155.0000', '155.0000', NULL, NULL),
(476, 3, 1, 5, '155.0000', '155.0000', '155.0000', '155.0000', NULL, NULL),
(477, 0, 1, 5, '157.0000', '141.3000', '141.3000', '141.3000', NULL, NULL),
(477, 1, 1, 5, '157.0000', '157.0000', '157.0000', '157.0000', NULL, NULL),
(477, 2, 1, 5, '157.0000', '157.0000', '157.0000', '157.0000', NULL, NULL),
(477, 3, 1, 5, '157.0000', '157.0000', '157.0000', '157.0000', NULL, NULL),
(478, 0, 1, 5, '155.0000', '139.5000', '139.5000', '141.5000', NULL, NULL),
(478, 1, 1, 5, '155.0000', '155.0000', '155.0000', '157.0000', NULL, NULL),
(478, 2, 1, 5, '155.0000', '155.0000', '155.0000', '157.0000', NULL, NULL),
(478, 3, 1, 5, '155.0000', '155.0000', '155.0000', '157.0000', NULL, NULL),
(479, 0, 1, 5, '225.0000', '202.5000', '202.5000', '202.5000', NULL, NULL),
(479, 1, 1, 5, '225.0000', '225.0000', '225.0000', '225.0000', NULL, NULL),
(479, 2, 1, 5, '225.0000', '225.0000', '225.0000', '225.0000', NULL, NULL),
(479, 3, 1, 5, '225.0000', '225.0000', '225.0000', '225.0000', NULL, NULL),
(480, 0, 1, 5, '268.0000', '241.2000', '241.2000', '241.2000', NULL, NULL),
(480, 1, 1, 5, '268.0000', '268.0000', '268.0000', '268.0000', NULL, NULL),
(480, 2, 1, 5, '268.0000', '268.0000', '268.0000', '268.0000', NULL, NULL),
(480, 3, 1, 5, '268.0000', '268.0000', '268.0000', '268.0000', NULL, NULL),
(481, 0, 1, 5, '225.0000', '202.5000', '202.5000', '245.5000', NULL, NULL),
(481, 1, 1, 5, '225.0000', '225.0000', '225.0000', '268.0000', NULL, NULL),
(481, 2, 1, 5, '225.0000', '225.0000', '225.0000', '268.0000', NULL, NULL),
(481, 3, 1, 5, '225.0000', '225.0000', '225.0000', '268.0000', NULL, NULL),
(482, 0, 1, 5, '74.0000', '66.6000', '66.6000', '66.6000', NULL, NULL),
(482, 1, 1, 5, '74.0000', '74.0000', '74.0000', '74.0000', NULL, NULL),
(482, 2, 1, 5, '74.0000', '74.0000', '74.0000', '74.0000', NULL, NULL),
(482, 3, 1, 5, '74.0000', '74.0000', '74.0000', '74.0000', NULL, NULL),
(483, 0, 1, 5, '90.0000', '81.0000', '81.0000', '81.0000', NULL, NULL),
(483, 1, 1, 5, '90.0000', '90.0000', '90.0000', '90.0000', NULL, NULL),
(483, 2, 1, 5, '90.0000', '90.0000', '90.0000', '90.0000', NULL, NULL),
(483, 3, 1, 5, '90.0000', '90.0000', '90.0000', '90.0000', NULL, NULL),
(484, 0, 1, 5, '33.0000', '29.7000', '29.7000', '29.7000', NULL, NULL),
(484, 1, 1, 5, '33.0000', '33.0000', '33.0000', '33.0000', NULL, NULL),
(484, 2, 1, 5, '33.0000', '33.0000', '33.0000', '33.0000', NULL, NULL),
(484, 3, 1, 5, '33.0000', '33.0000', '33.0000', '33.0000', NULL, NULL),
(485, 0, 1, 5, '37.0000', '33.3000', '33.3000', '33.3000', NULL, NULL),
(485, 1, 1, 5, '37.0000', '37.0000', '37.0000', '37.0000', NULL, NULL),
(485, 2, 1, 5, '37.0000', '37.0000', '37.0000', '37.0000', NULL, NULL),
(485, 3, 1, 5, '37.0000', '37.0000', '37.0000', '37.0000', NULL, NULL),
(486, 0, 1, 5, '36.0000', '32.4000', '32.4000', '32.4000', NULL, NULL),
(486, 1, 1, 5, '36.0000', '36.0000', '36.0000', '36.0000', NULL, NULL),
(486, 2, 1, 5, '36.0000', '36.0000', '36.0000', '36.0000', NULL, NULL),
(486, 3, 1, 5, '36.0000', '36.0000', '36.0000', '36.0000', NULL, NULL),
(487, 0, 1, 5, '44.0000', '39.6000', '39.6000', '39.6000', NULL, NULL),
(487, 1, 1, 5, '44.0000', '44.0000', '44.0000', '44.0000', NULL, NULL),
(487, 2, 1, 5, '44.0000', '44.0000', '44.0000', '44.0000', NULL, NULL),
(487, 3, 1, 5, '44.0000', '44.0000', '44.0000', '44.0000', NULL, NULL),
(488, 0, 1, 5, '43.0000', '38.7000', '38.7000', '38.7000', NULL, NULL),
(488, 1, 1, 5, '43.0000', '43.0000', '43.0000', '43.0000', NULL, NULL),
(488, 2, 1, 5, '43.0000', '43.0000', '43.0000', '43.0000', NULL, NULL),
(488, 3, 1, 5, '43.0000', '43.0000', '43.0000', '43.0000', NULL, NULL),
(489, 0, 1, 5, '56.0000', '50.4000', '50.4000', '50.4000', NULL, NULL),
(489, 1, 1, 5, '56.0000', '56.0000', '56.0000', '56.0000', NULL, NULL),
(489, 2, 1, 5, '56.0000', '56.0000', '56.0000', '56.0000', NULL, NULL),
(489, 3, 1, 5, '56.0000', '56.0000', '56.0000', '56.0000', NULL, NULL),
(490, 0, 1, 5, '72.0000', '64.8000', '64.8000', '64.8000', NULL, NULL),
(490, 1, 1, 5, '72.0000', '72.0000', '72.0000', '72.0000', NULL, NULL),
(490, 2, 1, 5, '72.0000', '72.0000', '72.0000', '72.0000', NULL, NULL),
(490, 3, 1, 5, '72.0000', '72.0000', '72.0000', '72.0000', NULL, NULL),
(491, 0, 1, 5, '42.0000', '37.8000', '37.8000', '37.8000', NULL, NULL),
(491, 1, 1, 5, '42.0000', '42.0000', '42.0000', '42.0000', NULL, NULL),
(491, 2, 1, 5, '42.0000', '42.0000', '42.0000', '42.0000', NULL, NULL),
(491, 3, 1, 5, '42.0000', '42.0000', '42.0000', '42.0000', NULL, NULL),
(492, 0, 1, 5, '36.0000', '32.4000', '32.4000', '32.4000', NULL, NULL),
(492, 1, 1, 5, '36.0000', '36.0000', '36.0000', '36.0000', NULL, NULL),
(492, 2, 1, 5, '36.0000', '36.0000', '36.0000', '36.0000', NULL, NULL),
(492, 3, 1, 5, '36.0000', '36.0000', '36.0000', '36.0000', NULL, NULL),
(493, 0, 1, 5, '16.0000', '14.4000', '14.4000', '14.4000', NULL, NULL),
(493, 1, 1, 5, '16.0000', '16.0000', '16.0000', '16.0000', NULL, NULL),
(493, 2, 1, 5, '16.0000', '16.0000', '16.0000', '16.0000', NULL, NULL),
(493, 3, 1, 5, '16.0000', '16.0000', '16.0000', '16.0000', NULL, NULL),
(494, 0, 1, 5, '30.0000', '27.0000', '27.0000', '27.0000', NULL, NULL),
(494, 1, 1, 5, '30.0000', '30.0000', '30.0000', '30.0000', NULL, NULL),
(494, 2, 1, 5, '30.0000', '30.0000', '30.0000', '30.0000', NULL, NULL),
(494, 3, 1, 5, '30.0000', '30.0000', '30.0000', '30.0000', NULL, NULL),
(495, 0, 1, 5, '6.0000', '5.4000', '5.4000', '5.4000', NULL, NULL),
(495, 1, 1, 5, '6.0000', '6.0000', '6.0000', '6.0000', NULL, NULL),
(495, 2, 1, 5, '6.0000', '6.0000', '6.0000', '6.0000', NULL, NULL),
(495, 3, 1, 5, '6.0000', '6.0000', '6.0000', '6.0000', NULL, NULL),
(496, 0, 1, 5, '2.0000', '1.8000', '1.8000', '1.8000', NULL, NULL),
(496, 1, 1, 5, '2.0000', '2.0000', '2.0000', '2.0000', NULL, NULL),
(496, 2, 1, 5, '2.0000', '2.0000', '2.0000', '2.0000', NULL, NULL),
(496, 3, 1, 5, '2.0000', '2.0000', '2.0000', '2.0000', NULL, NULL),
(497, 0, 1, 5, '100.0000', '90.0000', '90.0000', '90.0000', NULL, NULL),
(497, 1, 1, 5, '100.0000', '100.0000', '100.0000', '100.0000', NULL, NULL),
(497, 2, 1, 5, '100.0000', '100.0000', '100.0000', '100.0000', NULL, NULL),
(497, 3, 1, 5, '100.0000', '100.0000', '100.0000', '100.0000', NULL, NULL),
(498, 0, 1, 5, '9.0000', '8.1000', '8.1000', '8.1000', NULL, NULL),
(498, 1, 1, 5, '9.0000', '9.0000', '9.0000', '9.0000', NULL, NULL),
(498, 2, 1, 5, '9.0000', '9.0000', '9.0000', '9.0000', NULL, NULL),
(498, 3, 1, 5, '9.0000', '9.0000', '9.0000', '9.0000', NULL, NULL),
(499, 0, 1, 5, '12.0000', '10.8000', '10.8000', '10.8000', NULL, NULL),
(499, 1, 1, 5, '12.0000', '12.0000', '12.0000', '12.0000', NULL, NULL),
(499, 2, 1, 5, '12.0000', '12.0000', '12.0000', '12.0000', NULL, NULL),
(499, 3, 1, 5, '12.0000', '12.0000', '12.0000', '12.0000', NULL, NULL),
(500, 0, 1, 5, '15.0000', '13.5000', '13.5000', '13.5000', NULL, NULL),
(500, 1, 1, 5, '15.0000', '15.0000', '15.0000', '15.0000', NULL, NULL),
(500, 2, 1, 5, '15.0000', '15.0000', '15.0000', '15.0000', NULL, NULL),
(500, 3, 1, 5, '15.0000', '15.0000', '15.0000', '15.0000', NULL, NULL),
(501, 0, 1, 5, '9.0000', '8.1000', '8.1000', '8.1000', NULL, NULL),
(501, 1, 1, 5, '9.0000', '9.0000', '9.0000', '9.0000', NULL, NULL),
(501, 2, 1, 5, '9.0000', '9.0000', '9.0000', '9.0000', NULL, NULL),
(501, 3, 1, 5, '9.0000', '9.0000', '9.0000', '9.0000', NULL, NULL),
(502, 0, 1, 5, '10.0000', '9.0000', '9.0000', '9.0000', NULL, NULL),
(502, 1, 1, 5, '10.0000', '10.0000', '10.0000', '10.0000', NULL, NULL),
(502, 2, 1, 5, '10.0000', '10.0000', '10.0000', '10.0000', NULL, NULL),
(502, 3, 1, 5, '10.0000', '10.0000', '10.0000', '10.0000', NULL, NULL),
(503, 0, 1, 5, '72.0000', '64.8000', '64.8000', '64.8000', NULL, NULL),
(503, 1, 1, 5, '72.0000', '72.0000', '72.0000', '72.0000', NULL, NULL),
(503, 2, 1, 5, '72.0000', '72.0000', '72.0000', '72.0000', NULL, NULL),
(503, 3, 1, 5, '72.0000', '72.0000', '72.0000', '72.0000', NULL, NULL),
(504, 0, 1, 5, '72.0000', '64.8000', '64.8000', '64.8000', NULL, NULL),
(504, 1, 1, 5, '72.0000', '72.0000', '72.0000', '72.0000', NULL, NULL),
(504, 2, 1, 5, '72.0000', '72.0000', '72.0000', '72.0000', NULL, NULL),
(504, 3, 1, 5, '72.0000', '72.0000', '72.0000', '72.0000', NULL, NULL),
(505, 0, 1, 5, '21.0000', '18.9000', '18.9000', '18.9000', NULL, NULL),
(505, 1, 1, 5, '21.0000', '21.0000', '21.0000', '21.0000', NULL, NULL),
(505, 2, 1, 5, '21.0000', '21.0000', '21.0000', '21.0000', NULL, NULL),
(505, 3, 1, 5, '21.0000', '21.0000', '21.0000', '21.0000', NULL, NULL),
(506, 0, 1, 5, '12.0000', '10.8000', '10.8000', '10.8000', NULL, NULL),
(506, 1, 1, 5, '12.0000', '12.0000', '12.0000', '12.0000', NULL, NULL),
(506, 2, 1, 5, '12.0000', '12.0000', '12.0000', '12.0000', NULL, NULL),
(506, 3, 1, 5, '12.0000', '12.0000', '12.0000', '12.0000', NULL, NULL),
(507, 0, 1, 5, '233.0000', '209.7000', '209.7000', '209.7000', NULL, NULL),
(507, 1, 1, 5, '233.0000', '233.0000', '233.0000', '233.0000', NULL, NULL),
(507, 2, 1, 5, '233.0000', '233.0000', '233.0000', '233.0000', NULL, NULL),
(507, 3, 1, 5, '233.0000', '233.0000', '233.0000', '233.0000', NULL, NULL),
(508, 0, 1, 5, '24.0000', '21.6000', '21.6000', '21.6000', NULL, NULL),
(508, 1, 1, 5, '24.0000', '24.0000', '24.0000', '24.0000', NULL, NULL),
(508, 2, 1, 5, '24.0000', '24.0000', '24.0000', '24.0000', NULL, NULL),
(508, 3, 1, 5, '24.0000', '24.0000', '24.0000', '24.0000', NULL, NULL),
(509, 0, 1, 5, '140.0000', '126.0000', '126.0000', '126.0000', NULL, NULL),
(509, 1, 1, 5, '140.0000', '140.0000', '140.0000', '140.0000', NULL, NULL),
(509, 2, 1, 5, '140.0000', '140.0000', '140.0000', '140.0000', NULL, NULL),
(509, 3, 1, 5, '140.0000', '140.0000', '140.0000', '140.0000', NULL, NULL),
(510, 0, 1, 5, '77.0000', '69.3000', '69.3000', '69.3000', NULL, NULL),
(510, 1, 1, 5, '77.0000', '77.0000', '77.0000', '77.0000', NULL, NULL),
(510, 2, 1, 5, '77.0000', '77.0000', '77.0000', '77.0000', NULL, NULL),
(510, 3, 1, 5, '77.0000', '77.0000', '77.0000', '77.0000', NULL, NULL),
(511, 0, 1, 5, '31.0000', '27.9000', '27.9000', '27.9000', NULL, NULL),
(511, 1, 1, 5, '31.0000', '31.0000', '31.0000', '31.0000', NULL, NULL),
(511, 2, 1, 5, '31.0000', '31.0000', '31.0000', '31.0000', NULL, NULL),
(511, 3, 1, 5, '31.0000', '31.0000', '31.0000', '31.0000', NULL, NULL),
(512, 0, 1, 5, '36.0000', '32.4000', '32.4000', '32.4000', NULL, NULL),
(512, 1, 1, 5, '36.0000', '36.0000', '36.0000', '36.0000', NULL, NULL),
(512, 2, 1, 5, '36.0000', '36.0000', '36.0000', '36.0000', NULL, NULL),
(512, 3, 1, 5, '36.0000', '36.0000', '36.0000', '36.0000', NULL, NULL),
(513, 0, 1, 5, '29.0000', '26.1000', '26.1000', '26.1000', NULL, NULL),
(513, 1, 1, 5, '29.0000', '29.0000', '29.0000', '29.0000', NULL, NULL),
(513, 2, 1, 5, '29.0000', '29.0000', '29.0000', '29.0000', NULL, NULL),
(513, 3, 1, 5, '29.0000', '29.0000', '29.0000', '29.0000', NULL, NULL),
(514, 0, 1, 5, '34.0000', '30.6000', '30.6000', '30.6000', NULL, NULL),
(514, 1, 1, 5, '34.0000', '34.0000', '34.0000', '34.0000', NULL, NULL),
(514, 2, 1, 5, '34.0000', '34.0000', '34.0000', '34.0000', NULL, NULL),
(514, 3, 1, 5, '34.0000', '34.0000', '34.0000', '34.0000', NULL, NULL),
(515, 0, 1, 5, '13.5000', '12.1500', '12.1500', '12.1500', NULL, NULL),
(515, 1, 1, 5, '13.5000', '13.5000', '13.5000', '13.5000', NULL, NULL),
(515, 2, 1, 5, '13.5000', '13.5000', '13.5000', '13.5000', NULL, NULL),
(515, 3, 1, 5, '13.5000', '13.5000', '13.5000', '13.5000', NULL, NULL),
(516, 0, 1, 5, '9.5000', '8.5500', '8.5500', '8.5500', NULL, NULL),
(516, 1, 1, 5, '9.5000', '9.5000', '9.5000', '9.5000', NULL, NULL),
(516, 2, 1, 5, '9.5000', '9.5000', '9.5000', '9.5000', NULL, NULL),
(516, 3, 1, 5, '9.5000', '9.5000', '9.5000', '9.5000', NULL, NULL),
(517, 0, 1, 5, '10.0000', '9.0000', '9.0000', '9.0000', NULL, NULL),
(517, 1, 1, 5, '10.0000', '10.0000', '10.0000', '10.0000', NULL, NULL),
(517, 2, 1, 5, '10.0000', '10.0000', '10.0000', '10.0000', NULL, NULL),
(517, 3, 1, 5, '10.0000', '10.0000', '10.0000', '10.0000', NULL, NULL),
(518, 0, 1, 5, '12.0000', '10.8000', '10.8000', '10.8000', NULL, NULL),
(518, 1, 1, 5, '12.0000', '12.0000', '12.0000', '12.0000', NULL, NULL),
(518, 2, 1, 5, '12.0000', '12.0000', '12.0000', '12.0000', NULL, NULL),
(518, 3, 1, 5, '12.0000', '12.0000', '12.0000', '12.0000', NULL, NULL),
(519, 0, 1, 5, '13.0000', '11.7000', '11.7000', '11.7000', NULL, NULL),
(519, 1, 1, 5, '13.0000', '13.0000', '13.0000', '13.0000', NULL, NULL),
(519, 2, 1, 5, '13.0000', '13.0000', '13.0000', '13.0000', NULL, NULL),
(519, 3, 1, 5, '13.0000', '13.0000', '13.0000', '13.0000', NULL, NULL),
(520, 0, 1, 5, '16.0000', '14.4000', '14.4000', '14.4000', NULL, NULL),
(520, 1, 1, 5, '16.0000', '16.0000', '16.0000', '16.0000', NULL, NULL),
(520, 2, 1, 5, '16.0000', '16.0000', '16.0000', '16.0000', NULL, NULL),
(520, 3, 1, 5, '16.0000', '16.0000', '16.0000', '16.0000', NULL, NULL),
(521, 0, 1, 5, '13.0000', '11.7000', '11.7000', '11.7000', NULL, NULL),
(521, 1, 1, 5, '13.0000', '13.0000', '13.0000', '13.0000', NULL, NULL),
(521, 2, 1, 5, '13.0000', '13.0000', '13.0000', '13.0000', NULL, NULL),
(521, 3, 1, 5, '13.0000', '13.0000', '13.0000', '13.0000', NULL, NULL),
(522, 0, 1, 5, '108.0000', '97.2000', '97.2000', '97.2000', NULL, NULL),
(522, 1, 1, 5, '108.0000', '108.0000', '108.0000', '108.0000', NULL, NULL),
(522, 2, 1, 5, '108.0000', '108.0000', '108.0000', '108.0000', NULL, NULL),
(522, 3, 1, 5, '108.0000', '108.0000', '108.0000', '108.0000', NULL, NULL),
(523, 0, 1, 5, '31.0000', '27.9000', '27.9000', '27.9000', NULL, NULL),
(523, 1, 1, 5, '31.0000', '31.0000', '31.0000', '31.0000', NULL, NULL),
(523, 2, 1, 5, '31.0000', '31.0000', '31.0000', '31.0000', NULL, NULL),
(523, 3, 1, 5, '31.0000', '31.0000', '31.0000', '31.0000', NULL, NULL),
(524, 0, 1, 5, '12.0000', '10.8000', '10.8000', '10.8000', NULL, NULL),
(524, 1, 1, 5, '12.0000', '12.0000', '12.0000', '12.0000', NULL, NULL),
(524, 2, 1, 5, '12.0000', '12.0000', '12.0000', '12.0000', NULL, NULL),
(524, 3, 1, 5, '12.0000', '12.0000', '12.0000', '12.0000', NULL, NULL),
(525, 0, 1, 5, '21.0000', '18.9000', '18.9000', '18.9000', NULL, NULL),
(525, 1, 1, 5, '21.0000', '21.0000', '21.0000', '21.0000', NULL, NULL),
(525, 2, 1, 5, '21.0000', '21.0000', '21.0000', '21.0000', NULL, NULL),
(525, 3, 1, 5, '21.0000', '21.0000', '21.0000', '21.0000', NULL, NULL),
(526, 0, 1, 5, '30.0000', '27.0000', '27.0000', '27.0000', NULL, NULL),
(526, 1, 1, 5, '30.0000', '30.0000', '30.0000', '30.0000', NULL, NULL),
(526, 2, 1, 5, '30.0000', '30.0000', '30.0000', '30.0000', NULL, NULL),
(526, 3, 1, 5, '30.0000', '30.0000', '30.0000', '30.0000', NULL, NULL),
(527, 0, 1, 5, '19.0000', '17.1000', '17.1000', '17.1000', NULL, NULL),
(527, 1, 1, 5, '19.0000', '19.0000', '19.0000', '19.0000', NULL, NULL),
(527, 2, 1, 5, '19.0000', '19.0000', '19.0000', '19.0000', NULL, NULL),
(527, 3, 1, 5, '19.0000', '19.0000', '19.0000', '19.0000', NULL, NULL),
(528, 0, 1, 5, '21.0000', '18.9000', '18.9000', '18.9000', NULL, NULL),
(528, 1, 1, 5, '21.0000', '21.0000', '21.0000', '21.0000', NULL, NULL),
(528, 2, 1, 5, '21.0000', '21.0000', '21.0000', '21.0000', NULL, NULL),
(528, 3, 1, 5, '21.0000', '21.0000', '21.0000', '21.0000', NULL, NULL),
(529, 0, 1, 5, '31.0000', '27.9000', '27.9000', '27.9000', NULL, NULL),
(529, 1, 1, 5, '31.0000', '31.0000', '31.0000', '31.0000', NULL, NULL),
(529, 2, 1, 5, '31.0000', '31.0000', '31.0000', '31.0000', NULL, NULL),
(529, 3, 1, 5, '31.0000', '31.0000', '31.0000', '31.0000', NULL, NULL),
(530, 0, 1, 5, '35.0000', '31.5000', '31.5000', '31.5000', NULL, NULL),
(530, 1, 1, 5, '35.0000', '35.0000', '35.0000', '35.0000', NULL, NULL),
(530, 2, 1, 5, '35.0000', '35.0000', '35.0000', '35.0000', NULL, NULL),
(530, 3, 1, 5, '35.0000', '35.0000', '35.0000', '35.0000', NULL, NULL),
(531, 0, 1, 5, '17.0000', '15.3000', '15.3000', '15.3000', NULL, NULL),
(531, 1, 1, 5, '17.0000', '17.0000', '17.0000', '17.0000', NULL, NULL),
(531, 2, 1, 5, '17.0000', '17.0000', '17.0000', '17.0000', NULL, NULL),
(531, 3, 1, 5, '17.0000', '17.0000', '17.0000', '17.0000', NULL, NULL),
(532, 0, 1, 5, '79.0000', '71.1000', '71.1000', '71.1000', NULL, NULL),
(532, 1, 1, 5, '79.0000', '79.0000', '79.0000', '79.0000', NULL, NULL),
(532, 2, 1, 5, '79.0000', '79.0000', '79.0000', '79.0000', NULL, NULL),
(532, 3, 1, 5, '79.0000', '79.0000', '79.0000', '79.0000', NULL, NULL),
(533, 0, 1, 5, '106.0000', '95.4000', '95.4000', '95.4000', NULL, NULL),
(533, 1, 1, 5, '106.0000', '106.0000', '106.0000', '106.0000', NULL, NULL),
(533, 2, 1, 5, '106.0000', '106.0000', '106.0000', '106.0000', NULL, NULL),
(533, 3, 1, 5, '106.0000', '106.0000', '106.0000', '106.0000', NULL, NULL),
(534, 0, 1, 5, '160.0000', '144.0000', '144.0000', '144.0000', NULL, NULL),
(534, 1, 1, 5, '160.0000', '160.0000', '160.0000', '160.0000', NULL, NULL),
(534, 2, 1, 5, '160.0000', '160.0000', '160.0000', '160.0000', NULL, NULL),
(534, 3, 1, 5, '160.0000', '160.0000', '160.0000', '160.0000', NULL, NULL),
(535, 0, 1, 5, '42.0000', '37.8000', '37.8000', '37.8000', NULL, NULL),
(535, 1, 1, 5, '42.0000', '42.0000', '42.0000', '42.0000', NULL, NULL),
(535, 2, 1, 5, '42.0000', '42.0000', '42.0000', '42.0000', NULL, NULL),
(535, 3, 1, 5, '42.0000', '42.0000', '42.0000', '42.0000', NULL, NULL),
(536, 0, 1, 5, '11.0000', '9.9000', '9.9000', '9.9000', NULL, NULL),
(536, 1, 1, 5, '11.0000', '11.0000', '11.0000', '11.0000', NULL, NULL),
(536, 2, 1, 5, '11.0000', '11.0000', '11.0000', '11.0000', NULL, NULL),
(536, 3, 1, 5, '11.0000', '11.0000', '11.0000', '11.0000', NULL, NULL),
(537, 0, 1, 5, '19.0000', '17.1000', '17.1000', '17.1000', NULL, NULL),
(537, 1, 1, 5, '19.0000', '19.0000', '19.0000', '19.0000', NULL, NULL),
(537, 2, 1, 5, '19.0000', '19.0000', '19.0000', '19.0000', NULL, NULL),
(537, 3, 1, 5, '19.0000', '19.0000', '19.0000', '19.0000', NULL, NULL),
(538, 0, 1, 5, '17.0000', '15.3000', '15.3000', '15.3000', NULL, NULL),
(538, 1, 1, 5, '17.0000', '17.0000', '17.0000', '17.0000', NULL, NULL),
(538, 2, 1, 5, '17.0000', '17.0000', '17.0000', '17.0000', NULL, NULL),
(538, 3, 1, 5, '17.0000', '17.0000', '17.0000', '17.0000', NULL, NULL),
(539, 0, 1, 5, '20.0000', '18.0000', '18.0000', '18.0000', NULL, NULL),
(539, 1, 1, 5, '20.0000', '20.0000', '20.0000', '20.0000', NULL, NULL),
(539, 2, 1, 5, '20.0000', '20.0000', '20.0000', '20.0000', NULL, NULL),
(539, 3, 1, 5, '20.0000', '20.0000', '20.0000', '20.0000', NULL, NULL),
(540, 0, 1, 5, '41.0000', '36.9000', '36.9000', '36.9000', NULL, NULL),
(540, 1, 1, 5, '41.0000', '41.0000', '41.0000', '41.0000', NULL, NULL),
(540, 2, 1, 5, '41.0000', '41.0000', '41.0000', '41.0000', NULL, NULL),
(540, 3, 1, 5, '41.0000', '41.0000', '41.0000', '41.0000', NULL, NULL),
(541, 0, 1, 5, '56.0000', '50.4000', '50.4000', '50.4000', NULL, NULL),
(541, 1, 1, 5, '56.0000', '56.0000', '56.0000', '56.0000', NULL, NULL),
(541, 2, 1, 5, '56.0000', '56.0000', '56.0000', '56.0000', NULL, NULL),
(541, 3, 1, 5, '56.0000', '56.0000', '56.0000', '56.0000', NULL, NULL),
(542, 0, 1, 5, '120.0000', '108.0000', '108.0000', '108.0000', NULL, NULL),
(542, 1, 1, 5, '120.0000', '120.0000', '120.0000', '120.0000', NULL, NULL),
(542, 2, 1, 5, '120.0000', '120.0000', '120.0000', '120.0000', NULL, NULL),
(542, 3, 1, 5, '120.0000', '120.0000', '120.0000', '120.0000', NULL, NULL),
(543, 0, 1, 5, '56.0000', '50.4000', '50.4000', '50.4000', NULL, NULL),
(543, 1, 1, 5, '56.0000', '56.0000', '56.0000', '56.0000', NULL, NULL),
(543, 2, 1, 5, '56.0000', '56.0000', '56.0000', '56.0000', NULL, NULL),
(543, 3, 1, 5, '56.0000', '56.0000', '56.0000', '56.0000', NULL, NULL);
INSERT INTO `catalog_product_index_price_idx` (`entity_id`, `customer_group_id`, `website_id`, `tax_class_id`, `price`, `final_price`, `min_price`, `max_price`, `tier_price`, `group_price`) VALUES
(544, 0, 1, 5, '25.0000', '22.5000', '22.5000', '22.5000', NULL, NULL),
(544, 1, 1, 5, '25.0000', '25.0000', '25.0000', '25.0000', NULL, NULL),
(544, 2, 1, 5, '25.0000', '25.0000', '25.0000', '25.0000', NULL, NULL),
(544, 3, 1, 5, '25.0000', '25.0000', '25.0000', '25.0000', NULL, NULL),
(545, 0, 1, 5, '74.0000', '66.6000', '66.6000', '66.6000', NULL, NULL),
(545, 1, 1, 5, '74.0000', '74.0000', '74.0000', '74.0000', NULL, NULL),
(545, 2, 1, 5, '74.0000', '74.0000', '74.0000', '74.0000', NULL, NULL),
(545, 3, 1, 5, '74.0000', '74.0000', '74.0000', '74.0000', NULL, NULL),
(546, 0, 1, 5, '99.0000', '89.1000', '89.1000', '89.1000', NULL, NULL),
(546, 1, 1, 5, '99.0000', '99.0000', '99.0000', '99.0000', NULL, NULL),
(546, 2, 1, 5, '99.0000', '99.0000', '99.0000', '99.0000', NULL, NULL),
(546, 3, 1, 5, '99.0000', '99.0000', '99.0000', '99.0000', NULL, NULL),
(547, 0, 1, 5, '18.0000', '16.2000', '16.2000', '16.2000', NULL, NULL),
(547, 1, 1, 5, '18.0000', '18.0000', '18.0000', '18.0000', NULL, NULL),
(547, 2, 1, 5, '18.0000', '18.0000', '18.0000', '18.0000', NULL, NULL),
(547, 3, 1, 5, '18.0000', '18.0000', '18.0000', '18.0000', NULL, NULL),
(554, 0, 1, 5, '65.0000', '58.5000', '58.5000', '58.5000', NULL, NULL),
(554, 1, 1, 5, '65.0000', '65.0000', '65.0000', '65.0000', NULL, NULL),
(554, 2, 1, 5, '65.0000', '65.0000', '65.0000', '65.0000', NULL, NULL),
(554, 3, 1, 5, '65.0000', '65.0000', '65.0000', '65.0000', NULL, NULL),
(561, 0, 1, 5, '218.0000', '196.2000', '196.2000', '262.2000', NULL, NULL),
(561, 1, 1, 5, '218.0000', '218.0000', '218.0000', '284.0000', NULL, NULL),
(561, 2, 1, 5, '218.0000', '218.0000', '218.0000', '284.0000', NULL, NULL),
(561, 3, 1, 5, '218.0000', '218.0000', '218.0000', '284.0000', NULL, NULL),
(562, 0, 1, 5, '118.0000', '106.2000', '106.2000', '106.2000', NULL, NULL),
(562, 1, 1, 5, '118.0000', '118.0000', '118.0000', '118.0000', NULL, NULL),
(562, 2, 1, 5, '118.0000', '118.0000', '118.0000', '118.0000', NULL, NULL),
(562, 3, 1, 5, '118.0000', '118.0000', '118.0000', '118.0000', NULL, NULL),
(563, 0, 1, 5, '118.0000', '106.2000', '106.2000', '106.2000', NULL, NULL),
(563, 1, 1, 5, '118.0000', '118.0000', '118.0000', '118.0000', NULL, NULL),
(563, 2, 1, 5, '118.0000', '118.0000', '118.0000', '118.0000', NULL, NULL),
(563, 3, 1, 5, '118.0000', '118.0000', '118.0000', '118.0000', NULL, NULL),
(564, 0, 1, 5, '118.0000', '106.2000', '106.2000', '106.2000', NULL, NULL),
(564, 1, 1, 5, '118.0000', '118.0000', '118.0000', '118.0000', NULL, NULL),
(564, 2, 1, 5, '118.0000', '118.0000', '118.0000', '118.0000', NULL, NULL),
(564, 3, 1, 5, '118.0000', '118.0000', '118.0000', '118.0000', NULL, NULL),
(565, 0, 1, 5, '143.0000', '128.7000', '128.7000', '128.7000', NULL, NULL),
(565, 1, 1, 5, '143.0000', '143.0000', '143.0000', '143.0000', NULL, NULL),
(565, 2, 1, 5, '143.0000', '143.0000', '143.0000', '143.0000', NULL, NULL),
(565, 3, 1, 5, '143.0000', '143.0000', '143.0000', '143.0000', NULL, NULL),
(566, 0, 1, 5, '143.0000', '128.7000', '128.7000', '128.7000', NULL, NULL),
(566, 1, 1, 5, '143.0000', '143.0000', '143.0000', '143.0000', NULL, NULL),
(566, 2, 1, 5, '143.0000', '143.0000', '143.0000', '143.0000', NULL, NULL),
(566, 3, 1, 5, '143.0000', '143.0000', '143.0000', '143.0000', NULL, NULL),
(567, 0, 1, 5, '143.0000', '128.7000', '128.7000', '128.7000', NULL, NULL),
(567, 1, 1, 5, '143.0000', '143.0000', '143.0000', '143.0000', NULL, NULL),
(567, 2, 1, 5, '143.0000', '143.0000', '143.0000', '143.0000', NULL, NULL),
(567, 3, 1, 5, '143.0000', '143.0000', '143.0000', '143.0000', NULL, NULL),
(568, 0, 1, 5, '150.0000', '135.0000', '135.0000', '135.0000', NULL, NULL),
(568, 1, 1, 5, '150.0000', '150.0000', '150.0000', '150.0000', NULL, NULL),
(568, 2, 1, 5, '150.0000', '150.0000', '150.0000', '150.0000', NULL, NULL),
(568, 3, 1, 5, '150.0000', '150.0000', '150.0000', '150.0000', NULL, NULL),
(569, 0, 1, 5, '150.0000', '135.0000', '135.0000', '135.0000', NULL, NULL),
(569, 1, 1, 5, '150.0000', '150.0000', '150.0000', '150.0000', NULL, NULL),
(569, 2, 1, 5, '150.0000', '150.0000', '150.0000', '150.0000', NULL, NULL),
(569, 3, 1, 5, '150.0000', '150.0000', '150.0000', '150.0000', NULL, NULL),
(570, 0, 1, 5, '150.0000', '135.0000', '135.0000', '135.0000', NULL, NULL),
(570, 1, 1, 5, '150.0000', '150.0000', '150.0000', '150.0000', NULL, NULL),
(570, 2, 1, 5, '150.0000', '150.0000', '150.0000', '150.0000', NULL, NULL),
(570, 3, 1, 5, '150.0000', '150.0000', '150.0000', '150.0000', NULL, NULL),
(571, 0, 1, 5, '73.0000', '65.7000', '65.7000', '65.7000', NULL, NULL),
(571, 1, 1, 5, '73.0000', '73.0000', '73.0000', '73.0000', NULL, NULL),
(571, 2, 1, 5, '73.0000', '73.0000', '73.0000', '73.0000', NULL, NULL),
(571, 3, 1, 5, '73.0000', '73.0000', '73.0000', '73.0000', NULL, NULL),
(572, 0, 1, 5, '73.0000', '65.7000', '65.7000', '65.7000', NULL, NULL),
(572, 1, 1, 5, '73.0000', '73.0000', '73.0000', '73.0000', NULL, NULL),
(572, 2, 1, 5, '73.0000', '73.0000', '73.0000', '73.0000', NULL, NULL),
(572, 3, 1, 5, '73.0000', '73.0000', '73.0000', '73.0000', NULL, NULL),
(573, 0, 1, 5, '73.0000', '65.7000', '65.7000', '65.7000', NULL, NULL),
(573, 1, 1, 5, '73.0000', '73.0000', '73.0000', '73.0000', NULL, NULL),
(573, 2, 1, 5, '73.0000', '73.0000', '73.0000', '73.0000', NULL, NULL),
(573, 3, 1, 5, '73.0000', '73.0000', '73.0000', '73.0000', NULL, NULL),
(574, 0, 1, 5, '63.0000', '56.7000', '56.7000', '56.7000', NULL, NULL),
(574, 1, 1, 5, '63.0000', '63.0000', '63.0000', '63.0000', NULL, NULL),
(574, 2, 1, 5, '63.0000', '63.0000', '63.0000', '63.0000', NULL, NULL),
(574, 3, 1, 5, '63.0000', '63.0000', '63.0000', '63.0000', NULL, NULL),
(575, 0, 1, 5, '63.0000', '56.7000', '56.7000', '56.7000', NULL, NULL),
(575, 1, 1, 5, '63.0000', '63.0000', '63.0000', '63.0000', NULL, NULL),
(575, 2, 1, 5, '63.0000', '63.0000', '63.0000', '63.0000', NULL, NULL),
(575, 3, 1, 5, '63.0000', '63.0000', '63.0000', '63.0000', NULL, NULL),
(576, 0, 1, 5, '63.0000', '56.7000', '56.7000', '56.7000', NULL, NULL),
(576, 1, 1, 5, '63.0000', '63.0000', '63.0000', '63.0000', NULL, NULL),
(576, 2, 1, 5, '63.0000', '63.0000', '63.0000', '63.0000', NULL, NULL),
(576, 3, 1, 5, '63.0000', '63.0000', '63.0000', '63.0000', NULL, NULL),
(577, 0, 1, 5, '250.0000', '225.0000', '225.0000', '298.0000', NULL, NULL),
(577, 1, 1, 5, '250.0000', '250.0000', '250.0000', '323.0000', NULL, NULL),
(577, 2, 1, 5, '250.0000', '250.0000', '250.0000', '323.0000', NULL, NULL),
(577, 3, 1, 5, '250.0000', '250.0000', '250.0000', '323.0000', NULL, NULL),
(578, 0, 1, 5, '80.0000', '72.0000', '72.0000', '72.0000', NULL, NULL),
(578, 1, 1, 5, '80.0000', '80.0000', '80.0000', '80.0000', NULL, NULL),
(578, 2, 1, 5, '80.0000', '80.0000', '80.0000', '80.0000', NULL, NULL),
(578, 3, 1, 5, '80.0000', '80.0000', '80.0000', '80.0000', NULL, NULL),
(579, 0, 1, 5, '88.0000', '79.2000', '79.2000', '79.2000', NULL, NULL),
(579, 1, 1, 5, '88.0000', '88.0000', '88.0000', '88.0000', NULL, NULL),
(579, 2, 1, 5, '88.0000', '88.0000', '88.0000', '88.0000', NULL, NULL),
(579, 3, 1, 5, '88.0000', '88.0000', '88.0000', '88.0000', NULL, NULL),
(580, 0, 1, 5, '92.0000', '82.8000', '82.8000', '82.8000', NULL, NULL),
(580, 1, 1, 5, '92.0000', '92.0000', '92.0000', '92.0000', NULL, NULL),
(580, 2, 1, 5, '92.0000', '92.0000', '92.0000', '92.0000', NULL, NULL),
(580, 3, 1, 5, '92.0000', '92.0000', '92.0000', '92.0000', NULL, NULL),
(581, 0, 1, 5, '43.0000', '38.7000', '38.7000', '38.7000', NULL, NULL),
(581, 1, 1, 5, '43.0000', '43.0000', '43.0000', '43.0000', NULL, NULL),
(581, 2, 1, 5, '43.0000', '43.0000', '43.0000', '43.0000', NULL, NULL),
(581, 3, 1, 5, '43.0000', '43.0000', '43.0000', '43.0000', NULL, NULL),
(582, 0, 1, 5, '39.0000', '35.1000', '35.1000', '35.1000', NULL, NULL),
(582, 1, 1, 5, '39.0000', '39.0000', '39.0000', '39.0000', NULL, NULL),
(582, 2, 1, 5, '39.0000', '39.0000', '39.0000', '39.0000', NULL, NULL),
(582, 3, 1, 5, '39.0000', '39.0000', '39.0000', '39.0000', NULL, NULL),
(583, 0, 1, 5, '45.0000', '40.5000', '40.5000', '40.5000', NULL, NULL),
(583, 1, 1, 5, '45.0000', '45.0000', '45.0000', '45.0000', NULL, NULL),
(583, 2, 1, 5, '45.0000', '45.0000', '45.0000', '45.0000', NULL, NULL),
(583, 3, 1, 5, '45.0000', '45.0000', '45.0000', '45.0000', NULL, NULL),
(585, 0, 1, 5, '50.0000', '45.0000', '45.0000', '47.0000', NULL, NULL),
(585, 1, 1, 5, '50.0000', '50.0000', '50.0000', '52.0000', NULL, NULL),
(585, 2, 1, 5, '50.0000', '50.0000', '50.0000', '52.0000', NULL, NULL),
(585, 3, 1, 5, '50.0000', '50.0000', '50.0000', '52.0000', NULL, NULL),
(586, 0, 1, 5, '296.0000', '266.4000', '266.4000', '266.4000', NULL, NULL),
(586, 1, 1, 5, '296.0000', '296.0000', '296.0000', '296.0000', NULL, NULL),
(586, 2, 1, 5, '296.0000', '296.0000', '296.0000', '296.0000', NULL, NULL),
(586, 3, 1, 5, '296.0000', '296.0000', '296.0000', '296.0000', NULL, NULL),
(587, 0, 1, 5, '123.0000', '110.7000', '110.7000', '110.7000', NULL, NULL),
(587, 1, 1, 5, '123.0000', '123.0000', '123.0000', '123.0000', NULL, NULL),
(587, 2, 1, 5, '123.0000', '123.0000', '123.0000', '123.0000', NULL, NULL),
(587, 3, 1, 5, '123.0000', '123.0000', '123.0000', '123.0000', NULL, NULL),
(588, 0, 1, 5, '141.0000', '126.9000', '126.9000', '126.9000', NULL, NULL),
(588, 1, 1, 5, '141.0000', '141.0000', '141.0000', '141.0000', NULL, NULL),
(588, 2, 1, 5, '141.0000', '141.0000', '141.0000', '141.0000', NULL, NULL),
(588, 3, 1, 5, '141.0000', '141.0000', '141.0000', '141.0000', NULL, NULL),
(589, 0, 1, 5, '128.0000', '115.2000', '115.2000', '115.2000', NULL, NULL),
(589, 1, 1, 5, '128.0000', '128.0000', '128.0000', '128.0000', NULL, NULL),
(589, 2, 1, 5, '128.0000', '128.0000', '128.0000', '128.0000', NULL, NULL),
(589, 3, 1, 5, '128.0000', '128.0000', '128.0000', '128.0000', NULL, NULL),
(590, 0, 1, 5, '133.0000', '119.7000', '119.7000', '126.7000', NULL, NULL),
(590, 1, 1, 5, '133.0000', '133.0000', '133.0000', '140.0000', NULL, NULL),
(590, 2, 1, 5, '133.0000', '133.0000', '133.0000', '140.0000', NULL, NULL),
(590, 3, 1, 5, '133.0000', '133.0000', '133.0000', '140.0000', NULL, NULL),
(591, 0, 1, 5, '133.0000', '119.7000', '119.7000', '119.7000', NULL, NULL),
(591, 1, 1, 5, '133.0000', '133.0000', '133.0000', '133.0000', NULL, NULL),
(591, 2, 1, 5, '133.0000', '133.0000', '133.0000', '133.0000', NULL, NULL),
(591, 3, 1, 5, '133.0000', '133.0000', '133.0000', '133.0000', NULL, NULL),
(592, 0, 1, 5, '133.0000', '119.7000', '119.7000', '119.7000', NULL, NULL),
(592, 1, 1, 5, '133.0000', '133.0000', '133.0000', '133.0000', NULL, NULL),
(592, 2, 1, 5, '133.0000', '133.0000', '133.0000', '133.0000', NULL, NULL),
(592, 3, 1, 5, '133.0000', '133.0000', '133.0000', '133.0000', NULL, NULL),
(593, 0, 1, 5, '133.0000', '119.7000', '119.7000', '119.7000', NULL, NULL),
(593, 1, 1, 5, '133.0000', '133.0000', '133.0000', '133.0000', NULL, NULL),
(593, 2, 1, 5, '133.0000', '133.0000', '133.0000', '133.0000', NULL, NULL),
(593, 3, 1, 5, '133.0000', '133.0000', '133.0000', '133.0000', NULL, NULL),
(594, 0, 1, 5, '140.0000', '126.0000', '126.0000', '126.0000', NULL, NULL),
(594, 1, 1, 5, '140.0000', '140.0000', '140.0000', '140.0000', NULL, NULL),
(594, 2, 1, 5, '140.0000', '140.0000', '140.0000', '140.0000', NULL, NULL),
(594, 3, 1, 5, '140.0000', '140.0000', '140.0000', '140.0000', NULL, NULL),
(595, 0, 1, 5, '140.0000', '126.0000', '126.0000', '126.0000', NULL, NULL),
(595, 1, 1, 5, '140.0000', '140.0000', '140.0000', '140.0000', NULL, NULL),
(595, 2, 1, 5, '140.0000', '140.0000', '140.0000', '140.0000', NULL, NULL),
(595, 3, 1, 5, '140.0000', '140.0000', '140.0000', '140.0000', NULL, NULL),
(596, 0, 1, 5, '140.0000', '126.0000', '126.0000', '126.0000', NULL, NULL),
(596, 1, 1, 5, '140.0000', '140.0000', '140.0000', '140.0000', NULL, NULL),
(596, 2, 1, 5, '140.0000', '140.0000', '140.0000', '140.0000', NULL, NULL),
(596, 3, 1, 5, '140.0000', '140.0000', '140.0000', '140.0000', NULL, NULL),
(597, 0, 1, 5, '130.0000', '117.0000', '117.0000', '124.0000', NULL, NULL),
(597, 1, 1, 5, '130.0000', '130.0000', '130.0000', '137.0000', NULL, NULL),
(597, 2, 1, 5, '130.0000', '130.0000', '130.0000', '137.0000', NULL, NULL),
(597, 3, 1, 5, '130.0000', '130.0000', '130.0000', '137.0000', NULL, NULL),
(598, 0, 1, 5, '130.0000', '117.0000', '117.0000', '117.0000', NULL, NULL),
(598, 1, 1, 5, '130.0000', '130.0000', '130.0000', '130.0000', NULL, NULL),
(598, 2, 1, 5, '130.0000', '130.0000', '130.0000', '130.0000', NULL, NULL),
(598, 3, 1, 5, '130.0000', '130.0000', '130.0000', '130.0000', NULL, NULL),
(599, 0, 1, 5, '130.0000', '117.0000', '117.0000', '117.0000', NULL, NULL),
(599, 1, 1, 5, '130.0000', '130.0000', '130.0000', '130.0000', NULL, NULL),
(599, 2, 1, 5, '130.0000', '130.0000', '130.0000', '130.0000', NULL, NULL),
(599, 3, 1, 5, '130.0000', '130.0000', '130.0000', '130.0000', NULL, NULL),
(600, 0, 1, 5, '130.0000', '117.0000', '117.0000', '117.0000', NULL, NULL),
(600, 1, 1, 5, '130.0000', '130.0000', '130.0000', '130.0000', NULL, NULL),
(600, 2, 1, 5, '130.0000', '130.0000', '130.0000', '130.0000', NULL, NULL),
(600, 3, 1, 5, '130.0000', '130.0000', '130.0000', '130.0000', NULL, NULL),
(601, 0, 1, 5, '137.0000', '123.3000', '123.3000', '123.3000', NULL, NULL),
(601, 1, 1, 5, '137.0000', '137.0000', '137.0000', '137.0000', NULL, NULL),
(601, 2, 1, 5, '137.0000', '137.0000', '137.0000', '137.0000', NULL, NULL),
(601, 3, 1, 5, '137.0000', '137.0000', '137.0000', '137.0000', NULL, NULL),
(602, 0, 1, 5, '137.0000', '123.3000', '123.3000', '123.3000', NULL, NULL),
(602, 1, 1, 5, '137.0000', '137.0000', '137.0000', '137.0000', NULL, NULL),
(602, 2, 1, 5, '137.0000', '137.0000', '137.0000', '137.0000', NULL, NULL),
(602, 3, 1, 5, '137.0000', '137.0000', '137.0000', '137.0000', NULL, NULL),
(603, 0, 1, 5, '137.0000', '123.3000', '123.3000', '123.3000', NULL, NULL),
(603, 1, 1, 5, '137.0000', '137.0000', '137.0000', '137.0000', NULL, NULL),
(603, 2, 1, 5, '137.0000', '137.0000', '137.0000', '137.0000', NULL, NULL),
(603, 3, 1, 5, '137.0000', '137.0000', '137.0000', '137.0000', NULL, NULL),
(604, 0, 1, 5, '159.0000', '143.1000', '143.1000', '185.1000', NULL, NULL),
(604, 1, 1, 5, '159.0000', '159.0000', '159.0000', '201.0000', NULL, NULL),
(604, 2, 1, 5, '159.0000', '159.0000', '159.0000', '201.0000', NULL, NULL),
(604, 3, 1, 5, '159.0000', '159.0000', '159.0000', '201.0000', NULL, NULL),
(605, 0, 1, 5, '159.0000', '143.1000', '143.1000', '143.1000', NULL, NULL),
(605, 1, 1, 5, '159.0000', '159.0000', '159.0000', '159.0000', NULL, NULL),
(605, 2, 1, 5, '159.0000', '159.0000', '159.0000', '159.0000', NULL, NULL),
(605, 3, 1, 5, '159.0000', '159.0000', '159.0000', '159.0000', NULL, NULL),
(606, 0, 1, 5, '164.0000', '147.6000', '147.6000', '147.6000', NULL, NULL),
(606, 1, 1, 5, '164.0000', '164.0000', '164.0000', '164.0000', NULL, NULL),
(606, 2, 1, 5, '164.0000', '164.0000', '164.0000', '164.0000', NULL, NULL),
(606, 3, 1, 5, '164.0000', '164.0000', '164.0000', '164.0000', NULL, NULL),
(607, 0, 1, 5, '166.0000', '149.4000', '149.4000', '149.4000', NULL, NULL),
(607, 1, 1, 5, '166.0000', '166.0000', '166.0000', '166.0000', NULL, NULL),
(607, 2, 1, 5, '166.0000', '166.0000', '166.0000', '166.0000', NULL, NULL),
(607, 3, 1, 5, '166.0000', '166.0000', '166.0000', '166.0000', NULL, NULL),
(608, 0, 1, 5, '201.0000', '180.9000', '180.9000', '180.9000', NULL, NULL),
(608, 1, 1, 5, '201.0000', '201.0000', '201.0000', '201.0000', NULL, NULL),
(608, 2, 1, 5, '201.0000', '201.0000', '201.0000', '201.0000', NULL, NULL),
(608, 3, 1, 5, '201.0000', '201.0000', '201.0000', '201.0000', NULL, NULL),
(609, 0, 1, 5, '199.0000', '179.1000', '179.1000', '179.1000', NULL, NULL),
(609, 1, 1, 5, '199.0000', '199.0000', '199.0000', '199.0000', NULL, NULL),
(609, 2, 1, 5, '199.0000', '199.0000', '199.0000', '199.0000', NULL, NULL),
(609, 3, 1, 5, '199.0000', '199.0000', '199.0000', '199.0000', NULL, NULL),
(610, 0, 1, 5, '194.0000', '174.6000', '174.6000', '174.6000', NULL, NULL),
(610, 1, 1, 5, '194.0000', '194.0000', '194.0000', '194.0000', NULL, NULL),
(610, 2, 1, 5, '194.0000', '194.0000', '194.0000', '194.0000', NULL, NULL),
(610, 3, 1, 5, '194.0000', '194.0000', '194.0000', '194.0000', NULL, NULL),
(611, 0, 1, 5, '25.0000', '22.5000', '22.5000', '33.5000', NULL, NULL),
(611, 1, 1, 5, '25.0000', '25.0000', '25.0000', '36.0000', NULL, NULL),
(611, 2, 1, 5, '25.0000', '25.0000', '25.0000', '36.0000', NULL, NULL),
(611, 3, 1, 5, '25.0000', '25.0000', '25.0000', '36.0000', NULL, NULL),
(612, 0, 1, 5, '25.0000', '22.5000', '22.5000', '22.5000', NULL, NULL),
(612, 1, 1, 5, '25.0000', '25.0000', '25.0000', '25.0000', NULL, NULL),
(612, 2, 1, 5, '25.0000', '25.0000', '25.0000', '25.0000', NULL, NULL),
(612, 3, 1, 5, '25.0000', '25.0000', '25.0000', '25.0000', NULL, NULL),
(613, 0, 1, 5, '30.0000', '27.0000', '27.0000', '27.0000', NULL, NULL),
(613, 1, 1, 5, '30.0000', '30.0000', '30.0000', '30.0000', NULL, NULL),
(613, 2, 1, 5, '30.0000', '30.0000', '30.0000', '30.0000', NULL, NULL),
(613, 3, 1, 5, '30.0000', '30.0000', '30.0000', '30.0000', NULL, NULL),
(614, 0, 1, 5, '36.0000', '32.4000', '32.4000', '32.4000', NULL, NULL),
(614, 1, 1, 5, '36.0000', '36.0000', '36.0000', '36.0000', NULL, NULL),
(614, 2, 1, 5, '36.0000', '36.0000', '36.0000', '36.0000', NULL, NULL),
(614, 3, 1, 5, '36.0000', '36.0000', '36.0000', '36.0000', NULL, NULL),
(615, 0, 1, 5, '28.0000', '25.2000', '25.2000', '37.2000', NULL, NULL),
(615, 1, 1, 5, '28.0000', '28.0000', '28.0000', '40.0000', NULL, NULL),
(615, 2, 1, 5, '28.0000', '28.0000', '28.0000', '40.0000', NULL, NULL),
(615, 3, 1, 5, '28.0000', '28.0000', '28.0000', '40.0000', NULL, NULL),
(616, 0, 1, 5, '28.0000', '25.2000', '25.2000', '25.2000', NULL, NULL),
(616, 1, 1, 5, '28.0000', '28.0000', '28.0000', '28.0000', NULL, NULL),
(616, 2, 1, 5, '28.0000', '28.0000', '28.0000', '28.0000', NULL, NULL),
(616, 3, 1, 5, '28.0000', '28.0000', '28.0000', '28.0000', NULL, NULL),
(617, 0, 1, 5, '30.0000', '27.0000', '27.0000', '27.0000', NULL, NULL),
(617, 1, 1, 5, '30.0000', '30.0000', '30.0000', '30.0000', NULL, NULL),
(617, 2, 1, 5, '30.0000', '30.0000', '30.0000', '30.0000', NULL, NULL),
(617, 3, 1, 5, '30.0000', '30.0000', '30.0000', '30.0000', NULL, NULL),
(618, 0, 1, 5, '40.0000', '36.0000', '36.0000', '36.0000', NULL, NULL),
(618, 1, 1, 5, '40.0000', '40.0000', '40.0000', '40.0000', NULL, NULL),
(618, 2, 1, 5, '40.0000', '40.0000', '40.0000', '40.0000', NULL, NULL),
(618, 3, 1, 5, '40.0000', '40.0000', '40.0000', '40.0000', NULL, NULL),
(619, 0, 1, 5, '154.0000', '138.6000', '138.6000', '138.6000', NULL, NULL),
(619, 1, 1, 5, '154.0000', '154.0000', '154.0000', '154.0000', NULL, NULL),
(619, 2, 1, 5, '154.0000', '154.0000', '154.0000', '154.0000', NULL, NULL),
(619, 3, 1, 5, '154.0000', '154.0000', '154.0000', '154.0000', NULL, NULL),
(620, 0, 1, 5, '184.0000', '165.6000', '165.6000', '171.6000', NULL, NULL),
(620, 1, 1, 5, '184.0000', '184.0000', '184.0000', '190.0000', NULL, NULL),
(620, 2, 1, 5, '184.0000', '184.0000', '184.0000', '190.0000', NULL, NULL),
(620, 3, 1, 5, '184.0000', '184.0000', '184.0000', '190.0000', NULL, NULL),
(621, 0, 1, 5, '184.0000', '165.6000', '165.6000', '165.6000', NULL, NULL),
(621, 1, 1, 5, '184.0000', '184.0000', '184.0000', '184.0000', NULL, NULL),
(621, 2, 1, 5, '184.0000', '184.0000', '184.0000', '184.0000', NULL, NULL),
(621, 3, 1, 5, '184.0000', '184.0000', '184.0000', '184.0000', NULL, NULL),
(622, 0, 1, 5, '190.0000', '171.0000', '171.0000', '171.0000', NULL, NULL),
(622, 1, 1, 5, '190.0000', '190.0000', '190.0000', '190.0000', NULL, NULL),
(622, 2, 1, 5, '190.0000', '190.0000', '190.0000', '190.0000', NULL, NULL),
(622, 3, 1, 5, '190.0000', '190.0000', '190.0000', '190.0000', NULL, NULL),
(623, 0, 1, 5, '190.0000', '171.0000', '171.0000', '171.0000', NULL, NULL),
(623, 1, 1, 5, '190.0000', '190.0000', '190.0000', '190.0000', NULL, NULL),
(623, 2, 1, 5, '190.0000', '190.0000', '190.0000', '190.0000', NULL, NULL),
(623, 3, 1, 5, '190.0000', '190.0000', '190.0000', '190.0000', NULL, NULL),
(624, 0, 1, 5, '218.0000', '196.2000', '196.2000', '203.2000', NULL, NULL),
(624, 1, 1, 5, '218.0000', '218.0000', '218.0000', '225.0000', NULL, NULL),
(624, 2, 1, 5, '218.0000', '218.0000', '218.0000', '225.0000', NULL, NULL),
(624, 3, 1, 5, '218.0000', '218.0000', '218.0000', '225.0000', NULL, NULL),
(625, 0, 1, 5, '218.0000', '196.2000', '196.2000', '196.2000', NULL, NULL),
(625, 1, 1, 5, '218.0000', '218.0000', '218.0000', '218.0000', NULL, NULL),
(625, 2, 1, 5, '218.0000', '218.0000', '218.0000', '218.0000', NULL, NULL),
(625, 3, 1, 5, '218.0000', '218.0000', '218.0000', '218.0000', NULL, NULL),
(626, 0, 1, 5, '225.0000', '202.5000', '202.5000', '202.5000', NULL, NULL),
(626, 1, 1, 5, '225.0000', '225.0000', '225.0000', '225.0000', NULL, NULL),
(626, 2, 1, 5, '225.0000', '225.0000', '225.0000', '225.0000', NULL, NULL),
(626, 3, 1, 5, '225.0000', '225.0000', '225.0000', '225.0000', NULL, NULL),
(627, 0, 1, 5, '225.0000', '202.5000', '202.5000', '202.5000', NULL, NULL),
(627, 1, 1, 5, '225.0000', '225.0000', '225.0000', '225.0000', NULL, NULL),
(627, 2, 1, 5, '225.0000', '225.0000', '225.0000', '225.0000', NULL, NULL),
(627, 3, 1, 5, '225.0000', '225.0000', '225.0000', '225.0000', NULL, NULL),
(628, 0, 1, 5, '70.0000', '63.0000', '63.0000', '63.0000', NULL, NULL),
(628, 1, 1, 5, '70.0000', '70.0000', '70.0000', '70.0000', NULL, NULL),
(628, 2, 1, 5, '70.0000', '70.0000', '70.0000', '70.0000', NULL, NULL),
(628, 3, 1, 5, '70.0000', '70.0000', '70.0000', '70.0000', NULL, NULL),
(629, 0, 1, 5, '100.0000', '90.0000', '90.0000', '90.0000', NULL, NULL),
(629, 1, 1, 5, '100.0000', '100.0000', '100.0000', '100.0000', NULL, NULL),
(629, 2, 1, 5, '100.0000', '100.0000', '100.0000', '100.0000', NULL, NULL),
(629, 3, 1, 5, '100.0000', '100.0000', '100.0000', '100.0000', NULL, NULL),
(630, 0, 1, 5, '70.0000', '63.0000', '63.0000', '63.0000', NULL, NULL),
(630, 1, 1, 5, '70.0000', '70.0000', '70.0000', '70.0000', NULL, NULL),
(630, 2, 1, 5, '70.0000', '70.0000', '70.0000', '70.0000', NULL, NULL),
(630, 3, 1, 5, '70.0000', '70.0000', '70.0000', '70.0000', NULL, NULL),
(631, 0, 1, 5, '100.0000', '90.0000', '90.0000', '90.0000', NULL, NULL),
(631, 1, 1, 5, '100.0000', '100.0000', '100.0000', '100.0000', NULL, NULL),
(631, 2, 1, 5, '100.0000', '100.0000', '100.0000', '100.0000', NULL, NULL),
(631, 3, 1, 5, '100.0000', '100.0000', '100.0000', '100.0000', NULL, NULL),
(632, 0, 1, 5, '70.0000', '63.0000', '63.0000', '63.0000', NULL, NULL),
(632, 1, 1, 5, '70.0000', '70.0000', '70.0000', '70.0000', NULL, NULL),
(632, 2, 1, 5, '70.0000', '70.0000', '70.0000', '70.0000', NULL, NULL),
(632, 3, 1, 5, '70.0000', '70.0000', '70.0000', '70.0000', NULL, NULL),
(633, 0, 1, 5, '63.0000', '56.7000', '56.7000', '56.7000', NULL, NULL),
(633, 1, 1, 5, '63.0000', '63.0000', '63.0000', '63.0000', NULL, NULL),
(633, 2, 1, 5, '63.0000', '63.0000', '63.0000', '63.0000', NULL, NULL),
(633, 3, 1, 5, '63.0000', '63.0000', '63.0000', '63.0000', NULL, NULL),
(634, 0, 1, 5, '63.0000', '56.7000', '56.7000', '56.7000', NULL, NULL),
(634, 1, 1, 5, '63.0000', '63.0000', '63.0000', '63.0000', NULL, NULL),
(634, 2, 1, 5, '63.0000', '63.0000', '63.0000', '63.0000', NULL, NULL),
(634, 3, 1, 5, '63.0000', '63.0000', '63.0000', '63.0000', NULL, NULL),
(635, 0, 1, 5, '83.0000', '74.7000', '74.7000', '74.7000', NULL, NULL),
(635, 1, 1, 5, '83.0000', '83.0000', '83.0000', '83.0000', NULL, NULL),
(635, 2, 1, 5, '83.0000', '83.0000', '83.0000', '83.0000', NULL, NULL),
(635, 3, 1, 5, '83.0000', '83.0000', '83.0000', '83.0000', NULL, NULL),
(636, 0, 1, 5, '39.0000', '35.1000', '35.1000', '79.1000', NULL, NULL),
(636, 1, 1, 5, '39.0000', '39.0000', '39.0000', '83.0000', NULL, NULL),
(636, 2, 1, 5, '39.0000', '39.0000', '39.0000', '83.0000', NULL, NULL),
(636, 3, 1, 5, '39.0000', '39.0000', '39.0000', '83.0000', NULL, NULL),
(637, 0, 1, 5, '39.0000', '35.1000', '35.1000', '35.1000', NULL, NULL),
(637, 1, 1, 5, '39.0000', '39.0000', '39.0000', '39.0000', NULL, NULL),
(637, 2, 1, 5, '39.0000', '39.0000', '39.0000', '39.0000', NULL, NULL),
(637, 3, 1, 5, '39.0000', '39.0000', '39.0000', '39.0000', NULL, NULL),
(638, 0, 1, 5, '63.0000', '56.7000', '56.7000', '56.7000', NULL, NULL),
(638, 1, 1, 5, '63.0000', '63.0000', '63.0000', '63.0000', NULL, NULL),
(638, 2, 1, 5, '63.0000', '63.0000', '63.0000', '63.0000', NULL, NULL),
(638, 3, 1, 5, '63.0000', '63.0000', '63.0000', '63.0000', NULL, NULL),
(639, 0, 1, 5, '83.0000', '74.7000', '74.7000', '74.7000', NULL, NULL),
(639, 1, 1, 5, '83.0000', '83.0000', '83.0000', '83.0000', NULL, NULL),
(639, 2, 1, 5, '83.0000', '83.0000', '83.0000', '83.0000', NULL, NULL),
(639, 3, 1, 5, '83.0000', '83.0000', '83.0000', '83.0000', NULL, NULL),
(640, 0, 1, 5, '39.0000', '35.1000', '35.1000', '59.1000', NULL, NULL),
(640, 1, 1, 5, '39.0000', '39.0000', '39.0000', '63.0000', NULL, NULL),
(640, 2, 1, 5, '39.0000', '39.0000', '39.0000', '63.0000', NULL, NULL),
(640, 3, 1, 5, '39.0000', '39.0000', '39.0000', '63.0000', NULL, NULL),
(641, 0, 1, 5, '39.0000', '35.1000', '35.1000', '35.1000', NULL, NULL),
(641, 1, 1, 5, '39.0000', '39.0000', '39.0000', '39.0000', NULL, NULL),
(641, 2, 1, 5, '39.0000', '39.0000', '39.0000', '39.0000', NULL, NULL),
(641, 3, 1, 5, '39.0000', '39.0000', '39.0000', '39.0000', NULL, NULL),
(642, 0, 1, 5, '63.0000', '56.7000', '56.7000', '56.7000', NULL, NULL),
(642, 1, 1, 5, '63.0000', '63.0000', '63.0000', '63.0000', NULL, NULL),
(642, 2, 1, 5, '63.0000', '63.0000', '63.0000', '63.0000', NULL, NULL),
(642, 3, 1, 5, '63.0000', '63.0000', '63.0000', '63.0000', NULL, NULL),
(644, 0, 1, 5, '38.0000', '34.2000', '34.2000', '34.2000', NULL, NULL),
(644, 1, 1, 5, '38.0000', '38.0000', '38.0000', '38.0000', NULL, NULL),
(644, 2, 1, 5, '38.0000', '38.0000', '38.0000', '38.0000', NULL, NULL),
(644, 3, 1, 5, '38.0000', '38.0000', '38.0000', '38.0000', NULL, NULL),
(645, 0, 1, 5, '165.0000', '148.5000', '148.5000', '262.5000', NULL, NULL),
(645, 1, 1, 5, '165.0000', '165.0000', '165.0000', '279.0000', NULL, NULL),
(645, 2, 1, 5, '165.0000', '165.0000', '165.0000', '279.0000', NULL, NULL),
(645, 3, 1, 5, '165.0000', '165.0000', '165.0000', '279.0000', NULL, NULL),
(646, 0, 1, 5, '165.0000', '148.5000', '148.5000', '148.5000', NULL, NULL),
(646, 1, 1, 5, '165.0000', '165.0000', '165.0000', '165.0000', NULL, NULL),
(646, 2, 1, 5, '165.0000', '165.0000', '165.0000', '165.0000', NULL, NULL),
(646, 3, 1, 5, '165.0000', '165.0000', '165.0000', '165.0000', NULL, NULL),
(647, 0, 1, 5, '225.0000', '202.5000', '202.5000', '202.5000', NULL, NULL),
(647, 1, 1, 5, '225.0000', '225.0000', '225.0000', '225.0000', NULL, NULL),
(647, 2, 1, 5, '225.0000', '225.0000', '225.0000', '225.0000', NULL, NULL),
(647, 3, 1, 5, '225.0000', '225.0000', '225.0000', '225.0000', NULL, NULL),
(648, 0, 1, 5, '279.0000', '251.1000', '251.1000', '251.1000', NULL, NULL),
(648, 1, 1, 5, '279.0000', '279.0000', '279.0000', '279.0000', NULL, NULL),
(648, 2, 1, 5, '279.0000', '279.0000', '279.0000', '279.0000', NULL, NULL),
(648, 3, 1, 5, '279.0000', '279.0000', '279.0000', '279.0000', NULL, NULL),
(649, 0, 1, 5, '176.0000', '158.4000', '158.4000', '265.4000', NULL, NULL),
(649, 1, 1, 5, '176.0000', '176.0000', '176.0000', '283.0000', NULL, NULL),
(649, 2, 1, 5, '176.0000', '176.0000', '176.0000', '283.0000', NULL, NULL),
(649, 3, 1, 5, '176.0000', '176.0000', '176.0000', '283.0000', NULL, NULL),
(650, 0, 1, 5, '176.0000', '158.4000', '158.4000', '158.4000', NULL, NULL),
(650, 1, 1, 5, '176.0000', '176.0000', '176.0000', '176.0000', NULL, NULL),
(650, 2, 1, 5, '176.0000', '176.0000', '176.0000', '176.0000', NULL, NULL),
(650, 3, 1, 5, '176.0000', '176.0000', '176.0000', '176.0000', NULL, NULL),
(651, 0, 1, 5, '226.0000', '203.4000', '203.4000', '203.4000', NULL, NULL),
(651, 1, 1, 5, '226.0000', '226.0000', '226.0000', '226.0000', NULL, NULL),
(651, 2, 1, 5, '226.0000', '226.0000', '226.0000', '226.0000', NULL, NULL),
(651, 3, 1, 5, '226.0000', '226.0000', '226.0000', '226.0000', NULL, NULL),
(652, 0, 1, 5, '283.0000', '254.7000', '254.7000', '254.7000', NULL, NULL),
(652, 1, 1, 5, '283.0000', '283.0000', '283.0000', '283.0000', NULL, NULL),
(652, 2, 1, 5, '283.0000', '283.0000', '283.0000', '283.0000', NULL, NULL),
(652, 3, 1, 5, '283.0000', '283.0000', '283.0000', '283.0000', NULL, NULL),
(653, 0, 1, 5, '154.0000', '138.6000', '138.6000', '188.6000', NULL, NULL),
(653, 1, 1, 5, '154.0000', '154.0000', '154.0000', '204.0000', NULL, NULL),
(653, 2, 1, 5, '154.0000', '154.0000', '154.0000', '204.0000', NULL, NULL),
(653, 3, 1, 5, '154.0000', '154.0000', '154.0000', '204.0000', NULL, NULL),
(654, 0, 1, 5, '154.0000', '138.6000', '138.6000', '138.6000', NULL, NULL),
(654, 1, 1, 5, '154.0000', '154.0000', '154.0000', '154.0000', NULL, NULL),
(654, 2, 1, 5, '154.0000', '154.0000', '154.0000', '154.0000', NULL, NULL),
(654, 3, 1, 5, '154.0000', '154.0000', '154.0000', '154.0000', NULL, NULL),
(655, 0, 1, 5, '175.0000', '157.5000', '157.5000', '157.5000', NULL, NULL),
(655, 1, 1, 5, '175.0000', '175.0000', '175.0000', '175.0000', NULL, NULL),
(655, 2, 1, 5, '175.0000', '175.0000', '175.0000', '175.0000', NULL, NULL),
(655, 3, 1, 5, '175.0000', '175.0000', '175.0000', '175.0000', NULL, NULL),
(656, 0, 1, 5, '204.0000', '183.6000', '183.6000', '183.6000', NULL, NULL),
(656, 1, 1, 5, '204.0000', '204.0000', '204.0000', '204.0000', NULL, NULL),
(656, 2, 1, 5, '204.0000', '204.0000', '204.0000', '204.0000', NULL, NULL),
(656, 3, 1, 5, '204.0000', '204.0000', '204.0000', '204.0000', NULL, NULL);

-- --------------------------------------------------------

--
-- Table structure for table `catalog_product_index_price_opt_agr_idx`
--

CREATE TABLE `catalog_product_index_price_opt_agr_idx` (
  `entity_id` int(10) UNSIGNED NOT NULL COMMENT 'Entity ID',
  `customer_group_id` smallint(5) UNSIGNED NOT NULL COMMENT 'Customer Group ID',
  `website_id` smallint(5) UNSIGNED NOT NULL COMMENT 'Website ID',
  `option_id` int(10) UNSIGNED NOT NULL DEFAULT '0' COMMENT 'Option ID',
  `min_price` decimal(12,4) DEFAULT NULL COMMENT 'Min Price',
  `max_price` decimal(12,4) DEFAULT NULL COMMENT 'Max Price',
  `tier_price` decimal(12,4) DEFAULT NULL COMMENT 'Tier Price',
  `group_price` decimal(12,4) DEFAULT NULL COMMENT 'Group price'
) ENGINE=InnoDB DEFAULT CHARSET=utf8 COMMENT='Catalog Product Price Indexer Option Aggregate Index Table';

-- --------------------------------------------------------

--
-- Table structure for table `catalog_product_index_price_opt_agr_tmp`
--

CREATE TABLE `catalog_product_index_price_opt_agr_tmp` (
  `entity_id` int(10) UNSIGNED NOT NULL COMMENT 'Entity ID',
  `customer_group_id` smallint(5) UNSIGNED NOT NULL COMMENT 'Customer Group ID',
  `website_id` smallint(5) UNSIGNED NOT NULL COMMENT 'Website ID',
  `option_id` int(10) UNSIGNED NOT NULL DEFAULT '0' COMMENT 'Option ID',
  `min_price` decimal(12,4) DEFAULT NULL COMMENT 'Min Price',
  `max_price` decimal(12,4) DEFAULT NULL COMMENT 'Max Price',
  `tier_price` decimal(12,4) DEFAULT NULL COMMENT 'Tier Price',
  `group_price` decimal(12,4) DEFAULT NULL COMMENT 'Group price'
) ENGINE=MEMORY DEFAULT CHARSET=utf8 COMMENT='Catalog Product Price Indexer Option Aggregate Temp Table';

-- --------------------------------------------------------

--
-- Table structure for table `catalog_product_index_price_opt_idx`
--

CREATE TABLE `catalog_product_index_price_opt_idx` (
  `entity_id` int(10) UNSIGNED NOT NULL COMMENT 'Entity ID',
  `customer_group_id` smallint(5) UNSIGNED NOT NULL COMMENT 'Customer Group ID',
  `website_id` smallint(5) UNSIGNED NOT NULL COMMENT 'Website ID',
  `min_price` decimal(12,4) DEFAULT NULL COMMENT 'Min Price',
  `max_price` decimal(12,4) DEFAULT NULL COMMENT 'Max Price',
  `tier_price` decimal(12,4) DEFAULT NULL COMMENT 'Tier Price',
  `group_price` decimal(12,4) DEFAULT NULL COMMENT 'Group price'
) ENGINE=InnoDB DEFAULT CHARSET=utf8 COMMENT='Catalog Product Price Indexer Option Index Table';

-- --------------------------------------------------------

--
-- Table structure for table `catalog_product_index_price_opt_tmp`
--

CREATE TABLE `catalog_product_index_price_opt_tmp` (
  `entity_id` int(10) UNSIGNED NOT NULL COMMENT 'Entity ID',
  `customer_group_id` smallint(5) UNSIGNED NOT NULL COMMENT 'Customer Group ID',
  `website_id` smallint(5) UNSIGNED NOT NULL COMMENT 'Website ID',
  `min_price` decimal(12,4) DEFAULT NULL COMMENT 'Min Price',
  `max_price` decimal(12,4) DEFAULT NULL COMMENT 'Max Price',
  `tier_price` decimal(12,4) DEFAULT NULL COMMENT 'Tier Price',
  `group_price` decimal(12,4) DEFAULT NULL COMMENT 'Group price'
) ENGINE=MEMORY DEFAULT CHARSET=utf8 COMMENT='Catalog Product Price Indexer Option Temp Table';

-- --------------------------------------------------------

--
-- Table structure for table `catalog_product_index_price_tmp`
--

CREATE TABLE `catalog_product_index_price_tmp` (
  `entity_id` int(10) UNSIGNED NOT NULL COMMENT 'Entity ID',
  `customer_group_id` smallint(5) UNSIGNED NOT NULL COMMENT 'Customer Group ID',
  `website_id` smallint(5) UNSIGNED NOT NULL COMMENT 'Website ID',
  `tax_class_id` smallint(5) UNSIGNED DEFAULT '0' COMMENT 'Tax Class ID',
  `price` decimal(12,4) DEFAULT NULL COMMENT 'Price',
  `final_price` decimal(12,4) DEFAULT NULL COMMENT 'Final Price',
  `min_price` decimal(12,4) DEFAULT NULL COMMENT 'Min Price',
  `max_price` decimal(12,4) DEFAULT NULL COMMENT 'Max Price',
  `tier_price` decimal(12,4) DEFAULT NULL COMMENT 'Tier Price',
  `group_price` decimal(12,4) DEFAULT NULL COMMENT 'Group price'
) ENGINE=MEMORY DEFAULT CHARSET=utf8 COMMENT='Catalog Product Price Indexer Temp Table';

-- --------------------------------------------------------

--
-- Table structure for table `catalog_product_index_tier_price`
--

CREATE TABLE `catalog_product_index_tier_price` (
  `entity_id` int(10) UNSIGNED NOT NULL COMMENT 'Entity ID',
  `customer_group_id` smallint(5) UNSIGNED NOT NULL COMMENT 'Customer Group ID',
  `website_id` smallint(5) UNSIGNED NOT NULL COMMENT 'Website ID',
  `min_price` decimal(12,4) DEFAULT NULL COMMENT 'Min Price'
) ENGINE=InnoDB DEFAULT CHARSET=utf8 COMMENT='Catalog Product Tier Price Index Table';

-- --------------------------------------------------------

--
-- Table structure for table `catalog_product_index_website`
--

CREATE TABLE `catalog_product_index_website` (
  `website_id` smallint(5) UNSIGNED NOT NULL COMMENT 'Website ID',
  `website_date` date DEFAULT NULL COMMENT 'Website Date',
  `rate` float DEFAULT '1' COMMENT 'Rate'
) ENGINE=InnoDB DEFAULT CHARSET=utf8 COMMENT='Catalog Product Website Index Table';

--
-- Dumping data for table `catalog_product_index_website`
--

INSERT INTO `catalog_product_index_website` (`website_id`, `website_date`, `rate`) VALUES
(1, '2016-12-21', 1);

-- --------------------------------------------------------

--
-- Table structure for table `catalog_product_link`
--

CREATE TABLE `catalog_product_link` (
  `link_id` int(10) UNSIGNED NOT NULL COMMENT 'Link ID',
  `product_id` int(10) UNSIGNED NOT NULL DEFAULT '0' COMMENT 'Product ID',
  `linked_product_id` int(10) UNSIGNED NOT NULL DEFAULT '0' COMMENT 'Linked Product ID',
  `link_type_id` smallint(5) UNSIGNED NOT NULL DEFAULT '0' COMMENT 'Link Type ID'
) ENGINE=InnoDB DEFAULT CHARSET=utf8 COMMENT='Catalog Product To Product Linkage Table';

--
-- Dumping data for table `catalog_product_link`
--

INSERT INTO `catalog_product_link` (`link_id`, `product_id`, `linked_product_id`, `link_type_id`) VALUES
(201, 4, 18, 1),
(202, 4, 21, 1),
(203, 4, 359, 1),
(204, 4, 376, 1),
(205, 4, 464, 1),
(216, 8, 331, 1),
(23, 13, 46, 1),
(24, 13, 50, 1),
(25, 13, 54, 1),
(26, 13, 82, 1),
(27, 13, 141, 1),
(28, 13, 146, 1),
(29, 13, 151, 1),
(30, 13, 155, 1),
(31, 13, 158, 1),
(32, 13, 470, 1),
(33, 13, 478, 1),
(34, 13, 481, 1),
(196, 18, 4, 1),
(197, 18, 21, 1),
(198, 18, 359, 1),
(199, 18, 376, 1),
(200, 18, 464, 1),
(191, 21, 4, 1),
(192, 21, 18, 1),
(193, 21, 359, 1),
(194, 21, 376, 1),
(195, 21, 464, 1),
(119, 50, 54, 1),
(120, 50, 82, 1),
(121, 50, 141, 1),
(122, 50, 146, 1),
(123, 50, 151, 1),
(124, 50, 155, 1),
(125, 50, 158, 1),
(114, 54, 141, 1),
(115, 54, 146, 1),
(116, 54, 151, 1),
(117, 54, 155, 1),
(118, 54, 158, 1),
(135, 68, 73, 1),
(134, 73, 68, 1),
(128, 82, 86, 1),
(129, 82, 91, 1),
(130, 86, 82, 1),
(131, 86, 91, 1),
(132, 91, 82, 1),
(133, 91, 86, 1),
(10, 105, 136, 1),
(11, 105, 577, 1),
(21, 136, 105, 1),
(22, 136, 577, 1),
(109, 141, 54, 1),
(110, 141, 146, 1),
(111, 141, 151, 1),
(112, 141, 155, 1),
(113, 141, 158, 1),
(103, 146, 54, 1),
(104, 146, 141, 1),
(105, 146, 151, 1),
(106, 146, 155, 1),
(107, 146, 158, 1),
(108, 146, 446, 1),
(94, 151, 54, 1),
(95, 151, 141, 1),
(96, 151, 146, 1),
(97, 151, 155, 1),
(98, 151, 158, 1),
(99, 151, 446, 1),
(100, 151, 470, 1),
(101, 151, 478, 1),
(102, 151, 481, 1),
(85, 155, 54, 1),
(86, 155, 141, 1),
(87, 155, 146, 1),
(88, 155, 151, 1),
(89, 155, 158, 1),
(90, 155, 446, 1),
(91, 155, 470, 1),
(92, 155, 478, 1),
(93, 155, 481, 1),
(76, 158, 54, 1),
(77, 158, 141, 1),
(78, 158, 146, 1),
(79, 158, 151, 1),
(80, 158, 155, 1),
(81, 158, 446, 1),
(82, 158, 470, 1),
(83, 158, 478, 1),
(84, 158, 481, 1),
(314, 213, 206, 1),
(315, 213, 219, 1),
(316, 213, 225, 1),
(317, 213, 231, 1),
(318, 213, 240, 1),
(319, 213, 250, 1),
(320, 213, 263, 1),
(321, 213, 268, 1),
(322, 213, 280, 1),
(305, 219, 206, 1),
(306, 219, 213, 1),
(307, 219, 225, 1),
(308, 219, 231, 1),
(309, 219, 240, 1),
(310, 219, 250, 1),
(311, 219, 263, 1),
(312, 219, 268, 1),
(313, 219, 280, 1),
(296, 225, 206, 1),
(297, 225, 213, 1),
(298, 225, 219, 1),
(299, 225, 231, 1),
(300, 225, 240, 1),
(301, 225, 250, 1),
(302, 225, 263, 1),
(303, 225, 268, 1),
(304, 225, 280, 1),
(287, 231, 206, 1),
(288, 231, 213, 1),
(289, 231, 219, 1),
(290, 231, 225, 1),
(291, 231, 240, 1),
(292, 231, 250, 1),
(293, 231, 263, 1),
(294, 231, 268, 1),
(295, 231, 280, 1),
(278, 240, 206, 1),
(279, 240, 213, 1),
(280, 240, 219, 1),
(281, 240, 225, 1),
(282, 240, 231, 1),
(283, 240, 250, 1),
(284, 240, 263, 1),
(285, 240, 268, 1),
(286, 240, 280, 1),
(269, 250, 206, 1),
(270, 250, 213, 1),
(271, 250, 219, 1),
(272, 250, 225, 1),
(273, 250, 231, 1),
(274, 250, 240, 1),
(275, 250, 263, 1),
(276, 250, 268, 1),
(277, 250, 280, 1),
(260, 263, 206, 1),
(261, 263, 213, 1),
(262, 263, 219, 1),
(263, 263, 225, 1),
(264, 263, 231, 1),
(265, 263, 240, 1),
(266, 263, 250, 1),
(267, 263, 268, 1),
(268, 263, 280, 1),
(251, 268, 206, 1),
(252, 268, 213, 1),
(253, 268, 219, 1),
(254, 268, 225, 1),
(255, 268, 231, 1),
(256, 268, 240, 1),
(257, 268, 250, 1),
(258, 268, 263, 1),
(259, 268, 280, 1),
(242, 280, 206, 1),
(243, 280, 213, 1),
(244, 280, 219, 1),
(245, 280, 225, 1),
(246, 280, 231, 1),
(247, 280, 240, 1),
(248, 280, 250, 1),
(249, 280, 263, 1),
(250, 280, 268, 1),
(7, 319, 320, 1),
(8, 319, 321, 1),
(9, 319, 322, 1),
(217, 331, 8, 1),
(214, 340, 347, 1),
(215, 340, 373, 1),
(213, 347, 373, 1),
(136, 356, 362, 1),
(137, 356, 425, 1),
(138, 356, 509, 1),
(139, 356, 510, 1),
(186, 359, 4, 1),
(187, 359, 18, 1),
(188, 359, 21, 1),
(189, 359, 376, 1),
(190, 359, 464, 1),
(140, 362, 8, 1),
(141, 362, 193, 1),
(142, 362, 340, 1),
(143, 362, 347, 1),
(212, 373, 347, 1),
(181, 376, 4, 1),
(182, 376, 18, 1),
(183, 376, 21, 1),
(184, 376, 359, 1),
(185, 376, 464, 1),
(323, 386, 380, 1),
(324, 386, 507, 1),
(220, 390, 394, 1),
(221, 390, 397, 1),
(218, 394, 390, 1),
(219, 394, 397, 1),
(222, 402, 406, 1),
(223, 402, 411, 1),
(224, 402, 415, 1),
(225, 402, 419, 1),
(226, 406, 402, 1),
(227, 406, 411, 1),
(228, 406, 415, 1),
(229, 406, 419, 1),
(230, 411, 402, 1),
(231, 411, 406, 1),
(232, 411, 415, 1),
(233, 411, 419, 1),
(234, 415, 402, 1),
(235, 415, 406, 1),
(236, 415, 411, 1),
(237, 415, 419, 1),
(238, 419, 402, 1),
(239, 419, 406, 1),
(240, 419, 411, 1),
(241, 419, 415, 1),
(150, 422, 425, 1),
(151, 422, 509, 1),
(148, 425, 509, 1),
(67, 446, 54, 1),
(68, 446, 141, 1),
(69, 446, 146, 1),
(70, 446, 151, 1),
(71, 446, 155, 1),
(72, 446, 158, 1),
(73, 446, 470, 1),
(74, 446, 478, 1),
(75, 446, 481, 1),
(164, 453, 4, 1),
(165, 453, 18, 1),
(166, 453, 21, 1),
(167, 453, 359, 1),
(168, 453, 376, 1),
(169, 453, 464, 1),
(158, 457, 4, 1),
(159, 457, 18, 1),
(160, 457, 21, 1),
(161, 457, 359, 1),
(162, 457, 376, 1),
(163, 457, 464, 1),
(152, 461, 4, 1),
(153, 461, 18, 1),
(154, 461, 21, 1),
(155, 461, 359, 1),
(156, 461, 376, 1),
(157, 461, 464, 1),
(176, 464, 4, 1),
(177, 464, 18, 1),
(178, 464, 21, 1),
(179, 464, 359, 1),
(180, 464, 376, 1),
(63, 470, 155, 1),
(64, 470, 158, 1),
(65, 470, 478, 1),
(66, 470, 481, 1),
(50, 478, 54, 1),
(51, 478, 82, 1),
(52, 478, 141, 1),
(53, 478, 146, 1),
(54, 478, 151, 1),
(55, 478, 155, 1),
(56, 478, 158, 1),
(57, 478, 470, 1),
(58, 478, 481, 1),
(41, 481, 54, 1),
(42, 481, 82, 1),
(43, 481, 141, 1),
(44, 481, 146, 1),
(45, 481, 151, 1),
(46, 481, 155, 1),
(47, 481, 158, 1),
(48, 481, 470, 1),
(49, 481, 478, 1),
(5, 483, 68, 1),
(6, 483, 73, 1),
(325, 508, 380, 1),
(326, 508, 386, 1),
(327, 508, 507, 1),
(149, 509, 425, 1),
(144, 510, 8, 1),
(145, 510, 340, 1),
(146, 510, 347, 1),
(147, 510, 362, 1),
(35, 530, 151, 1),
(36, 530, 155, 1),
(37, 530, 158, 1),
(38, 530, 470, 1),
(39, 530, 478, 1),
(40, 530, 481, 1),
(126, 531, 46, 1),
(127, 531, 50, 1),
(170, 544, 4, 1),
(171, 544, 18, 1),
(172, 544, 21, 1),
(173, 544, 359, 1),
(174, 544, 376, 1),
(175, 544, 464, 1),
(1, 561, 87, 1),
(2, 561, 88, 1),
(3, 561, 89, 1),
(4, 561, 90, 1),
(19, 577, 105, 1),
(20, 577, 136, 1),
(206, 585, 4, 1),
(207, 585, 18, 1),
(208, 585, 21, 1),
(209, 585, 359, 1),
(210, 585, 376, 1),
(211, 585, 464, 1),
(332, 590, 597, 1),
(333, 590, 604, 1),
(330, 597, 590, 1),
(331, 597, 604, 1),
(328, 604, 590, 1),
(329, 604, 597, 1),
(12, 619, 620, 1),
(13, 619, 624, 1),
(15, 620, 619, 1),
(16, 620, 624, 1),
(17, 624, 619, 1),
(18, 624, 620, 1);

-- --------------------------------------------------------

--
-- Table structure for table `catalog_product_link_attribute`
--

CREATE TABLE `catalog_product_link_attribute` (
  `product_link_attribute_id` smallint(5) UNSIGNED NOT NULL COMMENT 'Product Link Attribute ID',
  `link_type_id` smallint(5) UNSIGNED NOT NULL DEFAULT '0' COMMENT 'Link Type ID',
  `product_link_attribute_code` varchar(32) DEFAULT NULL COMMENT 'Product Link Attribute Code',
  `data_type` varchar(32) DEFAULT NULL COMMENT 'Data Type'
) ENGINE=InnoDB DEFAULT CHARSET=utf8 COMMENT='Catalog Product Link Attribute Table';

--
-- Dumping data for table `catalog_product_link_attribute`
--

INSERT INTO `catalog_product_link_attribute` (`product_link_attribute_id`, `link_type_id`, `product_link_attribute_code`, `data_type`) VALUES
(1, 1, 'position', 'int'),
(2, 3, 'position', 'int'),
(3, 3, 'qty', 'decimal'),
(4, 4, 'position', 'int'),
(5, 5, 'position', 'int');

-- --------------------------------------------------------

--
-- Table structure for table `catalog_product_link_attribute_decimal`
--

CREATE TABLE `catalog_product_link_attribute_decimal` (
  `value_id` int(10) UNSIGNED NOT NULL COMMENT 'Value ID',
  `product_link_attribute_id` smallint(5) UNSIGNED DEFAULT NULL COMMENT 'Product Link Attribute ID',
  `link_id` int(10) UNSIGNED NOT NULL COMMENT 'Link ID',
  `value` decimal(12,4) NOT NULL DEFAULT '0.0000' COMMENT 'Value'
) ENGINE=InnoDB DEFAULT CHARSET=utf8 COMMENT='Catalog Product Link Decimal Attribute Table';

-- --------------------------------------------------------

--
-- Table structure for table `catalog_product_link_attribute_int`
--

CREATE TABLE `catalog_product_link_attribute_int` (
  `value_id` int(10) UNSIGNED NOT NULL COMMENT 'Value ID',
  `product_link_attribute_id` smallint(5) UNSIGNED DEFAULT NULL COMMENT 'Product Link Attribute ID',
  `link_id` int(10) UNSIGNED NOT NULL COMMENT 'Link ID',
  `value` int(11) NOT NULL DEFAULT '0' COMMENT 'Value'
) ENGINE=InnoDB DEFAULT CHARSET=utf8 COMMENT='Catalog Product Link Integer Attribute Table';

--
-- Dumping data for table `catalog_product_link_attribute_int`
--

INSERT INTO `catalog_product_link_attribute_int` (`value_id`, `product_link_attribute_id`, `link_id`, `value`) VALUES
(1, 1, 1, 0),
(2, 1, 2, 0),
(3, 1, 3, 0),
(4, 1, 4, 0),
(5, 1, 5, 1),
(6, 1, 6, 2),
(7, 1, 7, 0),
(8, 1, 8, 0),
(9, 1, 9, 0),
(10, 1, 10, 0),
(11, 1, 11, 0),
(12, 1, 12, 0),
(13, 1, 13, 0),
(14, 1, 14, 0),
(15, 1, 15, 0),
(16, 1, 16, 0),
(17, 1, 17, 0),
(18, 1, 18, 0),
(19, 1, 19, 0),
(20, 1, 20, 0),
(21, 1, 21, 0),
(22, 1, 22, 0),
(23, 1, 23, 0),
(24, 1, 24, 0),
(25, 1, 25, 0),
(26, 1, 26, 0),
(27, 1, 27, 0),
(28, 1, 28, 0),
(29, 1, 29, 0),
(30, 1, 30, 0),
(31, 1, 31, 0),
(32, 1, 32, 0),
(33, 1, 33, 0),
(34, 1, 34, 0),
(35, 1, 35, 0),
(36, 1, 36, 0),
(37, 1, 37, 0),
(38, 1, 38, 0),
(39, 1, 39, 0),
(40, 1, 40, 0),
(41, 1, 41, 0),
(42, 1, 42, 0),
(43, 1, 43, 0),
(44, 1, 44, 0),
(45, 1, 45, 0),
(46, 1, 46, 0),
(47, 1, 47, 0),
(48, 1, 48, 0),
(49, 1, 49, 0),
(50, 1, 50, 0),
(51, 1, 51, 0),
(52, 1, 52, 0),
(53, 1, 53, 0),
(54, 1, 54, 0),
(55, 1, 55, 0),
(56, 1, 56, 0),
(57, 1, 57, 0),
(58, 1, 58, 0),
(59, 1, 59, 0),
(60, 1, 60, 0),
(61, 1, 61, 0),
(62, 1, 62, 0),
(63, 1, 63, 0),
(64, 1, 64, 0),
(65, 1, 65, 0),
(66, 1, 66, 0),
(67, 1, 67, 0),
(68, 1, 68, 0),
(69, 1, 69, 0),
(70, 1, 70, 0),
(71, 1, 71, 0),
(72, 1, 72, 0),
(73, 1, 73, 0),
(74, 1, 74, 0),
(75, 1, 75, 0),
(76, 1, 76, 0),
(77, 1, 77, 0),
(78, 1, 78, 0),
(79, 1, 79, 0),
(80, 1, 80, 0),
(81, 1, 81, 0),
(82, 1, 82, 0),
(83, 1, 83, 0),
(84, 1, 84, 0),
(85, 1, 85, 0),
(86, 1, 86, 0),
(87, 1, 87, 0),
(88, 1, 88, 0),
(89, 1, 89, 0),
(90, 1, 90, 0),
(91, 1, 91, 0),
(92, 1, 92, 0),
(93, 1, 93, 0),
(94, 1, 94, 0),
(95, 1, 95, 0),
(96, 1, 96, 0),
(97, 1, 97, 0),
(98, 1, 98, 0),
(99, 1, 99, 0),
(100, 1, 100, 0),
(101, 1, 101, 0),
(102, 1, 102, 0),
(103, 1, 103, 0),
(104, 1, 104, 0),
(105, 1, 105, 0),
(106, 1, 106, 0),
(107, 1, 107, 0),
(108, 1, 108, 0),
(109, 1, 109, 0),
(110, 1, 110, 0),
(111, 1, 111, 0),
(112, 1, 112, 0),
(113, 1, 113, 0),
(114, 1, 114, 0),
(115, 1, 115, 0),
(116, 1, 116, 0),
(117, 1, 117, 0),
(118, 1, 118, 0),
(119, 1, 119, 0),
(120, 1, 120, 0),
(121, 1, 121, 0),
(122, 1, 122, 0),
(123, 1, 123, 0),
(124, 1, 124, 0),
(125, 1, 125, 0),
(126, 1, 126, 0),
(127, 1, 127, 0),
(128, 1, 128, 0),
(129, 1, 129, 0),
(130, 1, 130, 0),
(131, 1, 131, 0),
(132, 1, 132, 0),
(133, 1, 133, 0),
(134, 1, 134, 0),
(135, 1, 135, 0),
(136, 1, 136, 0),
(137, 1, 137, 0),
(138, 1, 138, 0),
(139, 1, 139, 0),
(140, 1, 140, 0),
(141, 1, 141, 0),
(142, 1, 142, 0),
(143, 1, 143, 0),
(144, 1, 144, 0),
(145, 1, 145, 0),
(146, 1, 146, 0),
(147, 1, 147, 0),
(148, 1, 148, 0),
(149, 1, 149, 0),
(150, 1, 150, 0),
(151, 1, 151, 0),
(152, 1, 152, 0),
(153, 1, 153, 0),
(154, 1, 154, 0),
(155, 1, 155, 0),
(156, 1, 156, 0),
(157, 1, 157, 0),
(158, 1, 158, 0),
(159, 1, 159, 0),
(160, 1, 160, 0),
(161, 1, 161, 0),
(162, 1, 162, 0),
(163, 1, 163, 0),
(164, 1, 164, 0),
(165, 1, 165, 0),
(166, 1, 166, 0),
(167, 1, 167, 0),
(168, 1, 168, 0),
(169, 1, 169, 0),
(170, 1, 170, 0),
(171, 1, 171, 0),
(172, 1, 172, 0),
(173, 1, 173, 0),
(174, 1, 174, 0),
(175, 1, 175, 0),
(176, 1, 176, 0),
(177, 1, 177, 0),
(178, 1, 178, 0),
(179, 1, 179, 0),
(180, 1, 180, 0),
(181, 1, 181, 0),
(182, 1, 182, 0),
(183, 1, 183, 0),
(184, 1, 184, 0),
(185, 1, 185, 0),
(186, 1, 186, 0),
(187, 1, 187, 0),
(188, 1, 188, 0),
(189, 1, 189, 0),
(190, 1, 190, 0),
(191, 1, 191, 0),
(192, 1, 192, 0),
(193, 1, 193, 0),
(194, 1, 194, 0),
(195, 1, 195, 0),
(196, 1, 196, 0),
(197, 1, 197, 0),
(198, 1, 198, 0),
(199, 1, 199, 0),
(200, 1, 200, 0),
(201, 1, 201, 0),
(202, 1, 202, 0),
(203, 1, 203, 0),
(204, 1, 204, 0),
(205, 1, 205, 0),
(206, 1, 206, 0),
(207, 1, 207, 0),
(208, 1, 208, 0),
(209, 1, 209, 0),
(210, 1, 210, 0),
(211, 1, 211, 0),
(212, 1, 212, 0),
(213, 1, 213, 0),
(214, 1, 214, 0),
(215, 1, 215, 0),
(216, 1, 216, 0),
(217, 1, 217, 0),
(218, 1, 218, 0),
(219, 1, 219, 0),
(220, 1, 220, 0),
(221, 1, 221, 0),
(222, 1, 222, 0),
(223, 1, 223, 0),
(224, 1, 224, 0),
(225, 1, 225, 0),
(226, 1, 226, 0),
(227, 1, 227, 0),
(228, 1, 228, 0),
(229, 1, 229, 0),
(230, 1, 230, 0),
(231, 1, 231, 0),
(232, 1, 232, 0),
(233, 1, 233, 0),
(234, 1, 234, 0),
(235, 1, 235, 0),
(236, 1, 236, 0),
(237, 1, 237, 0),
(238, 1, 238, 0),
(239, 1, 239, 0),
(240, 1, 240, 0),
(241, 1, 241, 0),
(242, 1, 242, 0),
(243, 1, 243, 0),
(244, 1, 244, 0),
(245, 1, 245, 0),
(246, 1, 246, 0),
(247, 1, 247, 0),
(248, 1, 248, 0),
(249, 1, 249, 0),
(250, 1, 250, 0),
(251, 1, 251, 0),
(252, 1, 252, 0),
(253, 1, 253, 0),
(254, 1, 254, 0),
(255, 1, 255, 0),
(256, 1, 256, 0),
(257, 1, 257, 0),
(258, 1, 258, 0),
(259, 1, 259, 0),
(260, 1, 260, 0),
(261, 1, 261, 0),
(262, 1, 262, 0),
(263, 1, 263, 0),
(264, 1, 264, 0),
(265, 1, 265, 0),
(266, 1, 266, 0),
(267, 1, 267, 0),
(268, 1, 268, 0),
(269, 1, 269, 0),
(270, 1, 270, 0),
(271, 1, 271, 0),
(272, 1, 272, 0),
(273, 1, 273, 0),
(274, 1, 274, 0),
(275, 1, 275, 0),
(276, 1, 276, 0),
(277, 1, 277, 0),
(278, 1, 278, 0),
(279, 1, 279, 0),
(280, 1, 280, 0),
(281, 1, 281, 0),
(282, 1, 282, 0),
(283, 1, 283, 0),
(284, 1, 284, 0),
(285, 1, 285, 0),
(286, 1, 286, 0),
(287, 1, 287, 0),
(288, 1, 288, 0),
(289, 1, 289, 0),
(290, 1, 290, 0),
(291, 1, 291, 0),
(292, 1, 292, 0),
(293, 1, 293, 0),
(294, 1, 294, 0),
(295, 1, 295, 0),
(296, 1, 296, 0),
(297, 1, 297, 0),
(298, 1, 298, 0),
(299, 1, 299, 0),
(300, 1, 300, 0),
(301, 1, 301, 0),
(302, 1, 302, 0),
(303, 1, 303, 0),
(304, 1, 304, 0),
(305, 1, 305, 0),
(306, 1, 306, 0),
(307, 1, 307, 0),
(308, 1, 308, 0),
(309, 1, 309, 0),
(310, 1, 310, 0),
(311, 1, 311, 0),
(312, 1, 312, 0),
(313, 1, 313, 0),
(314, 1, 314, 0),
(315, 1, 315, 0),
(316, 1, 316, 0),
(317, 1, 317, 0),
(318, 1, 318, 0),
(319, 1, 319, 0),
(320, 1, 320, 0),
(321, 1, 321, 0),
(322, 1, 322, 0),
(323, 1, 323, 0),
(324, 1, 324, 0),
(325, 1, 325, 0),
(326, 1, 326, 0),
(327, 1, 327, 0),
(328, 1, 328, 0),
(329, 1, 329, 0),
(330, 1, 330, 0),
(331, 1, 331, 0),
(332, 1, 332, 0),
(333, 1, 333, 0);

-- --------------------------------------------------------

--
-- Table structure for table `catalog_product_link_attribute_varchar`
--

CREATE TABLE `catalog_product_link_attribute_varchar` (
  `value_id` int(10) UNSIGNED NOT NULL COMMENT 'Value ID',
  `product_link_attribute_id` smallint(5) UNSIGNED NOT NULL DEFAULT '0' COMMENT 'Product Link Attribute ID',
  `link_id` int(10) UNSIGNED NOT NULL COMMENT 'Link ID',
  `value` varchar(255) DEFAULT NULL COMMENT 'Value'
) ENGINE=InnoDB DEFAULT CHARSET=utf8 COMMENT='Catalog Product Link Varchar Attribute Table';

-- --------------------------------------------------------

--
-- Table structure for table `catalog_product_link_type`
--

CREATE TABLE `catalog_product_link_type` (
  `link_type_id` smallint(5) UNSIGNED NOT NULL COMMENT 'Link Type ID',
  `code` varchar(32) DEFAULT NULL COMMENT 'Code'
) ENGINE=InnoDB DEFAULT CHARSET=utf8 COMMENT='Catalog Product Link Type Table';

--
-- Dumping data for table `catalog_product_link_type`
--

INSERT INTO `catalog_product_link_type` (`link_type_id`, `code`) VALUES
(1, 'relation'),
(3, 'super'),
(4, 'up_sell'),
(5, 'cross_sell');

-- --------------------------------------------------------

--
-- Table structure for table `catalog_product_option`
--

CREATE TABLE `catalog_product_option` (
  `option_id` int(10) UNSIGNED NOT NULL COMMENT 'Option ID',
  `product_id` int(10) UNSIGNED NOT NULL DEFAULT '0' COMMENT 'Product ID',
  `type` varchar(50) DEFAULT NULL COMMENT 'Type',
  `is_require` smallint(6) NOT NULL DEFAULT '1' COMMENT 'Is Required',
  `sku` varchar(64) DEFAULT NULL COMMENT 'SKU',
  `max_characters` int(10) UNSIGNED DEFAULT NULL COMMENT 'Max Characters',
  `file_extension` varchar(50) DEFAULT NULL COMMENT 'File Extension',
  `image_size_x` smallint(5) UNSIGNED DEFAULT NULL COMMENT 'Image Size X',
  `image_size_y` smallint(5) UNSIGNED DEFAULT NULL COMMENT 'Image Size Y',
  `sort_order` int(10) UNSIGNED NOT NULL DEFAULT '0' COMMENT 'Sort Order'
) ENGINE=InnoDB DEFAULT CHARSET=utf8 COMMENT='Catalog Product Option Table';

-- --------------------------------------------------------

--
-- Table structure for table `catalog_product_option_price`
--

CREATE TABLE `catalog_product_option_price` (
  `option_price_id` int(10) UNSIGNED NOT NULL COMMENT 'Option Price ID',
  `option_id` int(10) UNSIGNED NOT NULL DEFAULT '0' COMMENT 'Option ID',
  `store_id` smallint(5) UNSIGNED NOT NULL DEFAULT '0' COMMENT 'Store ID',
  `price` decimal(12,4) NOT NULL DEFAULT '0.0000' COMMENT 'Price',
  `price_type` varchar(7) NOT NULL DEFAULT 'fixed' COMMENT 'Price Type'
) ENGINE=InnoDB DEFAULT CHARSET=utf8 COMMENT='Catalog Product Option Price Table';

-- --------------------------------------------------------

--
-- Table structure for table `catalog_product_option_title`
--

CREATE TABLE `catalog_product_option_title` (
  `option_title_id` int(10) UNSIGNED NOT NULL COMMENT 'Option Title ID',
  `option_id` int(10) UNSIGNED NOT NULL DEFAULT '0' COMMENT 'Option ID',
  `store_id` smallint(5) UNSIGNED NOT NULL DEFAULT '0' COMMENT 'Store ID',
  `title` varchar(255) DEFAULT NULL COMMENT 'Title'
) ENGINE=InnoDB DEFAULT CHARSET=utf8 COMMENT='Catalog Product Option Title Table';

-- --------------------------------------------------------

--
-- Table structure for table `catalog_product_option_type_price`
--

CREATE TABLE `catalog_product_option_type_price` (
  `option_type_price_id` int(10) UNSIGNED NOT NULL COMMENT 'Option Type Price ID',
  `option_type_id` int(10) UNSIGNED NOT NULL DEFAULT '0' COMMENT 'Option Type ID',
  `store_id` smallint(5) UNSIGNED NOT NULL DEFAULT '0' COMMENT 'Store ID',
  `price` decimal(12,4) NOT NULL DEFAULT '0.0000' COMMENT 'Price',
  `price_type` varchar(7) NOT NULL DEFAULT 'fixed' COMMENT 'Price Type'
) ENGINE=InnoDB DEFAULT CHARSET=utf8 COMMENT='Catalog Product Option Type Price Table';

-- --------------------------------------------------------

--
-- Table structure for table `catalog_product_option_type_title`
--

CREATE TABLE `catalog_product_option_type_title` (
  `option_type_title_id` int(10) UNSIGNED NOT NULL COMMENT 'Option Type Title ID',
  `option_type_id` int(10) UNSIGNED NOT NULL DEFAULT '0' COMMENT 'Option Type ID',
  `store_id` smallint(5) UNSIGNED NOT NULL DEFAULT '0' COMMENT 'Store ID',
  `title` varchar(255) DEFAULT NULL COMMENT 'Title'
) ENGINE=InnoDB DEFAULT CHARSET=utf8 COMMENT='Catalog Product Option Type Title Table';

-- --------------------------------------------------------

--
-- Table structure for table `catalog_product_option_type_value`
--

CREATE TABLE `catalog_product_option_type_value` (
  `option_type_id` int(10) UNSIGNED NOT NULL COMMENT 'Option Type ID',
  `option_id` int(10) UNSIGNED NOT NULL DEFAULT '0' COMMENT 'Option ID',
  `sku` varchar(64) DEFAULT NULL COMMENT 'SKU',
  `sort_order` int(10) UNSIGNED NOT NULL DEFAULT '0' COMMENT 'Sort Order'
) ENGINE=InnoDB DEFAULT CHARSET=utf8 COMMENT='Catalog Product Option Type Value Table';

-- --------------------------------------------------------

--
-- Table structure for table `catalog_product_relation`
--

CREATE TABLE `catalog_product_relation` (
  `parent_id` int(10) UNSIGNED NOT NULL COMMENT 'Parent ID',
  `child_id` int(10) UNSIGNED NOT NULL COMMENT 'Child ID'
) ENGINE=InnoDB DEFAULT CHARSET=utf8 COMMENT='Catalog Product Relation Table';

--
-- Dumping data for table `catalog_product_relation`
--

INSERT INTO `catalog_product_relation` (`parent_id`, `child_id`) VALUES
(4, 1),
(4, 2),
(4, 3),
(8, 5),
(585, 5),
(8, 6),
(585, 6),
(8, 7),
(585, 7),
(13, 9),
(13, 10),
(13, 11),
(13, 12),
(18, 14),
(18, 15),
(18, 16),
(18, 17),
(21, 19),
(21, 20),
(29, 22),
(29, 23),
(29, 24),
(29, 25),
(29, 26),
(29, 27),
(29, 28),
(35, 30),
(35, 31),
(35, 32),
(35, 33),
(35, 34),
(39, 36),
(39, 37),
(39, 38),
(42, 40),
(42, 41),
(46, 43),
(46, 44),
(46, 45),
(50, 47),
(50, 48),
(50, 49),
(54, 51),
(54, 52),
(54, 53),
(577, 58),
(577, 59),
(577, 60),
(577, 61),
(577, 62),
(68, 64),
(68, 65),
(68, 66),
(68, 67),
(73, 69),
(73, 70),
(73, 71),
(73, 72),
(82, 74),
(82, 75),
(82, 76),
(82, 77),
(82, 78),
(82, 79),
(82, 80),
(82, 81),
(86, 83),
(86, 84),
(86, 85),
(561, 87),
(561, 88),
(561, 89),
(561, 90),
(91, 92),
(91, 93),
(91, 94),
(91, 95),
(105, 96),
(105, 97),
(105, 98),
(105, 99),
(105, 100),
(105, 101),
(105, 102),
(105, 103),
(105, 104),
(136, 106),
(136, 107),
(136, 108),
(136, 109),
(136, 110),
(136, 111),
(136, 112),
(136, 113),
(136, 114),
(136, 115),
(136, 116),
(136, 117),
(136, 118),
(136, 119),
(136, 120),
(136, 121),
(136, 122),
(136, 123),
(136, 124),
(136, 125),
(136, 126),
(136, 127),
(136, 128),
(136, 129),
(136, 130),
(136, 131),
(136, 132),
(136, 133),
(136, 134),
(136, 135),
(141, 137),
(141, 138),
(141, 139),
(141, 140),
(146, 142),
(146, 143),
(146, 144),
(146, 145),
(151, 147),
(151, 148),
(151, 149),
(151, 150),
(155, 152),
(155, 153),
(155, 154),
(158, 156),
(158, 157),
(162, 159),
(162, 160),
(162, 161),
(167, 163),
(167, 164),
(167, 165),
(167, 166),
(171, 168),
(171, 169),
(171, 170),
(175, 172),
(175, 173),
(175, 174),
(179, 176),
(179, 177),
(179, 178),
(183, 180),
(183, 181),
(183, 182),
(186, 184),
(186, 185),
(189, 187),
(189, 188),
(193, 190),
(193, 191),
(193, 192),
(197, 194),
(197, 195),
(197, 196),
(198, 199),
(202, 200),
(202, 201),
(206, 203),
(206, 204),
(206, 205),
(213, 207),
(213, 208),
(213, 209),
(213, 210),
(213, 211),
(213, 212),
(219, 214),
(219, 215),
(219, 216),
(219, 217),
(219, 218),
(225, 220),
(225, 221),
(225, 222),
(225, 223),
(225, 224),
(231, 226),
(231, 227),
(231, 228),
(231, 229),
(231, 230),
(240, 232),
(240, 233),
(240, 234),
(240, 235),
(240, 236),
(240, 237),
(240, 238),
(240, 239),
(244, 242),
(244, 243),
(250, 245),
(250, 246),
(250, 247),
(250, 248),
(250, 249),
(254, 251),
(254, 252),
(254, 253),
(263, 255),
(263, 256),
(263, 257),
(263, 258),
(263, 259),
(263, 260),
(263, 261),
(263, 262),
(268, 264),
(268, 265),
(268, 266),
(268, 267),
(272, 269),
(272, 270),
(272, 271),
(276, 273),
(276, 274),
(276, 275),
(280, 277),
(280, 278),
(280, 279),
(289, 281),
(289, 282),
(289, 283),
(289, 284),
(289, 285),
(289, 286),
(289, 287),
(289, 288),
(298, 290),
(298, 291),
(298, 292),
(298, 293),
(298, 294),
(298, 295),
(298, 296),
(298, 297),
(303, 299),
(303, 300),
(303, 301),
(303, 302),
(308, 304),
(308, 305),
(308, 306),
(308, 307),
(313, 309),
(313, 310),
(313, 311),
(313, 312),
(318, 314),
(318, 315),
(318, 316),
(318, 317),
(323, 319),
(323, 320),
(323, 321),
(323, 322),
(327, 324),
(327, 325),
(327, 326),
(331, 328),
(331, 329),
(331, 330),
(340, 332),
(340, 333),
(340, 334),
(340, 335),
(340, 336),
(340, 337),
(340, 338),
(340, 339),
(347, 341),
(347, 342),
(347, 343),
(347, 344),
(347, 345),
(347, 346),
(353, 348),
(353, 349),
(353, 350),
(353, 351),
(353, 352),
(356, 354),
(356, 355),
(359, 357),
(359, 358),
(362, 360),
(362, 361),
(365, 363),
(365, 364),
(369, 366),
(369, 367),
(369, 368),
(373, 370),
(373, 371),
(373, 372),
(376, 374),
(376, 375),
(380, 377),
(380, 378),
(380, 379),
(386, 381),
(386, 382),
(386, 383),
(386, 384),
(386, 385),
(390, 387),
(390, 388),
(390, 389),
(394, 391),
(394, 392),
(394, 393),
(397, 395),
(397, 396),
(402, 399),
(402, 400),
(402, 401),
(406, 403),
(406, 404),
(406, 405),
(411, 407),
(411, 408),
(411, 409),
(411, 410),
(415, 412),
(415, 413),
(415, 414),
(419, 416),
(419, 417),
(419, 418),
(422, 420),
(422, 421),
(425, 423),
(425, 424),
(429, 426),
(429, 427),
(429, 428),
(433, 430),
(433, 431),
(433, 432),
(437, 434),
(437, 435),
(437, 436),
(444, 442),
(444, 443),
(446, 445),
(449, 447),
(449, 448),
(453, 450),
(453, 451),
(453, 452),
(457, 454),
(457, 455),
(457, 456),
(461, 458),
(461, 459),
(461, 460),
(464, 462),
(464, 463),
(470, 466),
(470, 467),
(470, 468),
(470, 469),
(478, 475),
(478, 476),
(478, 477),
(481, 479),
(481, 480),
(562, 563),
(562, 564),
(565, 566),
(565, 567),
(568, 569),
(568, 570),
(571, 572),
(571, 573),
(574, 575),
(574, 576),
(590, 591),
(590, 592),
(590, 593),
(590, 594),
(590, 595),
(590, 596),
(597, 598),
(597, 599),
(597, 600),
(597, 601),
(597, 602),
(597, 603),
(604, 605),
(604, 606),
(604, 607),
(604, 608),
(604, 609),
(604, 610),
(611, 612),
(611, 613),
(611, 614),
(615, 616),
(615, 617),
(615, 618),
(620, 621),
(620, 622),
(620, 623),
(624, 625),
(624, 626),
(624, 627),
(628, 629),
(628, 630),
(633, 634),
(633, 635),
(636, 637),
(636, 638),
(636, 639),
(640, 641),
(640, 642),
(645, 646),
(645, 647),
(645, 648),
(649, 650),
(649, 651),
(649, 652),
(653, 654),
(653, 655),
(653, 656);

-- --------------------------------------------------------

--
-- Table structure for table `catalog_product_super_attribute`
--

CREATE TABLE `catalog_product_super_attribute` (
  `product_super_attribute_id` int(10) UNSIGNED NOT NULL COMMENT 'Product Super Attribute ID',
  `product_id` int(10) UNSIGNED NOT NULL DEFAULT '0' COMMENT 'Product ID',
  `attribute_id` smallint(5) UNSIGNED NOT NULL DEFAULT '0' COMMENT 'Attribute ID',
  `position` smallint(5) UNSIGNED NOT NULL DEFAULT '0' COMMENT 'Position'
) ENGINE=InnoDB DEFAULT CHARSET=utf8 COMMENT='Catalog Product Super Attribute Table';

--
-- Dumping data for table `catalog_product_super_attribute`
--

INSERT INTO `catalog_product_super_attribute` (`product_super_attribute_id`, `product_id`, `attribute_id`, `position`) VALUES
(1, 4, 148, 0),
(2, 8, 149, 0),
(3, 13, 149, 0),
(4, 18, 149, 0),
(5, 21, 149, 0),
(6, 29, 149, 0),
(7, 35, 149, 0),
(8, 39, 149, 0),
(9, 42, 149, 0),
(10, 46, 149, 0),
(11, 50, 149, 0),
(12, 54, 149, 0),
(14, 68, 148, 0),
(15, 73, 148, 0),
(16, 82, 149, 0),
(17, 86, 149, 0),
(18, 91, 149, 0),
(19, 105, 149, 0),
(20, 136, 149, 0),
(21, 141, 149, 0),
(22, 146, 149, 0),
(23, 151, 149, 0),
(24, 155, 149, 0),
(25, 158, 149, 0),
(26, 162, 149, 0),
(27, 167, 149, 0),
(28, 171, 149, 0),
(29, 175, 149, 0),
(30, 179, 149, 0),
(31, 183, 149, 0),
(32, 186, 149, 0),
(33, 189, 149, 0),
(34, 193, 149, 0),
(35, 197, 149, 0),
(36, 198, 149, 0),
(37, 202, 149, 0),
(38, 206, 149, 0),
(39, 213, 149, 0),
(40, 219, 149, 0),
(41, 225, 149, 0),
(42, 231, 149, 0),
(43, 240, 149, 0),
(44, 244, 149, 0),
(45, 250, 149, 0),
(46, 254, 149, 0),
(47, 263, 149, 0),
(48, 268, 149, 0),
(49, 272, 148, 0),
(50, 276, 148, 0),
(51, 280, 149, 0),
(52, 289, 149, 0),
(53, 298, 149, 0),
(54, 303, 149, 0),
(55, 308, 149, 0),
(56, 313, 149, 0),
(57, 318, 149, 0),
(58, 323, 149, 0),
(59, 327, 149, 0),
(60, 331, 149, 0),
(61, 340, 149, 0),
(62, 347, 149, 0),
(63, 353, 149, 0),
(64, 356, 149, 0),
(65, 359, 149, 0),
(66, 362, 149, 0),
(67, 365, 149, 0),
(68, 369, 149, 0),
(69, 373, 149, 0),
(70, 376, 149, 0),
(71, 380, 149, 0),
(72, 386, 149, 0),
(73, 390, 149, 0),
(74, 394, 149, 0),
(75, 397, 149, 0),
(76, 402, 149, 0),
(77, 406, 149, 0),
(78, 411, 149, 0),
(79, 415, 149, 0),
(80, 419, 149, 0),
(81, 422, 149, 0),
(82, 425, 149, 0),
(83, 429, 149, 0),
(84, 433, 149, 0),
(85, 437, 149, 0),
(87, 444, 149, 0),
(88, 446, 149, 0),
(89, 449, 149, 0),
(90, 453, 149, 0),
(91, 457, 149, 0),
(92, 461, 149, 0),
(93, 464, 149, 0),
(94, 470, 149, 0),
(96, 478, 149, 0),
(97, 481, 149, 0),
(101, 561, 149, 0),
(102, 562, 148, 0),
(103, 565, 148, 0),
(104, 568, 148, 0),
(105, 571, 148, 0),
(106, 574, 148, 0),
(107, 577, 149, 0),
(108, 585, 149, 0),
(109, 590, 148, 0),
(110, 590, 92, 0),
(111, 597, 148, 0),
(112, 597, 92, 0),
(113, 604, 149, 0),
(114, 604, 150, 0),
(115, 611, 149, 0),
(116, 615, 149, 0),
(117, 620, 92, 0),
(118, 624, 92, 0),
(119, 628, 149, 0),
(120, 633, 149, 0),
(121, 636, 149, 0),
(122, 640, 149, 0),
(123, 643, 149, 0),
(124, 645, 149, 0),
(125, 649, 149, 0),
(126, 653, 149, 0);

-- --------------------------------------------------------

--
-- Table structure for table `catalog_product_super_attribute_label`
--

CREATE TABLE `catalog_product_super_attribute_label` (
  `value_id` int(10) UNSIGNED NOT NULL COMMENT 'Value ID',
  `product_super_attribute_id` int(10) UNSIGNED NOT NULL DEFAULT '0' COMMENT 'Product Super Attribute ID',
  `store_id` smallint(5) UNSIGNED NOT NULL DEFAULT '0' COMMENT 'Store ID',
  `use_default` smallint(5) UNSIGNED DEFAULT '0' COMMENT 'Use Default Value',
  `value` varchar(255) DEFAULT NULL COMMENT 'Value'
) ENGINE=InnoDB DEFAULT CHARSET=utf8 COMMENT='Catalog Product Super Attribute Label Table';

--
-- Dumping data for table `catalog_product_super_attribute_label`
--

INSERT INTO `catalog_product_super_attribute_label` (`value_id`, `product_super_attribute_id`, `store_id`, `use_default`, `value`) VALUES
(1, 1, 0, 1, 'Material'),
(2, 2, 0, 1, 'Size'),
(3, 3, 0, 1, 'Size'),
(4, 4, 0, 1, 'Size'),
(5, 5, 0, 1, 'Size'),
(6, 6, 0, 1, 'Size'),
(7, 7, 0, 1, 'Size'),
(8, 8, 0, 1, 'Size'),
(9, 9, 0, 1, 'Size'),
(10, 10, 0, 1, 'Size'),
(11, 11, 0, 1, 'Size'),
(12, 12, 0, 1, 'Size'),
(14, 14, 0, 1, 'Material'),
(15, 15, 0, 1, 'Material'),
(16, 16, 0, 1, 'Size'),
(17, 17, 0, 1, 'Size'),
(18, 18, 0, 1, 'Size'),
(19, 19, 0, 1, 'Size'),
(20, 20, 0, 1, 'Size'),
(21, 21, 0, 1, 'Size'),
(22, 22, 0, 1, 'Size'),
(23, 23, 0, 1, 'Size'),
(24, 24, 0, 1, 'Size'),
(25, 25, 0, 1, 'Size'),
(26, 26, 0, 1, 'Size'),
(27, 27, 0, 1, 'Size'),
(28, 28, 0, 1, 'Size'),
(29, 29, 0, 1, 'Size'),
(30, 30, 0, 1, 'Size'),
(31, 31, 0, 1, 'Size'),
(32, 32, 0, 1, 'Size'),
(33, 33, 0, 1, 'Size'),
(34, 34, 0, 1, 'Size'),
(35, 35, 0, 1, 'Size'),
(36, 36, 0, 1, 'Size'),
(37, 37, 0, 1, 'Size'),
(38, 38, 0, 1, 'Size'),
(39, 39, 0, 1, 'Size'),
(40, 40, 0, 1, 'Size'),
(41, 41, 0, 1, 'Size'),
(42, 42, 0, 1, 'Size'),
(43, 43, 0, 1, 'Size'),
(44, 44, 0, 1, 'Size'),
(45, 45, 0, 1, 'Size'),
(46, 46, 0, 1, 'Size'),
(47, 47, 0, 1, 'Size'),
(48, 48, 0, 1, 'Size'),
(49, 49, 0, 1, 'Material'),
(50, 50, 0, 1, 'Material'),
(51, 51, 0, 1, 'Size'),
(52, 52, 0, 1, 'Size'),
(53, 53, 0, 1, 'Size'),
(54, 54, 0, 1, 'Size'),
(55, 55, 0, 1, 'Size'),
(56, 56, 0, 1, 'Size'),
(57, 57, 0, 1, 'Size'),
(58, 58, 0, 1, 'Size'),
(59, 59, 0, 1, 'Size'),
(60, 60, 0, 1, 'Size'),
(61, 61, 0, 1, 'Size'),
(62, 62, 0, 1, 'Size'),
(63, 63, 0, 1, 'Size'),
(64, 64, 0, 1, 'Size'),
(65, 65, 0, 1, 'Size'),
(66, 66, 0, 1, 'Size'),
(67, 67, 0, 1, 'Size'),
(68, 68, 0, 1, 'Size'),
(69, 69, 0, 1, 'Size'),
(70, 70, 0, 1, 'Size'),
(71, 71, 0, 1, 'Size'),
(72, 72, 0, 1, 'Size'),
(73, 73, 0, 1, 'Size'),
(74, 74, 0, 1, 'Size'),
(75, 75, 0, 1, 'Size'),
(76, 76, 0, 1, 'Size'),
(77, 77, 0, 1, 'Size'),
(78, 78, 0, 1, 'Size'),
(79, 79, 0, 1, 'Size'),
(80, 80, 0, 1, 'Size'),
(81, 81, 0, 1, 'Size'),
(82, 82, 0, 1, 'Size'),
(83, 83, 0, 1, 'Size'),
(84, 84, 0, 1, 'Size'),
(85, 85, 0, 1, 'Size'),
(87, 87, 0, 1, 'Size'),
(88, 88, 0, 1, 'Size'),
(89, 89, 0, 1, 'Size'),
(90, 90, 0, 1, 'Size'),
(91, 91, 0, 1, 'Size'),
(92, 92, 0, 1, 'Size'),
(93, 93, 0, 1, 'Size'),
(94, 94, 0, 1, 'Size'),
(96, 96, 0, 1, 'Size'),
(97, 97, 0, 1, 'Size'),
(101, 101, 0, 1, 'Size'),
(102, 102, 0, 0, 'Material'),
(103, 103, 0, 0, 'Material'),
(104, 104, 0, 0, 'Material'),
(105, 105, 0, 0, 'Material'),
(106, 106, 0, 0, 'Material'),
(107, 107, 0, 0, 'Size'),
(108, 108, 0, 0, 'Size'),
(109, 109, 0, 1, 'Material'),
(110, 110, 0, 1, 'Color'),
(111, 111, 0, 0, 'Material'),
(112, 112, 0, 0, 'Color'),
(113, 113, 0, 0, 'Size'),
(114, 114, 0, 0, 'Printed Banner'),
(115, 115, 0, 0, 'Size'),
(116, 116, 0, 0, 'Size'),
(117, 117, 0, 0, 'Color'),
(118, 118, 0, 0, 'Color'),
(119, 119, 0, 0, 'Size'),
(120, 120, 0, 0, 'Size'),
(121, 121, 0, 0, 'Size'),
(122, 122, 0, 0, 'Size'),
(123, 123, 0, 0, 'Size'),
(124, 124, 0, 0, 'Size'),
(125, 125, 0, 0, 'Size'),
(126, 126, 0, 0, 'Size');

-- --------------------------------------------------------

--
-- Table structure for table `catalog_product_super_attribute_pricing`
--

CREATE TABLE `catalog_product_super_attribute_pricing` (
  `value_id` int(10) UNSIGNED NOT NULL COMMENT 'Value ID',
  `product_super_attribute_id` int(10) UNSIGNED NOT NULL DEFAULT '0' COMMENT 'Product Super Attribute ID',
  `value_index` varchar(255) DEFAULT NULL COMMENT 'Value Index',
  `is_percent` smallint(5) UNSIGNED DEFAULT '0' COMMENT 'Is Percent',
  `pricing_value` decimal(12,4) DEFAULT NULL COMMENT 'Pricing Value',
  `website_id` smallint(5) UNSIGNED NOT NULL DEFAULT '0' COMMENT 'Website ID'
) ENGINE=InnoDB DEFAULT CHARSET=utf8 COMMENT='Catalog Product Super Attribute Pricing Table';

--
-- Dumping data for table `catalog_product_super_attribute_pricing`
--

INSERT INTO `catalog_product_super_attribute_pricing` (`value_id`, `product_super_attribute_id`, `value_index`, `is_percent`, `pricing_value`, `website_id`) VALUES
(1, 1, '7', 0, '0.0000', 0),
(2, 1, '9', 0, '0.0000', 0),
(3, 1, '11', 0, '0.0000', 0),
(4, 2, '13', 0, '0.0000', 0),
(5, 2, '14', 0, '2.0000', 0),
(6, 2, '15', 0, '2.0000', 0),
(7, 3, '16', 0, '0.0000', 0),
(8, 3, '17', 0, '1.0000', 0),
(9, 3, '18', 0, '8.0000', 0),
(10, 3, '19', 0, '9.0000', 0),
(11, 4, '20', 0, '0.0000', 0),
(12, 4, '21', 0, '2.0000', 0),
(15, 5, '24', 0, '0.0000', 0),
(16, 5, '25', 0, '5.0000', 0),
(17, 6, '26', 0, '0.0000', 0),
(18, 6, '27', 0, '3.0000', 0),
(19, 6, '28', 0, '5.0000', 0),
(20, 6, '29', 0, '6.0000', 0),
(21, 6, '30', 0, '9.0000', 0),
(22, 6, '31', 0, '11.0000', 0),
(23, 6, '32', 0, '13.0000', 0),
(24, 7, '33', 0, '0.0000', 0),
(25, 7, '34', 0, '2.0000', 0),
(26, 7, '35', 0, '3.0000', 0),
(27, 7, '36', 0, '6.0000', 0),
(28, 7, '37', 0, '12.0000', 0),
(29, 8, '38', 0, '0.0000', 0),
(30, 8, '39', 0, '4.0000', 0),
(31, 8, '40', 0, '13.0000', 0),
(32, 9, '41', 0, '0.0000', 0),
(33, 9, '42', 0, '4.0000', 0),
(34, 10, '41', 0, '0.0000', 0),
(35, 10, '43', 0, '1.0000', 0),
(36, 10, '42', 0, '4.0000', 0),
(37, 11, '44', 0, '0.0000', 0),
(38, 11, '41', 0, '1.0000', 0),
(39, 11, '45', 0, '222.0000', 0),
(40, 12, '43', 0, '0.0000', 0),
(41, 12, '42', 0, '10.0000', 0),
(42, 12, '46', 0, '216.0000', 0),
(51, 14, '55', 0, '0.0000', 0),
(52, 14, '7', 0, '0.0000', 0),
(53, 14, '56', 0, '0.0000', 0),
(54, 14, '57', 0, '0.0000', 0),
(55, 15, '55', 0, '0.0000', 0),
(56, 15, '7', 0, '0.0000', 0),
(57, 15, '56', 0, '0.0000', 0),
(58, 15, '57', 0, '0.0000', 0),
(59, 16, '58', 0, '0.0000', 0),
(60, 16, '59', 0, '24.0000', 0),
(61, 16, '60', 0, '50.0000', 0),
(62, 16, '61', 0, '66.0000', 0),
(63, 16, '62', 0, '0.0000', 0),
(64, 16, '63', 0, '24.0000', 0),
(65, 16, '64', 0, '50.0000', 0),
(66, 16, '65', 0, '66.0000', 0),
(67, 17, '66', 0, '0.0000', 0),
(68, 17, '67', 0, '13.0000', 0),
(69, 17, '68', 0, '66.0000', 0),
(74, 18, '58', 0, '0.0000', 0),
(75, 18, '59', 0, '13.0000', 0),
(76, 18, '60', 0, '39.0000', 0),
(77, 18, '61', 0, '66.0000', 0),
(78, 19, '75', 0, '21.0000', 0),
(79, 19, '76', 0, '43.0000', 0),
(80, 19, '77', 0, '80.0000', 0),
(81, 19, '83', 0, '32.0000', 0),
(82, 19, '84', 0, '52.0000', 0),
(83, 19, '85', 0, '0.0000', 0),
(84, 19, '51', 0, '48.0000', 0),
(85, 19, '52', 0, '75.0000', 0),
(86, 19, '53', 0, '120.0000', 0),
(87, 20, '71', 0, '0.0000', 0),
(88, 20, '72', 0, '7.0000', 0),
(89, 20, '73', 0, '15.0000', 0),
(90, 20, '74', 0, '30.0000', 0),
(91, 20, '75', 0, '37.0000', 0),
(92, 20, '76', 0, '53.0000', 0),
(93, 20, '77', 0, '83.0000', 0),
(94, 20, '78', 0, '98.0000', 0),
(95, 20, '79', 0, '7.0000', 0),
(96, 20, '80', 0, '13.0000', 0),
(97, 20, '81', 0, '23.0000', 0),
(98, 20, '82', 0, '36.0000', 0),
(99, 20, '83', 0, '44.0000', 0),
(100, 20, '84', 0, '60.0000', 0),
(101, 20, '85', 0, '97.0000', 0),
(102, 20, '86', 0, '111.0000', 0),
(103, 20, '47', 0, '18.0000', 0),
(104, 20, '48', 0, '25.0000', 0),
(105, 20, '49', 0, '33.0000', 0),
(106, 20, '50', 0, '48.0000', 0),
(107, 20, '51', 0, '55.0000', 0),
(108, 20, '52', 0, '109.0000', 0),
(109, 20, '53', 0, '108.0000', 0),
(110, 20, '54', 0, '123.0000', 0),
(111, 20, '87', 0, '30.0000', 0),
(112, 20, '88', 0, '39.0000', 0),
(113, 20, '89', 0, '42.0000', 0),
(114, 20, '90', 0, '37.0000', 0),
(115, 20, '91', 0, '48.0000', 0),
(116, 20, '92', 0, '49.0000', 0),
(117, 21, '93', 0, '0.0000', 0),
(118, 21, '18', 0, '8.0000', 0),
(119, 21, '19', 0, '17.0000', 0),
(120, 21, '69', 0, '26.0000', 0),
(121, 22, '43', 0, '0.0000', 0),
(122, 22, '42', 0, '11.0000', 0),
(123, 22, '46', 0, '18.0000', 0),
(124, 22, '94', 0, '42.0000', 0),
(125, 23, '43', 0, '0.0000', 0),
(126, 23, '42', 0, '11.0000', 0),
(127, 23, '46', 0, '19.0000', 0),
(128, 23, '94', 0, '42.0000', 0),
(129, 24, '43', 0, '0.0000', 0),
(130, 24, '42', 0, '12.0000', 0),
(131, 24, '46', 0, '24.0000', 0),
(132, 25, '94', 0, '0.0000', 0),
(133, 25, '95', 0, '13.0000', 0),
(134, 26, '227', 0, '0.0000', 0),
(135, 26, '228', 0, '0.5000', 0),
(136, 26, '229', 0, '1.0000', 0),
(137, 27, '99', 0, '0.0000', 0),
(138, 27, '102', 0, '11.0000', 0),
(139, 27, '104', 0, '51.0000', 0),
(140, 27, '101', 0, '6.0000', 0),
(141, 28, '99', 0, '0.0000', 0),
(142, 28, '102', 0, '12.0000', 0),
(143, 28, '101', 0, '6.0000', 0),
(144, 29, '99', 0, '0.0000', 0),
(145, 29, '102', 0, '26.0000', 0),
(146, 29, '101', 0, '15.0000', 0),
(147, 30, '99', 0, '0.0000', 0),
(148, 30, '102', 0, '26.0000', 0),
(149, 30, '101', 0, '15.0000', 0),
(150, 31, '99', 0, '0.0000', 0),
(151, 31, '102', 0, '3.0000', 0),
(157, 34, '104', 0, '0.0000', 0),
(158, 34, '109', 0, '78.0000', 0),
(159, 34, '110', 0, '87.0000', 0),
(160, 35, '102', 0, '0.0000', 0),
(161, 35, '104', 0, '44.0000', 0),
(162, 35, '112', 0, '37.0000', 0),
(164, 36, '110', 0, '56.0000', 0),
(167, 38, '116', 0, '0.0000', 0),
(168, 38, '13', 0, '1.0000', 0),
(169, 38, '14', 0, '2.0000', 0),
(170, 39, '116', 0, '0.0000', 0),
(171, 39, '13', 0, '1.0000', 0),
(172, 39, '14', 0, '2.0000', 0),
(173, 39, '99', 0, '4.0000', 0),
(174, 39, '102', 0, '7.0000', 0),
(175, 39, '101', 0, '6.0000', 0),
(176, 40, '13', 0, '0.0000', 0),
(177, 40, '14', 0, '1.0000', 0),
(178, 40, '99', 0, '3.0000', 0),
(179, 40, '102', 0, '7.0000', 0),
(180, 40, '101', 0, '5.0000', 0),
(181, 41, '13', 0, '0.0000', 0),
(182, 41, '14', 0, '1.0000', 0),
(183, 41, '99', 0, '3.0000', 0),
(184, 41, '102', 0, '7.0000', 0),
(185, 41, '101', 0, '5.0000', 0),
(186, 42, '13', 0, '12.0000', 0),
(187, 42, '14', 0, '13.0000', 0),
(188, 42, '99', 0, '15.0000', 0),
(189, 42, '102', 0, '19.0000', 0),
(190, 42, '101', 0, '17.0000', 0),
(191, 43, '13', 0, '0.0000', 0),
(192, 43, '14', 0, '1.0000', 0),
(193, 43, '99', 0, '4.0000', 0),
(194, 43, '102', 0, '8.0000', 0),
(195, 43, '104', 0, '14.0000', 0),
(196, 43, '101', 0, '6.0000', 0),
(197, 43, '112', 0, '12.0000', 0),
(198, 43, '110', 0, '23.0000', 0),
(200, 44, '112', 0, '0.0000', 0),
(201, 44, '110', 0, '12.0000', 0),
(202, 45, '13', 0, '0.0000', 0),
(203, 45, '14', 0, '2.0000', 0),
(204, 45, '99', 0, '4.0000', 0),
(205, 45, '102', 0, '8.0000', 0),
(206, 45, '101', 0, '7.0000', 0),
(207, 46, '104', 0, '6.0000', 0),
(208, 46, '112', 0, '0.0000', 0),
(209, 46, '110', 0, '18.0000', 0),
(210, 47, '13', 0, '0.0000', 0),
(211, 47, '14', 0, '2.0000', 0),
(212, 47, '99', 0, '3.0000', 0),
(213, 47, '102', 0, '9.0000', 0),
(214, 47, '104', 0, '17.0000', 0),
(216, 47, '112', 0, '14.0000', 0),
(217, 47, '110', 0, '25.0000', 0),
(218, 48, '13', 0, '0.0000', 0),
(219, 48, '14', 0, '1.0000', 0),
(220, 48, '99', 0, '2.0000', 0),
(221, 48, '102', 0, '4.0000', 0),
(222, 49, '56', 0, '0.0000', 0),
(224, 49, '7', 0, '2.0000', 0),
(225, 50, '56', 0, '12.0000', 0),
(226, 50, '55', 0, '13.0000', 0),
(227, 50, '7', 0, '15.0000', 0),
(228, 51, '13', 0, '0.0000', 0),
(229, 51, '14', 0, '4.0000', 0),
(230, 51, '99', 0, '8.0000', 0),
(231, 52, '13', 0, '0.0000', 0),
(232, 52, '14', 0, '7.0000', 0),
(233, 52, '99', 0, '20.0000', 0),
(234, 52, '102', 0, '39.0000', 0),
(235, 52, '104', 0, '66.0000', 0),
(236, 52, '101', 0, '28.0000', 0),
(237, 52, '112', 0, '49.0000', 0),
(238, 52, '110', 0, '75.0000', 0),
(239, 53, '13', 0, '0.0000', 0),
(240, 53, '14', 0, '8.0000', 0),
(241, 53, '99', 0, '16.0000', 0),
(242, 53, '102', 0, '38.0000', 0),
(243, 53, '104', 0, '61.0000', 0),
(244, 53, '101', 0, '25.0000', 0),
(245, 53, '112', 0, '51.0000', 0),
(246, 53, '110', 0, '84.0000', 0),
(247, 55, '102', 0, '0.0000', 0),
(248, 55, '104', 0, '28.0000', 0),
(249, 55, '112', 0, '10.0000', 0),
(250, 55, '110', 0, '88.0000', 0),
(251, 56, '234', 0, '0.0000', 0),
(252, 56, '235', 0, '13.0000', 0),
(253, 56, '236', 0, '33.0000', 0),
(254, 56, '237', 0, '50.0000', 0),
(255, 57, '122', 0, '0.0000', 0),
(256, 57, '123', 0, '11.0000', 0),
(257, 57, '124', 0, '9.0000', 0),
(258, 57, '118', 0, '41.0000', 0),
(259, 58, '122', 0, '0.0000', 0),
(260, 58, '123', 0, '14.0000', 0),
(261, 58, '124', 0, '20.0000', 0),
(262, 58, '118', 0, '47.0000', 0),
(263, 59, '104', 0, '9.0000', 0),
(264, 59, '112', 0, '0.0000', 0),
(265, 59, '110', 0, '23.0000', 0),
(266, 60, '14', 0, '2.0000', 0),
(267, 60, '99', 0, '5.0000', 0),
(268, 60, '102', 0, '11.0000', 0),
(269, 61, '127', 0, '0.0000', 0),
(270, 61, '130', 0, '1.0000', 0),
(271, 61, '131', 0, '3.0000', 0),
(272, 62, '125', 0, '0.0000', 0),
(273, 62, '126', 0, '1.0000', 0),
(274, 62, '128', 0, '2.0000', 0),
(275, 62, '129', 0, '3.0000', 0),
(276, 62, '132', 0, '4.0000', 0),
(277, 62, '133', 0, '4.5000', 0),
(278, 63, '238', 0, '0.0000', 0),
(279, 63, '239', 0, '2.0000', 0),
(280, 63, '240', 0, '0.5000', 0),
(281, 63, '241', 0, '3.0000', 0),
(282, 63, '242', 0, '5.0000', 0),
(283, 65, '141', 0, '0.0000', 0),
(284, 65, '142', 0, '17.0000', 0),
(285, 66, '243', 0, '7.0000', 0),
(286, 66, '144', 0, '0.0000', 0),
(287, 67, '99', 0, '0.0000', 0),
(288, 67, '102', 0, '6.0000', 0),
(289, 68, '13', 0, '0.0000', 0),
(290, 68, '14', 0, '3.0000', 0),
(291, 68, '99', 0, '7.0000', 0),
(292, 69, '148', 0, '0.0000', 0),
(293, 69, '127', 0, '1.0000', 0),
(294, 69, '128', 0, '1.0000', 0),
(295, 70, '116', 0, '0.0000', 0),
(296, 70, '13', 0, '2.0000', 0),
(297, 71, '14', 0, '0.0000', 0),
(298, 71, '99', 0, '8.0000', 0),
(299, 71, '102', 0, '40.0000', 0),
(300, 72, '14', 0, '0.0000', 0),
(301, 72, '99', 0, '18.0000', 0),
(302, 72, '102', 0, '75.0000', 0),
(304, 72, '112', 0, '146.0000', 0),
(305, 73, '116', 0, '0.0000', 0),
(306, 73, '13', 0, '3.0000', 0),
(307, 73, '14', 0, '12.0000', 0),
(308, 74, '232', 0, '0.0000', 0),
(309, 74, '244', 0, '3.0000', 0),
(310, 74, '233', 0, '4.0000', 0),
(311, 75, '152', 0, '1.0000', 0),
(312, 75, '153', 0, '0.0000', 0),
(313, 76, '154', 0, '0.0000', 0),
(314, 76, '116', 0, '2.0000', 0),
(315, 76, '13', 0, '3.0000', 0),
(316, 77, '155', 0, '0.0000', 0),
(317, 77, '156', 0, '2.0000', 0),
(318, 77, '157', 0, '0.5000', 0),
(320, 78, '155', 0, '0.0000', 0),
(321, 78, '156', 0, '1.0000', 0),
(322, 78, '157', 0, '0.0000', 0),
(323, 78, '158', 0, '4.0000', 0),
(324, 79, '159', 0, '0.0000', 0),
(325, 79, '116', 0, '0.5000', 0),
(326, 79, '13', 0, '4.0000', 0),
(327, 80, '154', 0, '0.0000', 0),
(328, 80, '116', 0, '1.0000', 0),
(329, 80, '13', 0, '3.0000', 0),
(330, 81, '160', 0, '0.0000', 0),
(331, 81, '161', 0, '10.0000', 0),
(332, 82, '13', 0, '0.0000', 0),
(333, 82, '14', 0, '18.0000', 0),
(335, 84, '168', 0, '4.0000', 0),
(336, 84, '169', 0, '2.0000', 0),
(337, 84, '170', 0, '0.0000', 0),
(338, 85, '171', 0, '0.0000', 0),
(339, 85, '172', 0, '5.0000', 0),
(340, 85, '173', 0, '11.0000', 0),
(344, 87, '181', 0, '0.0000', 0),
(345, 87, '182', 0, '1.0000', 0),
(346, 88, '183', 0, '0.0000', 0),
(349, 90, '187', 0, '0.0000', 0),
(350, 90, '116', 0, '1.0000', 0),
(351, 90, '13', 0, '2.0000', 0),
(352, 91, '187', 0, '0.0000', 0),
(353, 91, '116', 0, '1.0000', 0),
(354, 91, '13', 0, '3.0000', 0),
(355, 92, '187', 0, '0.0000', 0),
(356, 92, '116', 0, '5.0000', 0),
(357, 92, '13', 0, '12.0000', 0),
(358, 93, '188', 0, '0.0000', 0),
(359, 93, '145', 0, '0.0000', 0),
(360, 94, '43', 0, '0.0000', 0),
(361, 94, '42', 0, '13.0000', 0),
(362, 94, '46', 0, '29.0000', 0),
(363, 94, '94', 0, '44.0000', 0),
(367, 96, '41', 0, '0.0000', 0),
(368, 96, '43', 0, '0.0000', 0),
(369, 96, '42', 0, '2.0000', 0),
(370, 97, '43', 0, '0.0000', 0),
(371, 97, '42', 0, '43.0000', 0),
(372, 54, '112', 0, '90.0000', 0),
(373, 54, '110', 0, '117.0000', 0),
(374, 54, '104', 0, '107.0000', 0),
(375, 54, '102', 0, '80.0000', 0),
(379, 101, '63', 0, '13.0000', 0),
(380, 101, '64', 0, '39.0000', 0),
(381, 101, '65', 0, '66.0000', 0),
(382, 107, '51', 0, '8.0000', 0),
(383, 107, '52', 0, '28.0000', 0),
(384, 107, '53', 0, '60.0000', 0),
(385, 107, '54', 0, '73.0000', 0),
(386, 108, '15', 0, '2.0000', 0),
(387, 108, '14', 0, '2.0000', 0),
(388, 109, '257', 0, '7.0000', 0),
(389, 111, '257', 0, '7.0000', 0),
(390, 113, '261', 0, '5.0000', 0),
(391, 113, '262', 0, '7.0000', 0),
(392, 114, '258', 0, '35.0000', 0),
(393, 115, '172', 0, '5.0000', 0),
(394, 115, '173', 0, '11.0000', 0),
(395, 116, '171', 0, '2.0000', 0),
(396, 116, '175', 0, '12.0000', 0),
(397, 117, '263', 0, '6.0000', 0),
(398, 117, '264', 0, '6.0000', 0),
(399, 118, '264', 0, '7.0000', 0),
(400, 118, '263', 0, '7.0000', 0),
(402, 121, '276', 0, '24.0000', 0),
(403, 121, '277', 0, '44.0000', 0),
(404, 122, '276', 0, '24.0000', 0),
(405, 124, '244', 0, '60.0000', 0),
(406, 124, '233', 0, '114.0000', 0),
(407, 125, '244', 0, '50.0000', 0),
(408, 125, '233', 0, '107.0000', 0),
(409, 126, '244', 0, '21.0000', 0),
(410, 126, '233', 0, '50.0000', 0);

-- --------------------------------------------------------

--
-- Table structure for table `catalog_product_super_link`
--

CREATE TABLE `catalog_product_super_link` (
  `link_id` int(10) UNSIGNED NOT NULL COMMENT 'Link ID',
  `product_id` int(10) UNSIGNED NOT NULL DEFAULT '0' COMMENT 'Product ID',
  `parent_id` int(10) UNSIGNED NOT NULL DEFAULT '0' COMMENT 'Parent ID'
) ENGINE=InnoDB DEFAULT CHARSET=utf8 COMMENT='Catalog Product Super Link Table';

--
-- Dumping data for table `catalog_product_super_link`
--

INSERT INTO `catalog_product_super_link` (`link_id`, `product_id`, `parent_id`) VALUES
(1, 1, 4),
(2, 2, 4),
(3, 3, 4),
(4, 5, 8),
(408, 5, 585),
(5, 6, 8),
(409, 6, 585),
(6, 7, 8),
(410, 7, 585),
(7, 9, 13),
(8, 10, 13),
(9, 11, 13),
(10, 12, 13),
(11, 14, 18),
(12, 15, 18),
(13, 16, 18),
(14, 17, 18),
(15, 19, 21),
(16, 20, 21),
(17, 22, 29),
(18, 23, 29),
(19, 24, 29),
(20, 25, 29),
(21, 26, 29),
(22, 27, 29),
(23, 28, 29),
(24, 30, 35),
(25, 31, 35),
(26, 32, 35),
(27, 33, 35),
(28, 34, 35),
(29, 36, 39),
(30, 37, 39),
(31, 38, 39),
(32, 40, 42),
(33, 41, 42),
(34, 43, 46),
(35, 44, 46),
(36, 45, 46),
(37, 47, 50),
(38, 48, 50),
(39, 49, 50),
(40, 51, 54),
(41, 52, 54),
(42, 53, 54),
(403, 58, 577),
(404, 59, 577),
(405, 60, 577),
(406, 61, 577),
(407, 62, 577),
(51, 64, 68),
(53, 65, 68),
(52, 66, 68),
(54, 67, 68),
(55, 69, 73),
(57, 70, 73),
(56, 71, 73),
(58, 72, 73),
(59, 74, 82),
(61, 75, 82),
(63, 76, 82),
(65, 77, 82),
(60, 78, 82),
(62, 79, 82),
(64, 80, 82),
(66, 81, 82),
(67, 83, 86),
(68, 84, 86),
(69, 85, 86),
(389, 87, 561),
(390, 88, 561),
(391, 89, 561),
(392, 90, 561),
(74, 92, 91),
(75, 93, 91),
(76, 94, 91),
(77, 95, 91),
(78, 96, 105),
(81, 97, 105),
(84, 98, 105),
(79, 99, 105),
(82, 100, 105),
(85, 101, 105),
(80, 102, 105),
(83, 103, 105),
(86, 104, 105),
(87, 106, 136),
(88, 107, 136),
(89, 108, 136),
(90, 109, 136),
(91, 110, 136),
(92, 111, 136),
(93, 112, 136),
(94, 113, 136),
(95, 114, 136),
(96, 115, 136),
(97, 116, 136),
(98, 117, 136),
(99, 118, 136),
(100, 119, 136),
(101, 120, 136),
(102, 121, 136),
(103, 122, 136),
(104, 123, 136),
(105, 124, 136),
(106, 125, 136),
(107, 126, 136),
(108, 127, 136),
(109, 128, 136),
(110, 129, 136),
(111, 130, 136),
(112, 131, 136),
(113, 132, 136),
(114, 133, 136),
(115, 134, 136),
(116, 135, 136),
(117, 137, 141),
(118, 138, 141),
(119, 139, 141),
(120, 140, 141),
(121, 142, 146),
(122, 143, 146),
(123, 144, 146),
(124, 145, 146),
(125, 147, 151),
(126, 148, 151),
(127, 149, 151),
(128, 150, 151),
(129, 152, 155),
(130, 153, 155),
(131, 154, 155),
(132, 156, 158),
(133, 157, 158),
(134, 159, 162),
(135, 160, 162),
(136, 161, 162),
(140, 163, 167),
(139, 164, 167),
(138, 165, 167),
(137, 166, 167),
(143, 168, 171),
(142, 169, 171),
(141, 170, 171),
(146, 172, 175),
(145, 173, 175),
(144, 174, 175),
(149, 176, 179),
(148, 177, 179),
(147, 178, 179),
(152, 180, 183),
(151, 181, 183),
(150, 182, 183),
(154, 184, 186),
(153, 185, 186),
(156, 187, 189),
(155, 188, 189),
(159, 190, 193),
(157, 191, 193),
(158, 192, 193),
(162, 194, 197),
(161, 195, 197),
(160, 196, 197),
(163, 199, 198),
(164, 200, 202),
(165, 201, 202),
(168, 203, 206),
(167, 204, 206),
(166, 205, 206),
(174, 207, 213),
(173, 208, 213),
(172, 209, 213),
(171, 210, 213),
(170, 211, 213),
(169, 212, 213),
(179, 214, 219),
(178, 215, 219),
(177, 216, 219),
(176, 217, 219),
(175, 218, 219),
(184, 220, 225),
(183, 221, 225),
(182, 222, 225),
(181, 223, 225),
(180, 224, 225),
(189, 226, 231),
(188, 227, 231),
(187, 228, 231),
(186, 229, 231),
(185, 230, 231),
(197, 232, 240),
(196, 233, 240),
(195, 234, 240),
(194, 235, 240),
(193, 236, 240),
(190, 237, 240),
(191, 238, 240),
(192, 239, 240),
(198, 242, 244),
(199, 243, 244),
(204, 245, 250),
(203, 246, 250),
(202, 247, 250),
(201, 248, 250),
(200, 249, 250),
(207, 251, 254),
(205, 252, 254),
(206, 253, 254),
(215, 255, 263),
(214, 256, 263),
(213, 257, 263),
(212, 258, 263),
(211, 259, 263),
(208, 260, 263),
(209, 261, 263),
(210, 262, 263),
(219, 264, 268),
(218, 265, 268),
(217, 266, 268),
(216, 267, 268),
(221, 269, 272),
(220, 270, 272),
(222, 271, 272),
(224, 273, 276),
(223, 274, 276),
(225, 275, 276),
(228, 277, 280),
(227, 278, 280),
(226, 279, 280),
(236, 281, 289),
(235, 282, 289),
(234, 283, 289),
(233, 284, 289),
(232, 285, 289),
(229, 286, 289),
(230, 287, 289),
(231, 288, 289),
(244, 290, 298),
(243, 291, 298),
(242, 292, 298),
(241, 293, 298),
(240, 294, 298),
(237, 295, 298),
(238, 296, 298),
(239, 297, 298),
(248, 299, 303),
(247, 300, 303),
(245, 301, 303),
(246, 302, 303),
(252, 304, 308),
(251, 305, 308),
(249, 306, 308),
(250, 307, 308),
(254, 309, 313),
(255, 310, 313),
(256, 311, 313),
(253, 312, 313),
(257, 314, 318),
(259, 315, 318),
(258, 316, 318),
(260, 317, 318),
(261, 319, 323),
(263, 320, 323),
(262, 321, 323),
(264, 322, 323),
(267, 324, 327),
(265, 325, 327),
(266, 326, 327),
(270, 328, 331),
(269, 329, 331),
(268, 330, 331),
(274, 332, 340),
(275, 333, 340),
(277, 334, 340),
(276, 335, 340),
(278, 336, 340),
(272, 337, 340),
(273, 338, 340),
(271, 339, 340),
(281, 341, 347),
(282, 342, 347),
(283, 343, 347),
(284, 344, 347),
(279, 345, 347),
(280, 346, 347),
(287, 348, 353),
(288, 349, 353),
(289, 350, 353),
(285, 351, 353),
(286, 352, 353),
(291, 354, 356),
(290, 355, 356),
(293, 357, 359),
(292, 358, 359),
(294, 360, 362),
(295, 361, 362),
(297, 363, 365),
(296, 364, 365),
(300, 366, 369),
(299, 367, 369),
(298, 368, 369),
(301, 370, 373),
(302, 371, 373),
(303, 372, 373),
(305, 374, 376),
(304, 375, 376),
(308, 377, 380),
(307, 378, 380),
(306, 379, 380),
(313, 381, 386),
(312, 382, 386),
(311, 383, 386),
(310, 384, 386),
(309, 385, 386),
(316, 387, 390),
(315, 388, 390),
(314, 389, 390),
(317, 391, 394),
(318, 392, 394),
(319, 393, 394),
(320, 395, 397),
(321, 396, 397),
(322, 399, 402),
(324, 400, 402),
(323, 401, 402),
(327, 403, 406),
(326, 404, 406),
(325, 405, 406),
(331, 407, 411),
(330, 408, 411),
(328, 409, 411),
(329, 410, 411),
(334, 412, 415),
(333, 413, 415),
(332, 414, 415),
(335, 416, 419),
(336, 417, 419),
(337, 418, 419),
(339, 420, 422),
(338, 421, 422),
(341, 423, 425),
(340, 424, 425),
(342, 426, 429),
(343, 427, 429),
(344, 428, 429),
(346, 430, 433),
(345, 431, 433),
(347, 432, 433),
(350, 434, 437),
(349, 435, 437),
(348, 436, 437),
(354, 442, 444),
(355, 443, 444),
(356, 445, 446),
(358, 447, 449),
(357, 448, 449),
(359, 450, 453),
(360, 451, 453),
(361, 452, 453),
(362, 454, 457),
(363, 455, 457),
(364, 456, 457),
(365, 458, 461),
(367, 459, 461),
(366, 460, 461),
(368, 462, 464),
(369, 463, 464),
(370, 466, 470),
(371, 467, 470),
(372, 468, 470),
(373, 469, 470),
(377, 475, 478),
(378, 476, 478),
(379, 477, 478),
(380, 479, 481),
(381, 480, 481),
(393, 563, 562),
(394, 564, 562),
(395, 566, 565),
(396, 567, 565),
(397, 569, 568),
(398, 570, 568),
(399, 572, 571),
(400, 573, 571),
(401, 575, 574),
(402, 576, 574),
(411, 591, 590),
(412, 592, 590),
(413, 593, 590),
(414, 594, 590),
(415, 595, 590),
(416, 596, 590),
(417, 598, 597),
(418, 599, 597),
(419, 600, 597),
(420, 601, 597),
(421, 602, 597),
(422, 603, 597),
(423, 605, 604),
(424, 606, 604),
(425, 607, 604),
(426, 608, 604),
(427, 609, 604),
(428, 610, 604),
(429, 612, 611),
(430, 613, 611),
(431, 614, 611),
(432, 616, 615),
(433, 617, 615),
(434, 618, 615),
(435, 621, 620),
(436, 622, 620),
(437, 623, 620),
(438, 625, 624),
(439, 626, 624),
(440, 627, 624),
(441, 629, 628),
(442, 630, 628),
(443, 634, 633),
(444, 635, 633),
(445, 637, 636),
(446, 638, 636),
(447, 639, 636),
(448, 641, 640),
(449, 642, 640),
(450, 646, 645),
(451, 647, 645),
(452, 648, 645),
(453, 650, 649),
(454, 651, 649),
(455, 652, 649),
(456, 654, 653),
(457, 655, 653),
(458, 656, 653);

-- --------------------------------------------------------

--
-- Table structure for table `catalog_product_website`
--

CREATE TABLE `catalog_product_website` (
  `product_id` int(10) UNSIGNED NOT NULL COMMENT 'Product ID',
  `website_id` smallint(5) UNSIGNED NOT NULL COMMENT 'Website ID'
) ENGINE=InnoDB DEFAULT CHARSET=utf8 COMMENT='Catalog Product To Website Linkage Table';

--
-- Dumping data for table `catalog_product_website`
--

INSERT INTO `catalog_product_website` (`product_id`, `website_id`) VALUES
(1, 1),
(2, 1),
(3, 1),
(4, 1),
(5, 1),
(6, 1),
(7, 1),
(8, 1),
(9, 1),
(10, 1),
(11, 1),
(12, 1),
(13, 1),
(14, 1),
(15, 1),
(16, 1),
(17, 1),
(18, 1),
(19, 1),
(20, 1),
(21, 1),
(22, 1),
(23, 1),
(24, 1),
(25, 1),
(26, 1),
(27, 1),
(28, 1),
(29, 1),
(30, 1),
(31, 1),
(32, 1),
(33, 1),
(34, 1),
(35, 1),
(36, 1),
(37, 1),
(38, 1),
(39, 1),
(40, 1),
(41, 1),
(42, 1),
(43, 1),
(44, 1),
(45, 1),
(46, 1),
(47, 1),
(48, 1),
(49, 1),
(50, 1),
(51, 1),
(52, 1),
(53, 1),
(54, 1),
(58, 1),
(59, 1),
(60, 1),
(61, 1),
(62, 1),
(64, 1),
(65, 1),
(66, 1),
(67, 1),
(68, 1),
(69, 1),
(70, 1),
(71, 1),
(72, 1),
(73, 1),
(74, 1),
(75, 1),
(76, 1),
(77, 1),
(78, 1),
(79, 1),
(80, 1),
(81, 1),
(82, 1),
(83, 1),
(84, 1),
(85, 1),
(86, 1),
(87, 1),
(88, 1),
(89, 1),
(90, 1),
(91, 1),
(92, 1),
(93, 1),
(94, 1),
(95, 1),
(96, 1),
(97, 1),
(98, 1),
(99, 1),
(100, 1),
(101, 1),
(102, 1),
(103, 1),
(104, 1),
(105, 1),
(106, 1),
(107, 1),
(108, 1),
(109, 1),
(110, 1),
(111, 1),
(112, 1),
(113, 1),
(114, 1),
(115, 1),
(116, 1),
(117, 1),
(118, 1),
(119, 1),
(120, 1),
(121, 1),
(122, 1),
(123, 1),
(124, 1),
(125, 1),
(126, 1),
(127, 1),
(128, 1),
(129, 1),
(130, 1),
(131, 1),
(132, 1),
(133, 1),
(134, 1),
(135, 1),
(136, 1),
(137, 1),
(138, 1),
(139, 1),
(140, 1),
(141, 1),
(142, 1),
(143, 1),
(144, 1),
(145, 1),
(146, 1),
(147, 1),
(148, 1),
(149, 1),
(150, 1),
(151, 1),
(152, 1),
(153, 1),
(154, 1),
(155, 1),
(156, 1),
(157, 1),
(158, 1),
(159, 1),
(160, 1),
(161, 1),
(162, 1),
(163, 1),
(164, 1),
(165, 1),
(166, 1),
(167, 1),
(168, 1),
(169, 1),
(170, 1),
(171, 1),
(172, 1),
(173, 1),
(174, 1),
(175, 1),
(176, 1),
(177, 1),
(178, 1),
(179, 1),
(180, 1),
(181, 1),
(182, 1),
(183, 1),
(184, 1),
(185, 1),
(186, 1),
(187, 1),
(188, 1),
(189, 1),
(190, 1),
(191, 1),
(192, 1),
(193, 1),
(194, 1),
(195, 1),
(196, 1),
(197, 1),
(198, 1),
(199, 1),
(200, 1),
(201, 1),
(202, 1),
(203, 1),
(204, 1),
(205, 1),
(206, 1),
(207, 1),
(208, 1),
(209, 1),
(210, 1),
(211, 1),
(212, 1),
(213, 1),
(214, 1),
(215, 1),
(216, 1),
(217, 1),
(218, 1),
(219, 1),
(220, 1),
(221, 1),
(222, 1),
(223, 1),
(224, 1),
(225, 1),
(226, 1),
(227, 1),
(228, 1),
(229, 1),
(230, 1),
(231, 1),
(232, 1),
(233, 1),
(234, 1),
(235, 1),
(236, 1),
(237, 1),
(238, 1),
(239, 1),
(240, 1),
(242, 1),
(243, 1),
(244, 1),
(245, 1),
(246, 1),
(247, 1),
(248, 1),
(249, 1),
(250, 1),
(251, 1),
(252, 1),
(253, 1),
(254, 1),
(255, 1),
(256, 1),
(257, 1),
(258, 1),
(259, 1),
(260, 1),
(261, 1),
(262, 1),
(263, 1),
(264, 1),
(265, 1),
(266, 1),
(267, 1),
(268, 1),
(269, 1),
(270, 1),
(271, 1),
(272, 1),
(273, 1),
(274, 1),
(275, 1),
(276, 1),
(277, 1),
(278, 1),
(279, 1),
(280, 1),
(281, 1),
(282, 1),
(283, 1),
(284, 1),
(285, 1),
(286, 1),
(287, 1),
(288, 1),
(289, 1),
(290, 1),
(291, 1),
(292, 1),
(293, 1),
(294, 1),
(295, 1),
(296, 1),
(297, 1),
(298, 1),
(299, 1),
(300, 1),
(301, 1),
(302, 1),
(303, 1),
(304, 1),
(305, 1),
(306, 1),
(307, 1),
(308, 1),
(309, 1),
(310, 1),
(311, 1),
(312, 1),
(313, 1),
(314, 1),
(315, 1),
(316, 1),
(317, 1),
(318, 1),
(319, 1),
(320, 1),
(321, 1),
(322, 1),
(323, 1),
(324, 1),
(325, 1),
(326, 1),
(327, 1),
(328, 1),
(329, 1),
(330, 1),
(331, 1),
(332, 1),
(333, 1),
(334, 1),
(335, 1),
(336, 1),
(337, 1),
(338, 1),
(339, 1),
(340, 1),
(341, 1),
(342, 1),
(343, 1),
(344, 1),
(345, 1),
(346, 1),
(347, 1),
(348, 1),
(349, 1),
(350, 1),
(351, 1),
(352, 1),
(353, 1),
(354, 1),
(355, 1),
(356, 1),
(357, 1),
(358, 1),
(359, 1),
(360, 1),
(361, 1),
(362, 1),
(363, 1),
(364, 1),
(365, 1),
(366, 1),
(367, 1),
(368, 1),
(369, 1),
(370, 1),
(371, 1),
(372, 1),
(373, 1),
(374, 1),
(375, 1),
(376, 1),
(377, 1),
(378, 1),
(379, 1),
(380, 1),
(381, 1),
(382, 1),
(383, 1),
(384, 1),
(385, 1),
(386, 1),
(387, 1),
(388, 1),
(389, 1),
(390, 1),
(391, 1),
(392, 1),
(393, 1),
(394, 1),
(395, 1),
(396, 1),
(397, 1),
(399, 1),
(400, 1),
(401, 1),
(402, 1),
(403, 1),
(404, 1),
(405, 1),
(406, 1),
(407, 1),
(408, 1),
(409, 1),
(410, 1),
(411, 1),
(412, 1),
(413, 1),
(414, 1),
(415, 1),
(416, 1),
(417, 1),
(418, 1),
(419, 1),
(420, 1),
(421, 1),
(422, 1),
(423, 1),
(424, 1),
(425, 1),
(426, 1),
(427, 1),
(428, 1),
(429, 1),
(430, 1),
(431, 1),
(432, 1),
(433, 1),
(434, 1),
(435, 1),
(436, 1),
(437, 1),
(442, 1),
(443, 1),
(444, 1),
(445, 1),
(446, 1),
(447, 1),
(448, 1),
(449, 1),
(450, 1),
(451, 1),
(452, 1),
(453, 1),
(454, 1),
(455, 1),
(456, 1),
(457, 1),
(458, 1),
(459, 1),
(460, 1),
(461, 1),
(462, 1),
(463, 1),
(464, 1),
(466, 1),
(467, 1),
(468, 1),
(469, 1),
(470, 1),
(475, 1),
(476, 1),
(477, 1),
(478, 1),
(479, 1),
(480, 1),
(481, 1),
(482, 1),
(483, 1),
(484, 1),
(485, 1),
(486, 1),
(487, 1),
(488, 1),
(489, 1),
(490, 1),
(491, 1),
(492, 1),
(493, 1),
(494, 1),
(495, 1),
(496, 1),
(497, 1),
(498, 1),
(499, 1),
(500, 1),
(501, 1),
(502, 1),
(503, 1),
(504, 1),
(505, 1),
(506, 1),
(507, 1),
(508, 1),
(509, 1),
(510, 1),
(511, 1),
(512, 1),
(513, 1),
(514, 1),
(515, 1),
(516, 1),
(517, 1),
(518, 1),
(519, 1),
(520, 1),
(521, 1),
(522, 1),
(523, 1),
(524, 1),
(525, 1),
(526, 1),
(527, 1),
(528, 1),
(529, 1),
(530, 1),
(531, 1),
(532, 1),
(533, 1),
(534, 1),
(535, 1),
(536, 1),
(537, 1),
(538, 1),
(539, 1),
(540, 1),
(541, 1),
(542, 1),
(543, 1),
(544, 1),
(545, 1),
(546, 1),
(547, 1),
(554, 1),
(561, 1),
(562, 1),
(563, 1),
(564, 1),
(565, 1),
(566, 1),
(567, 1),
(568, 1),
(569, 1),
(570, 1),
(571, 1),
(572, 1),
(573, 1),
(574, 1),
(575, 1),
(576, 1),
(577, 1),
(578, 1),
(579, 1),
(580, 1),
(581, 1),
(582, 1),
(583, 1),
(585, 1),
(586, 1),
(587, 1),
(588, 1),
(589, 1),
(590, 1),
(591, 1),
(592, 1),
(593, 1),
(594, 1),
(595, 1),
(596, 1),
(597, 1),
(598, 1),
(599, 1),
(600, 1),
(601, 1),
(602, 1),
(603, 1),
(604, 1),
(605, 1),
(606, 1),
(607, 1),
(608, 1),
(609, 1),
(610, 1),
(611, 1),
(612, 1),
(613, 1),
(614, 1),
(615, 1),
(616, 1),
(617, 1),
(618, 1),
(619, 1),
(620, 1),
(621, 1),
(622, 1),
(623, 1),
(624, 1),
(625, 1),
(626, 1),
(627, 1),
(628, 1),
(629, 1),
(630, 1),
(631, 1),
(632, 1),
(633, 1),
(634, 1),
(635, 1),
(636, 1),
(637, 1),
(638, 1),
(639, 1),
(640, 1),
(641, 1),
(642, 1),
(643, 1),
(644, 1),
(645, 1),
(646, 1),
(647, 1),
(648, 1),
(649, 1),
(650, 1),
(651, 1),
(652, 1),
(653, 1),
(654, 1),
(655, 1),
(656, 1);

-- --------------------------------------------------------

--
